-- Table structure for table `MHC5Tl_users`
--

CREATE TABLE `MHC5Tl_users` (
  `ID` bigint(20) unsigned NOT NULL AUTO_INCREMENT,
  `user_login` varchar(60) NOT NULL DEFAULT '',
  `user_pass` varchar(255) NOT NULL DEFAULT '',
  `user_nicename` varchar(50) NOT NULL DEFAULT '',
  `user_email` varchar(100) NOT NULL DEFAULT '',
  `user_url` varchar(100) NOT NULL DEFAULT '',
  `user_registered` datetime NOT NULL DEFAULT '0000-00-00 00:00:00',
  `user_activation_key` varchar(255) NOT NULL DEFAULT '',
  `user_status` int(11) NOT NULL DEFAULT 0,
  `display_name` varchar(250) NOT NULL DEFAULT '',
  PRIMARY KEY (`ID`),
  KEY `user_login_key` (`user_login`),
  KEY `user_nicename` (`user_nicename`),
  KEY `user_email` (`user_email`)
) ENGINE=InnoDB AUTO_INCREMENT=3 DEFAULT CHARSET=utf8mb4 COLLATE=utf8mb4_unicode_520_ci;

--
-- Dumping data for table `MHC5Tl_users`
--

INSERT INTO `MHC5Tl_users` VALUES (1,'soporte','$P$BZQk4JVhR9KmbiVF8cbGe7p/EbTRIn/','soporte','natalychicangana@gmail.com','https://floristeriagheraldin.com','2023-05-27 14:55:40','',0,'admin'),(2,'administrador','$P$BQKcYHOVIOKgX35qqOTzwM7m7Kq2f0.','administrador','info@floristeriagheraldin.com','','2023-08-18 20:58:57','',0,'administrador');

--
-- Table structure for table `MHC5Tl_wc_admin_note_actions`
--

CREATE TABLE `MHC5Tl_wc_admin_note_actions` (
  `action_id` bigint(20) unsigned NOT NULL AUTO_INCREMENT,
  `note_id` bigint(20) unsigned NOT NULL,
  `name` varchar(255) NOT NULL,
  `label` varchar(255) NOT NULL,
  `query` longtext NOT NULL,
  `status` varchar(255) NOT NULL,
  `actioned_text` varchar(255) NOT NULL,
  `nonce_action` varchar(255) DEFAULT NULL,
  `nonce_name` varchar(255) DEFAULT NULL,
  PRIMARY KEY (`action_id`),
  KEY `note_id` (`note_id`)
) ENGINE=InnoDB AUTO_INCREMENT=42700 DEFAULT CHARSET=utf8mb4 COLLATE=utf8mb4_unicode_520_ci;

--
-- Dumping data for table `MHC5Tl_wc_admin_note_actions`
--

INSERT INTO `MHC5Tl_wc_admin_note_actions` VALUES (1,1,'connect','Conectar','?page=wc-addons&section=helper','unactioned','',NULL,NULL),(412,64,'day-after-first-product','Aprende más','https://woocommerce.com/document/woocommerce-customizer/?utm_source=inbox&utm_medium=product','actioned','',NULL,NULL),(659,65,'visit-the-theme-marketplace','Visita la tienda de temas','https://woocommerce.com/product-category/themes/?utm_source=inbox&utm_medium=product','actioned','',NULL,NULL),(906,66,'learn-more','Aprende más','https://woocommerce.com/posts/pre-launch-checklist-the-essentials/?utm_source=inbox&utm_medium=product','actioned','',NULL,NULL),(907,67,'learn-more','Aprende más','https://woocommerce.com/mobile/?utm_medium=product','actioned','',NULL,NULL),(2185,38,'wc-admin-wcpay-denmark-Q2-2023','Simplify my payments','https://woocommerce.com/payments/denmark/?utm_source=inbox_note&utm_medium=product&utm_campaign=wc-admin-wcpay-denmark-Q2-2023','actioned','',NULL,NULL),(2186,39,'wc-admin-wcpay-greece-Q2-2023','Simplify my payments','https://woocommerce.com/payments/greece/?utm_source=inbox_note&utm_medium=product&utm_campaign=wc-admin-wcpay-greece-Q2-2023','actioned','',NULL,NULL),(2187,40,'wc-admin-wcpay-norway-Q2-2023','Simplify my payments','https://woocommerce.com/payments/norway/?utm_source=inbox_note&utm_medium=product&utm_campaign=wc-admin-wcpay-norway-Q2-2023','actioned','',NULL,NULL),(2188,41,'wc-admin-wcpay-slovakia-Q2-2023','Simplify my payments','https://woocommerce.com/payments/slovakia/?utm_source=inbox_note&utm_medium=product&utm_campaign=wc-admin-wcpay-slovakia-Q2-2023','actioned','',NULL,NULL),(2189,42,'wc-admin-wcpay-finland-Q2-2023','Simplify my payments','https://woocommerce.com/payments/finland/?utm_source=inbox_note&utm_medium=product&utm_campaign=wc-admin-wcpay-finland-Q2-2023','actioned','',NULL,NULL),(2190,43,'wc-admin-wcpay-estonia-Q2-2023','Simplify my payments','https://woocommerce.com/payments/estonia/?utm_source=inbox_note&utm_medium=product&utm_campaign=wc-admin-wcpay-estonia-Q2-2023','actioned','',NULL,NULL),(2191,44,'wc-admin-wcpay-lithuania-Q2-2023','Simplify my payments','https://woocommerce.com/payments/lithuania/?utm_source=inbox_note&utm_medium=product&utm_campaign=wc-admin-wcpay-lithuania-Q2-2023','actioned','',NULL,NULL),(2192,45,'wc-admin-wcpay-slovenia-Q2-2023','Simplify my payments','https://woocommerce.com/payments/slovenia/?utm_source=inbox_note&utm_medium=product&utm_campaign=wc-admin-wcpay-slovenia-Q2-2023','actioned','',NULL,NULL),(2193,46,'wc-admin-wcpay-latvia-Q2-2023','Simplify my payments','https://woocommerce.com/payments/latvia/?utm_source=inbox_note&utm_medium=product&utm_campaign=wc-admin-wcpay-latvia-Q2-2023','actioned','',NULL,NULL),(2194,47,'wc-admin-wcpay-cyprus-Q2-2023','Simplify my payments','https://woocommerce.com/payments/cyprus/?utm_source=inbox_note&utm_medium=product&utm_campaign=wc-admin-wcpay-cyprus-Q2-2023','actioned','',NULL,NULL),(2195,48,'wc-admin-wcpay-malta-Q2-2023','Simplify my payments','https://woocommerce.com/payments/malta/?utm_source=inbox_note&utm_medium=product&utm_campaign=wc-admin-wcpay-malta-Q2-2023','actioned','',NULL,NULL),(2196,49,'wc-admin-wcpay-luxembourg-Q2-2023','Simplify my payments','https://woocommerce.com/payments/luxembourg/?utm_source=inbox_note&utm_medium=product&utm_campaign=wc-admin-wcpay-luxembourg-Q2-2023','actioned','',NULL,NULL),(2219,63,'product_management_card_sorting','Get started','https://t.maze.co/163892579','unactioned','',NULL,NULL),(2362,69,'tracking-opt-in','Activar el seguimiento de uso','','actioned','',NULL,NULL),(5214,81,'tiktok-spc_june-2023','Optimize my advertising','https://woocommerce.com/products/tiktok-for-woocommerce/?utm_source=inbox_note&utm_medium=product&utm_campaign=tiktok-spc_june-2023','actioned','',NULL,NULL),(6469,2,'browse_extensions','Browse extensions','https://floristeriagheraldin.com/wp-admin/admin.php?page=wc-addons','unactioned','',NULL,NULL),(6857,26,'wc-admin-wisepad3','Grow my business offline','https://woocommerce.com/products/wisepad3-card-reader/?utm_source=inbox_note&utm_medium=product&utm_campaign=wc-admin-wisepad3','actioned','',NULL,NULL),(7307,29,'google_listings_ads_custom_attribute_mapping_q4_2022','Learn more','https://woocommerce.com/document/google-listings-and-ads/?utm_source=inbox_note&utm_medium=product&utm_campaign=google_listings_ads_custom_attribute_mapping_q4_2022#attribute-mapping','actioned','',NULL,NULL),(8152,73,'woocommerce_hpos_1st_notification_q2_2023','Learn more about HPOS','https://woocommerce.com/posts/platform-update-high-performance-order-storage-for-woocommerce/?utm_source=inbox_note&utm_medium=product&utm_campaign=woocommerce_hpos_1st_notification_q2_2023','actioned','',NULL,NULL),(8430,85,'square_button_q3_2023','Get started with Square','https://woocommerce.com/products/square/?utm_source=inbox_note&utm_medium=product&utm_campaign=square_button_q3_2023','actioned','',NULL,NULL),(8791,86,'wc-admin-woopayments-rebrand','Learn more about WooPayments','https://woocommerce.com/payments/?utm_source=inbox_note&utm_medium=product&utm_campaign=wc-admin-woopayments-rebrand','actioned','',NULL,NULL),(8891,91,'tiktok-apac-webinar-2023','RSVP today','https://unlockingtiktokwithwoocommerce.splashthat.com/','actioned','',NULL,NULL),(9360,93,'avalara_q3-2023_withAvaTax','Learn more about VAT settings','https://woocommerce.com/document/avalara-avatax/?utm_source=inbox_note&utm_medium=product&utm_campaign=avalara_q3-2023_withAvaTax#section-15','unactioned','',NULL,NULL),(9741,94,'google_uxstudy_recruitment_q3-2023','Take the survey','https://eachandother.fra1.qualtrics.com/jfe/form/SV_0W118szcJOtIkzc','unactioned','',NULL,NULL),(10118,95,'learn-more','Aprende más','https://woocommerce.com/document/managing-orders/?utm_source=inbox&utm_medium=product','actioned','',NULL,NULL),(10667,75,'wc-admin-wcpay-bulgaria-Q2-2023','Simplify my payments','https://woocommerce.com/payments/bulgaria/?utm_source=inbox_note&utm_medium=product&utm_campaign=wc-admin-wcpay-bulgaria-Q2-2023','actioned','',NULL,NULL),(10668,76,'wc-admin-wcpay-czechia-Q2-2023','Simplify my payments','https://woocommerce.com/payments/czechia/?utm_source=inbox_note&utm_medium=product&utm_campaign=wc-admin-wcpay-czechia-Q2-2023','actioned','',NULL,NULL),(10669,77,'wc-admin-wcpay-croatia-Q2-2023','Simplify my payments','https://woocommerce.com/payments/croatia/?utm_source=inbox_note&utm_medium=product&utm_campaign=wc-admin-wcpay-croatia-Q2-2023','actioned','',NULL,NULL),(10670,78,'wc-admin-wcpay-hungary-Q2-2023','Simplify my payments','https://woocommerce.com/payments/hungary/?utm_source=inbox_note&utm_medium=product&utm_campaign=wc-admin-wcpay-hungary-Q2-2023','actioned','',NULL,NULL),(10671,79,'wc-admin-wcpay-romania-Q2-2023','Simplify my payments','https://woocommerce.com/payments/romania/?utm_source=inbox_note&utm_medium=product&utm_campaign=wc-admin-wcpay-romania-Q2-2023','actioned','',NULL,NULL),(10672,80,'wc-admin-wcpay-sweden-Q2-2023','Simplify my payments','https://woocommerce.com/payments/sweden/?utm_source=inbox_note&utm_medium=product&utm_campaign=wc-admin-wcpay-sweden-Q2-2023','actioned','',NULL,NULL),(12006,97,'learn-more','Aprende más','https://woocommerce.com/mobile/?utm_source=inbox&utm_medium=product','actioned','',NULL,NULL),(12048,36,'tap_to_pay_iphone_q2_2023_with_wcpay','Set up Tap to Pay on iPhone','https://woocommerce.com/document/woopayments/in-person-payments/tap-to-pay-iphone?utm_source=inbox_note&utm_medium=product&utm_campaign=tap_to_pay_iphone_q2_2023_with_wcpay','actioned','',NULL,NULL),(12599,61,'ipp_refresh_q2_2023_us_inbox_notification','Grow my business on the go','https://woocommerce.com/in-person-payments/?utm_source=inbox_note&utm_medium=product&utm_campaign=ipp_refresh_q2_2023_us_inbox_notification','actioned','',NULL,NULL),(12600,62,'ipp_refresh_q2_2023_ca_inbox_notification','Grow my business on the go','https://woocommerce.com/in-person-payments/?utm_source=inbox_note&utm_medium=product&utm_campaign=ipp_refresh_q2_2023_ca_inbox_notification','actioned','',NULL,NULL),(13228,98,'tiktok_shopGTM_q3-2023_hasTikTok','Learn more','https://woocommerce.com/document/tiktok-for-woocommerce/?utm_source=inbox_note&utm_medium=product&utm_campaign=tiktok_shopGTM_q3-2023_hasTikTok','unactioned','',NULL,NULL),(13315,99,'tiktok_shopGTM_q3-2023_noTikTok','Learn more','https://woocommerce.com/products/tiktok-for-woocommerce/?utm_source=inbox_note&utm_medium=product&utm_campaign=tiktok_shopGTM_q3-2023_noTikTok','unactioned','',NULL,NULL),(13834,100,'klaviyo_q3_2023','Integrate in minutes','https://woocommerce.com/products/klaviyo-for-woocommerce/?utm_source=inbox_note&utm_medium=product&utm_campaign=klaviyo_q3_2023','unactioned','',NULL,NULL),(15242,101,'wc_admin_BNPL_WCPay_Q3_2023','Enable buy now, pay later','https://woocommerce.com/?post_type=documentation&p=18734002212927&preview=true&utm_source=inbox_note&utm_medium=product&utm_campaign=wc_admin_BNPL_WCPay_Q3_2023','actioned','',NULL,NULL),(15243,102,'wc_admin_afterpay_WCPay_Q3_2023','Enable buy now, pay later','https://woocommerce.com/?post_type=documentation&p=18734002212927&preview=true&utm_source=inbox_note&utm_medium=product&utm_campaign=wc_admin_afterpay_WCPay_Q3_2023','actioned','',NULL,NULL),(16225,104,'Klarna_Enable_CTA_10OCT23','Enable Klarna','https://floristeriagheraldin.com/wp-admin/wp-admin/admin.php?page=wc-settings&tab=checkout&section=woocommerce_payments/#payment-methods','actioned','',NULL,NULL),(16226,104,'Klarna_Update_CTA_10OCT23','Update WooPayments','https://floristeriagheraldin.com/wp-admin/wp-admin/plugins.php?s=woocommercepayments&plugin_status=all','actioned','',NULL,NULL),(17975,105,'wc_com_in_person_payments_card_sale_US_inbox_note_q4_23','Save 35%','https://woocommerce.com/products/m2-card-reader/?utm_source=inbox_note&utm_medium=product&utm_campaign=wc_com_in_person_payments_card_sale_US_inbox_note_q4_23','actioned','',NULL,NULL),(17976,106,'wc_com_in_person_payments_card_sale_UK_inbox_note_q4_23','Save 35%','https://woocommerce.com/products/wisepad3-card-reader/?utm_source=inbox_note&utm_medium=product&utm_campaign=wc_com_in_person_payments_card_sale_UK_inbox_note_q4_23','actioned','',NULL,NULL),(17977,107,'wc_com_in_person_payments_card_sale_CA_inbox_note_q4_23','Save 35%','https://woocommerce.com/products/wisepad3-card-reader/?utm_source=inbox_note&utm_medium=product&utm_campaign=wc_com_in_person_payments_card_sale_CA_inbox_note_q4_23','actioned','',NULL,NULL),(17980,109,'wc_admin_WooPay_Q4_2023','Get started today','https://floristeriagheraldin.com/wp-admin/https://woocommerce.com/document/woopay-merchant-documentation/?utm_source=inbox_note&utm_medium=product&utm_campaign=wc_admin_WooPay_Q4_2023','actioned','',NULL,NULL),(18737,111,'paypal_paylater_g2_q4_22','Install PayPal Payments','https://woo.com/products/woocommerce-paypal-payments/?utm_source=inbox_note&utm_medium=product&utm_campaign=paypal_paylater_g2_q4_22','unactioned','',NULL,NULL),(19070,110,'wc_admin_WooPay_Oct30_2023','Get started today','https://woo.com/document/woopay-merchant-documentation/?utm_source=inbox_note&utm_medium=product&utm_campaign=wc_admin_WooPay_Oct30_2023','actioned','',NULL,NULL),(20151,112,'learn-more','Aprende más','https://woocommerce.com/mobile/?utm_source=inbox&utm_medium=product','actioned','',NULL,NULL),(22446,113,'tap_to_pay_iphone_q4_2023_no_woopayments','Simplify my payments','https://woo.com/products/woopayments/?utm_source=inbox_note&utm_medium=product&utm_campaign=tap_to_pay_iphone_q4_2023_no_woopayments','actioned','',NULL,NULL),(22447,114,'tap_to_pay_iphone_q4_2023_with_woopayments','Set up Tap to Pay on iPhone','https://woo.com/document/woopayments/in-person-payments/tap-to-pay-iphone/?utm_source=inbox_note&utm_medium=product&utm_campaign=tap_to_pay_iphone_q4_2023_with_woopayments','actioned','',NULL,NULL),(28505,118,'custom_order_attribution_inbox_q1_2024','Find more clarity','https://woo.com/document/order-attribution-tracking/?utm_source=inbox_note&utm_medium=product&utm_campaign=custom_order_attribution_inbox_q1_2024','actioned','',NULL,NULL),(28506,119,'learn-more','Aprende más','https://woocommerce.com/mobile/?utm_source=inbox&utm_medium=product','actioned','',NULL,NULL),(30341,27,'learn-more','Find out more','https://developer.woocommerce.com/2022/08/09/woocommerce-payments-3-9-4-4-5-1-security-releases/','unactioned','',NULL,NULL),(30342,27,'dismiss','Dismiss','','actioned','',NULL,NULL),(30343,28,'learn-more','Find out more','https://developer.woocommerce.com/2022/08/09/woocommerce-payments-3-9-4-4-5-1-security-releases/','unactioned','',NULL,NULL),(30344,28,'dismiss','Dismiss','','actioned','',NULL,NULL),(31328,121,'wc_admin_UKpricingchange_WCPay_Q1_2024','See related fees for each country','https://woo.com/document/woopayments/fees-and-debits/fees/?utm_source=inbox_note&utm_medium=product&utm_campaign=wc_admin_UKpricingchange_WCPay_Q1_2024#countries-in-europe','actioned','',NULL,NULL),(31691,116,'amazon_pay_ext-link_q1-24','Register your account now','https://eu.amazonpayments.com/2024-uk-woopricepromoregistration?utm_campaign=woo_price_promo&utm_medium=EM&utm_source=direct&utm_content=cta&utm_creative=&ld=EMUKAPA-woo_price_promo-direct-24Q1','actioned','',NULL,NULL),(34183,68,'woocommerce-WCStripe-May-2023-updated-needed-Plugin-Settings','See available updates','https://floristeriagheraldin.com/wp-admin/plugins.php?plugin_status=all','unactioned','',NULL,NULL),(34184,68,'woocommerce-WCStripe-May-2023-updated-needed-Plugin-Settings-dismiss','Dismiss','#','actioned','',NULL,NULL),(34361,71,'woocommerce-WCPayments-June-2023-updated-needed-Plugin-Settings','See available updates','https://floristeriagheraldin.com/wp-admin/plugins.php?plugin_status=all','unactioned','',NULL,NULL),(34362,71,'woocommerce-WCPayments-June-2023-updated-needed-Dismiss','Dismiss','#','actioned','',NULL,NULL),(34377,89,'woocommerce-WooPayments-Aug-2023-update-needed','See available updates','https://floristeriagheraldin.com/wp-admin/update-core.php?','unactioned','',NULL,NULL),(34378,89,'dismiss','Dismiss','#','actioned','',NULL,NULL),(35481,120,'airwallex_q1_2024','Get started with Airwallex','https://woocommerce.com/products/airwallexpayments/?utm_source=inbox_note&utm_medium=product&utm_campaign=airwallex_q1_2024','actioned','',NULL,NULL),(36976,122,'learn-more','Aprende más','https://woocommerce.com/mobile/?utm_source=inbox&utm_medium=product','actioned','',NULL,NULL),(42291,5,'learn-more','Learn more','https://docs.woocommerce.com/document/woocommerce-shipping-and-tax/?utm_source=inbox','unactioned','',NULL,NULL),(42618,3,'wayflyer_bnpl_q4_2021','Level up with funding','https://woocommerce.com/products/wayflyer/?utm_source=inbox_note&utm_medium=product&utm_campaign=wayflyer_bnpl_q4_2021','actioned','',NULL,NULL),(42619,4,'wc_shipping_mobile_app_usps_q4_2021','Get WooCommerce Shipping','https://woocommerce.com/woocommerce-shipping/?utm_source=inbox_note&utm_medium=product&utm_campaign=wc_shipping_mobile_app_usps_q4_2021','actioned','',NULL,NULL),(42620,6,'learn-more','Learn more','https://woocommerce.com/posts/ecommerce-shipping-solutions-guide/?utm_source=inbox_note&utm_medium=product&utm_campaign=learn-more','actioned','',NULL,NULL),(42621,7,'optimizing-the-checkout-flow','Learn more','https://woocommerce.com/posts/optimizing-woocommerce-checkout?utm_source=inbox_note&utm_medium=product&utm_campaign=optimizing-the-checkout-flow','actioned','',NULL,NULL),(42622,8,'qualitative-feedback-from-new-users','Share feedback','https://automattic.survey.fm/wc-pay-new','actioned','',NULL,NULL),(42623,9,'share-feedback','Share feedback','http://automattic.survey.fm/paypal-feedback','unactioned','',NULL,NULL),(42624,10,'get-started','Get started','https://woocommerce.com/products/google-listings-and-ads?utm_source=inbox_note&utm_medium=product&utm_campaign=get-started','actioned','',NULL,NULL),(42625,11,'update-wc-subscriptions-3-0-15','View latest version','https://floristeriagheraldin.com/wp-admin/&page=wc-addons&section=helper','actioned','',NULL,NULL),(42626,12,'update-wc-core-5-4-0','How to update WooCommerce','https://docs.woocommerce.com/document/how-to-update-woocommerce/','actioned','',NULL,NULL),(42627,15,'ppxo-pps-install-paypal-payments-1','View upgrade guide','https://docs.woocommerce.com/document/woocommerce-paypal-payments/paypal-payments-upgrade-guide/','actioned','',NULL,NULL),(42628,16,'ppxo-pps-install-paypal-payments-2','View upgrade guide','https://docs.woocommerce.com/document/woocommerce-paypal-payments/paypal-payments-upgrade-guide/','actioned','',NULL,NULL),(42629,17,'learn-more','Learn more','https://woocommerce.com/posts/critical-vulnerability-detected-july-2021/?utm_source=inbox_note&utm_medium=product&utm_campaign=learn-more','unactioned','',NULL,NULL),(42630,17,'dismiss','Dismiss','','actioned','',NULL,NULL),(42631,18,'learn-more','Learn more','https://woocommerce.com/posts/critical-vulnerability-detected-july-2021/?utm_source=inbox_note&utm_medium=product&utm_campaign=learn-more','unactioned','',NULL,NULL),(42632,18,'dismiss','Dismiss','','actioned','',NULL,NULL),(42633,19,'learn-more','Learn more','https://woocommerce.com/posts/critical-vulnerability-detected-july-2021/?utm_source=inbox_note&utm_medium=product&utm_campaign=learn-more','unactioned','',NULL,NULL),(42634,19,'dismiss','Dismiss','','actioned','',NULL,NULL),(42635,20,'learn-more','Learn more','https://woocommerce.com/posts/critical-vulnerability-detected-july-2021/?utm_source=inbox_note&utm_medium=product&utm_campaign=learn-more','unactioned','',NULL,NULL),(42636,20,'dismiss','Dismiss','','actioned','',NULL,NULL),(42637,21,'share-feedback','Share feedback','https://automattic.survey.fm/store-management','unactioned','',NULL,NULL),(42638,22,'learn-more','Learn more','https://developer.woocommerce.com/2022/03/10/woocommerce-3-5-10-6-3-1-security-releases/','unactioned','',NULL,NULL),(42639,22,'woocommerce-core-paypal-march-2022-dismiss','Dismiss','','actioned','',NULL,NULL),(42640,23,'learn-more','Learn more','https://developer.woocommerce.com/2022/03/10/woocommerce-3-5-10-6-3-1-security-releases/','unactioned','',NULL,NULL),(42641,23,'dismiss','Dismiss','','actioned','',NULL,NULL),(42642,24,'pinterest_03_2022_update','Update Instructions','https://woocommerce.com/document/pinterest-for-woocommerce/?utm_source=inbox_note&utm_medium=product&utm_campaign=pinterest_03_2022_update#section-3','actioned','',NULL,NULL),(42643,25,'store_setup_survey_survey_q2_2022_share_your_thoughts','Tell us how it’s going','https://automattic.survey.fm/store-setup-survey-2022','actioned','',NULL,NULL),(42644,30,'needs-update-eway-payment-gateway-rin-action-button-2022-12-20','See available updates','https://floristeriagheraldin.com/wp-admin/update-core.php','unactioned','',NULL,NULL),(42645,30,'needs-update-eway-payment-gateway-rin-dismiss-button-2022-12-20','Dismiss','#','actioned','',NULL,NULL),(42646,31,'updated-eway-payment-gateway-rin-action-button-2022-12-20','See all updates','https://floristeriagheraldin.com/wp-admin/update-core.php','unactioned','',NULL,NULL),(42647,31,'updated-eway-payment-gateway-rin-dismiss-button-2022-12-20','Dismiss','#','actioned','',NULL,NULL),(42648,32,'share-navigation-survey-feedback','Share feedback','https://automattic.survey.fm/new-ecommerce-plan-navigation','actioned','',NULL,NULL),(42649,33,'woopay-beta-merchantrecruitment-activate-04MAY23','Activate WooPay','https://floristeriagheraldin.com/wp-admin/admin.php?page=wc-settings&tab=checkout&section=woocommerce_payments&method=platform_checkout','actioned','',NULL,NULL),(42650,33,'woopay-beta-merchantrecruitment-activate-learnmore-04MAY23','Learn More','https://woocommerce.com/woopay-businesses/?utm_source=inbox_note&utm_medium=product&utm_campaign=woopay-beta-merchantrecruitment-activate-learnmore-04MAY23','unactioned','',NULL,NULL),(42651,34,'woocommerce-wcpay-march-2023-update-needed-button','See Blog Post','https://developer.woocommerce.com/2023/03/23/critical-vulnerability-detected-in-woocommerce-payments-what-you-need-to-know','unactioned','',NULL,NULL),(42652,34,'woocommerce-wcpay-march-2023-update-needed-dismiss-button','Dismiss','#','actioned','',NULL,NULL),(42653,35,'tap_to_pay_iphone_q2_2023_no_wcpay','Simplify my payments','https://woocommerce.com/products/woocommerce-payments/?utm_source=inbox_note&utm_medium=product&utm_campaign=tap_to_pay_iphone_q2_2023_no_wcpay','actioned','',NULL,NULL),(42654,37,'extension-settings','See available updates','https://floristeriagheraldin.com/wp-admin/update-core.php','unactioned','',NULL,NULL),(42655,37,'dismiss','Dismiss','#','actioned','',NULL,NULL),(42656,50,'woopay-beta-merchantrecruitment-update-WCPay-04MAY23','Update WooCommerce Payments','https://floristeriagheraldin.com/wp-admin/plugins.php?plugin_status=all','unactioned','',NULL,NULL),(42657,50,'woopay-beta-merchantrecruitment-update-activate-04MAY23','Activate WooPay','https://floristeriagheraldin.com/wp-admin/admin.php?page=wc-settings&tab=checkout&section=woocommerce_payments&method=platform_checkout','actioned','',NULL,NULL),(42658,51,'woopay-beta-existingmerchants-noaction-documentation-27APR23','Documentation','https://woocommerce.com/document/woopay-merchant-documentation/?utm_source=inbox_note&utm_medium=product&utm_campaign=woopay-beta-existingmerchants-noaction-documentation-27APR23','actioned','',NULL,NULL),(42659,52,'woopay-beta-existingmerchants-update-WCPay-27APR23','Update WooCommerce Payments','https://floristeriagheraldin.com/wp-admin/plugins.php?plugin_status=all','actioned','',NULL,NULL),(42660,53,'woopay-beta-merchantrecruitment-short-activate-04MAY23','Activate WooPay','https://floristeriagheraldin.com/wp-admin/admin.php?page=wc-settings&tab=checkout&section=woocommerce_payments&method=platform_checkout','actioned','',NULL,NULL),(42661,53,'woopay-beta-merchantrecruitment-short-activate-learnmore-04MAY23','Learn More','https://woocommerce.com/woopay-businesses/?utm_source=inbox_note&utm_medium=product&utm_campaign=woopay-beta-merchantrecruitment-short-activate-learnmore-04MAY23','actioned','',NULL,NULL),(42662,54,'woopay-beta-merchantrecruitment-short-update-WCPay-04MAY23','Update WooCommerce Payments','https://floristeriagheraldin.com/wp-admin/plugins.php?plugin_status=all','unactioned','',NULL,NULL),(42663,54,'woopay-beta-merchantrecruitment-short-update-activate-04MAY23','Activate WooPay','https://floristeriagheraldin.com/wp-admin/admin.php?page=wc-settings&tab=checkout&section=woocommerce_payments&method=platform_checkout','actioned','',NULL,NULL),(42664,55,'woopay-beta-merchantrecruitment-short-activate-06MAY23-TESTA','Activate WooPay Test A','https://floristeriagheraldin.com/wp-admin/admin.php?page=wc-settings&tab=checkout&section=woocommerce_payments&method=platform_checkout','unactioned','',NULL,NULL),(42665,55,'woopay-beta-merchantrecruitment-short-activate-learnmore-06MAY23-TESTA','Learn More','https://woocommerce.com/woopay-businesses/?utm_source=inbox_note&utm_medium=product&utm_campaign=woopay-beta-merchantrecruitment-short-activate-learnmore-06MAY23-TESTA','unactioned','',NULL,NULL),(42666,56,'woopay-beta-merchantrecruitment-short-activate-06MAY23-TESTB','Activate WooPay Test B','https://floristeriagheraldin.com/wp-admin/admin.php?page=wc-settings&tab=checkout&section=woocommerce_payments&method=platform_checkout','unactioned','',NULL,NULL),(42667,56,'woopay-beta-merchantrecruitment-short-activate-learnmore-06MAY23-TESTA','Learn More','https://woocommerce.com/woopay-businesses/?utm_source=inbox_note&utm_medium=product&utm_campaign=woopay-beta-merchantrecruitment-short-activate-learnmore-06MAY23-TESTA','unactioned','',NULL,NULL),(42668,57,'woopay-beta-merchantrecruitment-short-activate-06MAY23-TESTC','Activate WooPay Test C','https://floristeriagheraldin.com/wp-admin/admin.php?page=wc-settings&tab=checkout&section=woocommerce_payments&method=platform_checkout','unactioned','',NULL,NULL),(42669,57,'woopay-beta-merchantrecruitment-short-activate-learnmore-06MAY23-TESTC','Learn More','https://woocommerce.com/woopay-businesses/?utm_source=inbox_note&utm_medium=product&utm_campaign=woopay-beta-merchantrecruitment-short-activate-learnmore-06MAY23-TESTC','unactioned','',NULL,NULL),(42670,58,'woopay-beta-merchantrecruitment-short-activate-06MAY23-TESTD','Activate WooPay Test D','https://floristeriagheraldin.com/wp-admin/admin.php?page=wc-settings&tab=checkout&section=woocommerce_payments&method=platform_checkout','unactioned','',NULL,NULL),(42671,58,'woopay-beta-merchantrecruitment-short-activate-learnmore-06MAY23-TESTD','Learn More','https://woocommerce.com/woopay-businesses/?utm_source=inbox_note&utm_medium=product&utm_campaign=woopay-beta-merchantrecruitment-short-activate-learnmore-06MAY23-TESTD','unactioned','',NULL,NULL),(42672,59,'woopay-beta-merchantrecruitment-short-activate-button-09MAY23','Activate WooPay','https://floristeriagheraldin.com/wp-admin/admin.php?page=wc-settings&tab=checkout&section=woocommerce_payments&method=platform_checkout','unactioned','',NULL,NULL),(42673,59,'woopay-beta-merchantrecruitment-short-activate-learnmore-button2-09MAY23','Learn More','https://woocommerce.com/woopay-businesses/?utm_source=inbox_note&utm_medium=product&utm_campaign=woopay-beta-merchantrecruitment-short-activate-learnmore-button2-09MAY23','unactioned','',NULL,NULL),(42674,60,'woopay-beta-merchantrecruitment-short-update-WCPay-09MAY23','Update WooCommerce Payments','https://floristeriagheraldin.com/wp-admin/plugins.php?plugin_status=all','unactioned','',NULL,NULL),(42675,60,'woopay-beta-merchantrecruitment-short-update-activate-09MAY23','Activate WooPay','https://floristeriagheraldin.com/wp-admin/admin.php?page=wc-settings&tab=checkout&section=woocommerce_payments&method=platform_checkout','unactioned','',NULL,NULL),(42676,72,'woocommerce-WCSubscriptions-June-2023-updated-needed-Plugin-Settings','See available updates','https://floristeriagheraldin.com/wp-admin/plugins.php?plugin_status=all','unactioned','',NULL,NULL),(42677,72,'woocommerce-WCSubscriptions-June-2023-updated-needed-dismiss','Dismiss','#','actioned','',NULL,NULL),(42678,70,'woocommerce-WCReturnsWarranty-June-2023-updated-needed','See available updates','https://floristeriagheraldin.com/wp-admin/plugins.php?plugin_status=all','unactioned','',NULL,NULL),(42679,70,'woocommerce-WCReturnsWarranty-June-2023-updated-needed','Dismiss','#','actioned','',NULL,NULL),(42680,74,'woocommerce-WCOPC-June-2023-updated-needed','See available updates','https://floristeriagheraldin.com/wp-admin/plugins.php?plugin_status=all','actioned','',NULL,NULL),(42681,74,'woocommerce-WCOPC-June-2023-updated-needed','Dismiss','https://floristeriagheraldin.com/wp-admin/#','actioned','',NULL,NULL),(42682,82,'woocommerce-WCGC-July-2023-update-needed','See available updates','https://floristeriagheraldin.com/wp-admin/plugins.php?plugin_status=all','unactioned','',NULL,NULL),(42683,82,'woocommerce-WCGC-July-2023-update-needed','Dismiss','#','actioned','',NULL,NULL),(42684,83,'learn-more','Learn more','https://woocommerce.com/document/fedex/?utm_medium=product&utm_source=inbox_note&utm_campaign=learn-more#july-2023-api-outage','unactioned','',NULL,NULL),(42685,84,'plugin-list','See available updates','https://floristeriagheraldin.com/wp-admin/plugins.php?plugin_status=all','unactioned','',NULL,NULL),(42686,84,'dismiss','Dismiss','https://floristeriagheraldin.com/wp-admin/admin.php?page=wc-admin','actioned','',NULL,NULL),(42687,87,'woocommerce-WCStripe-Aug-2023-update-needed','See available updates','https://floristeriagheraldin.com/wp-admin/update-core.php?','unactioned','',NULL,NULL),(42688,87,'dismiss','Dismiss','#','actioned','',NULL,NULL),(42689,88,'dismiss','Dismiss','#','actioned','',NULL,NULL),(42690,90,'dismiss','Dismiss','#','actioned','',NULL,NULL),(42691,92,'avalara_q3-2023_noAvaTax','Automate my sales tax','https://woocommerce.com/products/woocommerce-avatax/?utm_source=inbox_note&utm_medium=product&utm_campaign=avalara_q3-2023_noAvaTax','unactioned','',NULL,NULL),(42692,96,'woo-activation-survey-blockers-survey-button-22AUG23','Take our short survey','https://woocommerce.survey.fm/getting-started-with-woo','unactioned','',NULL,NULL),(42693,103,'woocommerce-usermeta-Sept2023-productvendors','See available updates','https://floristeriagheraldin.com/wp-admin/plugins.php','unactioned','',NULL,NULL),(42694,103,'dismiss','Dismiss','https://floristeriagheraldin.com/wp-admin/#','actioned','',NULL,NULL),(42695,108,'woocommerce-STRIPE-Oct-2023-update-needed','See available updates','https://floristeriagheraldin.com/wp-admin/update-core.php','unactioned','',NULL,NULL),(42696,108,'dismiss','Dismiss','#','actioned','',NULL,NULL),(42697,115,'amazon-mcf-review-button-2023-12-07','Leave a review','https://woocommerce.com/products/woocommerce-amazon-fulfillment/?review&utm_source=inbox_note&utm_medium=product&utm_campaign=amazon-mcf-review-button-2023-12-07','actioned','',NULL,NULL),(42698,115,'amazon-mcf-support-button-2023-12-07','Request support','https://woocommerce.com/my-account/contact-support/?utm_source=inbox_note&utm_medium=product&utm_campaign=amazon-mcf-support-button-2023-12-07','actioned','',NULL,NULL),(42699,117,'view_docs','Learn about Deposit schedules','https://woocommerce.com/document/woopayments/deposits/deposit-schedule/?utm_source=inbox_note&utm_medium=product&utm_campaign=view_docs#available-funds','unactioned','',NULL,NULL);

--
-- Table structure for table `MHC5Tl_wc_admin_notes`
--

CREATE TABLE `MHC5Tl_wc_admin_notes` (
  `note_id` bigint(20) unsigned NOT NULL AUTO_INCREMENT,
  `name` varchar(255) NOT NULL,
  `type` varchar(20) NOT NULL,
  `locale` varchar(20) NOT NULL,
  `title` longtext NOT NULL,
  `content` longtext NOT NULL,
  `content_data` longtext DEFAULT NULL,
  `status` varchar(200) NOT NULL,
  `source` varchar(200) NOT NULL,
  `date_created` datetime NOT NULL DEFAULT '0000-00-00 00:00:00',
  `date_reminder` datetime DEFAULT NULL,
  `is_snoozable` tinyint(1) NOT NULL DEFAULT 0,
  `layout` varchar(20) NOT NULL DEFAULT '',
  `image` varchar(200) DEFAULT NULL,
  `is_deleted` tinyint(1) NOT NULL DEFAULT 0,
  `is_read` tinyint(1) NOT NULL DEFAULT 0,
  `icon` varchar(200) NOT NULL DEFAULT 'info',
  PRIMARY KEY (`note_id`)
) ENGINE=InnoDB AUTO_INCREMENT=123 DEFAULT CHARSET=utf8mb4 COLLATE=utf8mb4_unicode_520_ci;

--
-- Dumping data for table `MHC5Tl_wc_admin_notes`
--

INSERT INTO `MHC5Tl_wc_admin_notes` VALUES (1,'wc-admin-wc-helper-connection','info','en_US','Conectar con WooCommerce.com','Conéctate para recibir avisos y actualizaciones importantes de productos.','{}','unactioned','woocommerce-admin','2023-05-27 15:05:56',NULL,0,'plain','',0,0,'info'),(2,'new_in_app_marketplace_2021','info','en_US','Customize your store with extensions','Check out our NEW Extensions tab to see our favorite extensions for customizing your store, and discover the most popular extensions in the WooCommerce Marketplace.','{}','unactioned','woocommerce.com','2023-05-27 15:06:04',NULL,0,'plain','',0,0,'info'),(3,'wayflyer_bnpl_q4_2021','marketing','en_US','Grow your business with funding through Wayflyer','Fast, flexible financing to boost cash flow and help your business grow – one fee, no interest rates, penalties, equity, or personal guarantees. Based on your store’s performance, Wayflyer provides funding and analytical insights to invest in your business.','{}','pending','woocommerce.com','2023-05-27 15:06:04',NULL,0,'plain','',0,0,'info'),(4,'wc_shipping_mobile_app_usps_q4_2021','marketing','en_US','Print and manage your shipping labels with WooCommerce Shipping and the WooCommerce Mobile App','Save time by printing, purchasing, refunding, and tracking shipping labels generated by <a href=\"https://woocommerce.com/woocommerce-shipping/\">WooCommerce Shipping</a> – all directly from your mobile device!','{}','pending','woocommerce.com','2023-05-27 15:06:04',NULL,0,'plain','',0,0,'info'),(5,'woocommerce-services','info','en_US','WooCommerce Shipping & Tax','WooCommerce Shipping &amp; Tax helps get your store \"ready to sell\" as quickly as possible. You create your products. We take care of tax calculation, payment processing, and shipping label printing! Learn more about the extension that you just installed.','{}','pending','woocommerce.com','2023-05-27 15:06:04',NULL,0,'plain','',0,0,'info'),(6,'your-first-product','info','en_US','Your first product','That’s huge! You’re well on your way to building a successful online store — now it’s time to think about how you’ll fulfill your orders.<br /><br />Read our shipping guide to learn best practices and options for putting together your shipping strategy. And for WooCommerce stores in the United States, you can print discounted shipping labels via USPS with <a href=\"https://href.li/?https://woocommerce.com/shipping\" target=\"_blank\">WooCommerce Shipping</a>.','{}','pending','woocommerce.com','2023-05-27 15:06:04',NULL,0,'plain','',0,0,'info'),(7,'wc-admin-optimizing-the-checkout-flow','info','en_US','Optimizing the checkout flow','It’s crucial to get your store’s checkout as smooth as possible to avoid losing sales. Let’s take a look at how you can optimize the checkout experience for your shoppers.','{}','unactioned','woocommerce.com','2023-05-30 15:18:06',NULL,0,'plain','',0,0,'info'),(8,'wc-payments-qualitative-feedback','info','en_US','WooCommerce Payments setup - let us know what you think','Congrats on enabling WooCommerce Payments for your store. Please share your feedback in this 2 minute survey to help us improve the setup process.','{}','pending','woocommerce.com','2023-05-27 15:06:04',NULL,0,'plain','',0,0,'info'),(9,'share-your-feedback-on-paypal','info','en_US','Share your feedback on PayPal','Share your feedback in this 2 minute survey about how we can make the process of accepting payments more useful for your store.','{}','pending','woocommerce.com','2023-05-27 15:06:04',NULL,0,'plain','',0,0,'info'),(10,'google_listings_and_ads_install','marketing','en_US','Drive traffic and sales with Google','Reach online shoppers to drive traffic and sales for your store by showcasing products across Google, for free or with ads.','{}','pending','woocommerce.com','2023-05-27 15:06:04',NULL,0,'plain','',0,0,'info'),(11,'wc-subscriptions-security-update-3-0-15','info','en_US','WooCommerce Subscriptions security update!','We recently released an important security update to WooCommerce Subscriptions. To ensure your site’s data is protected, please upgrade <strong>WooCommerce Subscriptions to version 3.0.15</strong> or later.<br /><br />Click the button below to view and update to the latest Subscriptions version, or log in to <a href=\"https://woocommerce.com/my-dashboard\">WooCommerce.com Dashboard</a> and navigate to your <strong>Downloads</strong> page.<br /><br />We recommend always using the latest version of WooCommerce Subscriptions, and other software running on your site, to ensure maximum security.<br /><br />If you have any questions we are here to help — just <a href=\"https://woocommerce.com/my-account/create-a-ticket/\">open a ticket</a>.','{}','pending','woocommerce.com','2023-05-27 15:06:04',NULL,0,'plain','',0,0,'info'),(12,'woocommerce-core-update-5-4-0','info','en_US','Update to WooCommerce 5.4.1 now','WooCommerce 5.4.1 addresses a checkout issue discovered in WooCommerce 5.4. We recommend upgrading to WooCommerce 5.4.1 as soon as possible.','{}','pending','woocommerce.com','2023-05-27 15:06:04',NULL,0,'plain','',0,0,'info'),(13,'wcpay-promo-2020-11','marketing','en_US','wcpay-promo-2020-11','wcpay-promo-2020-11','{}','pending','woocommerce.com','2023-05-27 15:06:04',NULL,0,'plain','',0,0,'info'),(14,'wcpay-promo-2020-12','marketing','en_US','wcpay-promo-2020-12','wcpay-promo-2020-12','{}','pending','woocommerce.com','2023-05-27 15:06:04',NULL,0,'plain','',0,0,'info'),(15,'ppxo-pps-upgrade-paypal-payments-1','info','en_US','Get the latest PayPal extension for WooCommerce','Heads up! There’s a new PayPal on the block!<br /><br />Now is a great time to upgrade to our latest <a href=\"https://woocommerce.com/products/woocommerce-paypal-payments/\" target=\"_blank\">PayPal extension</a> to continue to receive support and updates with PayPal.<br /><br />Get access to a full suite of PayPal payment methods, extensive currency and country coverage, and pay later options with the all-new PayPal extension for WooCommerce.','{}','pending','woocommerce.com','2023-05-27 15:06:04',NULL,0,'plain','',0,0,'info'),(16,'ppxo-pps-upgrade-paypal-payments-2','info','en_US','Upgrade your PayPal experience!','Get access to a full suite of PayPal payment methods, extensive currency and country coverage, offer subscription and recurring payments, and the new PayPal pay later options.<br /><br />Start using our <a href=\"https://woocommerce.com/products/woocommerce-paypal-payments/\" target=\"_blank\">latest PayPal today</a> to continue to receive support and updates.','{}','pending','woocommerce.com','2023-05-27 15:06:04',NULL,0,'plain','',0,0,'info'),(17,'woocommerce-core-sqli-july-2021-need-to-update','update','en_US','Action required: Critical vulnerabilities in WooCommerce','In response to a critical vulnerability identified on July 13, 2021, we are working with the WordPress Plugins Team to deploy software updates to stores running WooCommerce (versions 3.3 to 5.5) and the WooCommerce Blocks feature plugin (versions 2.5 to 5.5).<br /><br />Our investigation into this vulnerability is ongoing, but <strong>we wanted to let you know now about the importance of updating immediately</strong>.<br /><br />For more information on which actions you should take, as well as answers to FAQs, please urgently review our blog post detailing this issue.','{}','pending','woocommerce.com','2023-05-27 15:06:04',NULL,0,'plain','',0,0,'info'),(18,'woocommerce-blocks-sqli-july-2021-need-to-update','update','en_US','Action required: Critical vulnerabilities in WooCommerce Blocks','In response to a critical vulnerability identified on July 13, 2021, we are working with the WordPress Plugins Team to deploy software updates to stores running WooCommerce (versions 3.3 to 5.5) and the WooCommerce Blocks feature plugin (versions 2.5 to 5.5).<br /><br />Our investigation into this vulnerability is ongoing, but <strong>we wanted to let you know now about the importance of updating immediately</strong>.<br /><br />For more information on which actions you should take, as well as answers to FAQs, please urgently review our blog post detailing this issue.','{}','pending','woocommerce.com','2023-05-27 15:06:04',NULL,0,'plain','',0,0,'info'),(19,'woocommerce-core-sqli-july-2021-store-patched','update','en_US','Solved: Critical vulnerabilities patched in WooCommerce','In response to a critical vulnerability identified on July 13, 2021, we worked with the WordPress Plugins Team to deploy software updates to stores running WooCommerce (versions 3.3 to 5.5) and the WooCommerce Blocks feature plugin (versions 2.5 to 5.5).<br /><br /><strong>Your store has been updated to the latest secure version(s)</strong>. For more information and answers to FAQs, please review our blog post detailing this issue.','{}','pending','woocommerce.com','2023-05-27 15:06:04',NULL,0,'plain','',0,0,'info'),(20,'woocommerce-blocks-sqli-july-2021-store-patched','update','en_US','Solved: Critical vulnerabilities patched in WooCommerce Blocks','In response to a critical vulnerability identified on July 13, 2021, we worked with the WordPress Plugins Team to deploy software updates to stores running WooCommerce (versions 3.3 to 5.5) and the WooCommerce Blocks feature plugin (versions 2.5 to 5.5).<br /><br /><strong>Your store has been updated to the latest secure version(s)</strong>. For more information and answers to FAQs, please review our blog post detailing this issue.','{}','pending','woocommerce.com','2023-05-27 15:06:04',NULL,0,'plain','',0,0,'info'),(21,'habit-moment-survey','marketing','en_US','We’re all ears! Share your experience so far with WooCommerce','We’d love your input to shape the future of WooCommerce together. Feel free to share any feedback, ideas or suggestions that you have.','{}','pending','woocommerce.com','2023-05-27 15:06:04',NULL,0,'plain','',0,0,'info'),(22,'woocommerce-core-paypal-march-2022-updated','update','en_US','Security auto-update of WooCommerce','<strong>Your store has been updated to the latest secure version of WooCommerce</strong>. We worked with WordPress to deploy PayPal Standard security updates for stores running WooCommerce (version 3.5 to 6.3). It’s recommended to disable PayPal Standard, and use <a href=\"https://woocommerce.com/products/woocommerce-paypal-payments/\" target=\"_blank\">PayPal Payments</a> to accept PayPal.','{}','pending','woocommerce.com','2023-05-27 15:06:04',NULL,0,'plain','',0,0,'info'),(23,'woocommerce-core-paypal-march-2022-updated-nopp','update','en_US','Security auto-update of WooCommerce','<strong>Your store has been updated to the latest secure version of WooCommerce</strong>. We worked with WordPress to deploy security updates related to PayPal Standard payment gateway for stores running WooCommerce (version 3.5 to 6.3).','{}','pending','woocommerce.com','2023-05-27 15:06:04',NULL,0,'plain','',0,0,'info'),(24,'pinterest_03_2022_update','marketing','en_US','Your Pinterest for WooCommerce plugin is out of date!','Update to the latest version of Pinterest for WooCommerce to continue using this plugin and keep your store connected with Pinterest. To update, visit <strong>Plugins &gt; Installed Plugins</strong>, and click on “update now” under Pinterest for WooCommerce.','{}','pending','woocommerce.com','2023-05-27 15:06:04',NULL,0,'plain','',0,0,'info'),(25,'store_setup_survey_survey_q2_2022','survey','en_US','How is your store setup going?','Our goal is to make sure you have all the right tools to start setting up your store in the smoothest way possible.\r\nWe’d love to know if we hit our mark and how we can improve. To collect your thoughts, we made a 2-minute survey.','{}','unactioned','woocommerce.com','2023-06-03 15:18:04',NULL,0,'plain','',0,0,'info'),(26,'wc-admin-wisepad3','marketing','en_US','Take your business on the go in Canada with WooCommerce In-Person Payments','Quickly create new orders, accept payment in person for orders placed online, and automatically sync your inventory – no matter where your business takes you. With WooCommerce In-Person Payments and the WisePad 3 card reader, you can bring the power of your store anywhere.','{}','pending','woocommerce.com','2023-05-27 15:06:04',NULL,0,'plain','',0,0,'info'),(27,'woocommerce-payments-august-2022-need-to-update','update','en_US','Action required: Please update WooCommerce Payments','An updated secure version of WooCommerce Payments is available – please ensure that you’re using the latest patch version. For more information on what action you need to take, please review the article below.','{}','pending','woocommerce.com','2023-05-27 15:06:04',NULL,0,'plain','',0,0,'info'),(28,'woocommerce-payments-august-2022-store-patched','update','en_US','WooCommerce Payments has been automatically updated','You’re now running the latest secure version of WooCommerce Payments. We’ve worked with the WordPress Plugins team to deploy a security update to stores running WooCommerce Payments (version 3.9 to 4.5). For further information, please review the article below.','{}','pending','woocommerce.com','2023-05-27 15:06:04',NULL,0,'plain','',0,0,'info'),(29,'google_listings_ads_custom_attribute_mapping_q4_2022','marketing','en_US','Our latest improvement to the Google Listings & Ads extension: Attribute Mapping','You spoke, we listened. This new feature enables you to easily upload your products, customize your product attributes in one place, and target shoppers with more relevant ads. Extend how far your ad dollars go with each campaign.','{}','pending','woocommerce.com','2023-05-27 15:06:04',NULL,0,'plain','',0,0,'info'),(30,'needs-update-eway-payment-gateway-rin-2022-12-20','update','en_US','Security vulnerability patched in WooCommerce Eway Gateway','In response to a potential vulnerability identified in WooCommerce Eway Gateway versions 3.1.0 to 3.5.0, we’ve worked to deploy security fixes and have released an updated version.\r\nNo external exploits have been detected, but we recommend you update to your latest supported version 3.1.26, 3.2.3, 3.3.1, 3.4.6, or 3.5.1','{}','pending','woocommerce.com','2023-05-27 15:06:04',NULL,0,'plain','',0,0,'info'),(31,'updated-eway-payment-gateway-rin-2022-12-20','update','en_US','WooCommerce Eway Gateway has been automatically updated','Your store is now running the latest secure version of WooCommerce Eway Gateway. We worked with the WordPress Plugins team to deploy a software update to stores running WooCommerce Eway Gateway (versions 3.1.0 to 3.5.0) in response to a security vulnerability that was discovered.','{}','pending','woocommerce.com','2023-05-27 15:06:04',NULL,0,'plain','',0,0,'info'),(32,'ecomm-wc-navigation-survey-2023','info','en_US','Navigating WooCommerce on WordPress.com','We are improving the WooCommerce navigation on WordPress.com and would love your help to make it better! Please share your experience with us in this 2-minute survey.','{}','pending','woocommerce.com','2023-05-27 15:06:04',NULL,0,'plain','',0,0,'info'),(33,'woopay-beta-merchantrecruitment-04MAY23','info','en_US','Increase conversions with WooPay — our fastest checkout yet','WooPay, a new express checkout feature built into WooCommerce Payments, is now available —and we’re inviting you to be one of the first to try it. \r\n<br><br>\r\nBoost conversions by offering your customers a simple, secure way to pay with a single click.\r\n<br><br>\r\nGet started in seconds.','{}','pending','woocommerce.com','2023-05-27 15:06:04',NULL,0,'plain','',0,0,'info'),(34,'woocommerce-wcpay-march-2023-update-needed','update','en_US','Action required: Security update for WooCommerce Payments','<strong>Your store requires a security update for WooCommerce Payments</strong>. Please update to the latest version of WooCommerce Payments immediately to address a potential vulnerability discovered on March 22. For more information on how to update, visit this WooCommerce Developer Blog Post.','{}','pending','woocommerce.com','2023-05-27 15:06:04',NULL,0,'plain','',0,0,'info'),(35,'tap_to_pay_iphone_q2_2023_no_wcpay','marketing','en_US','Accept in-person contactless payments on your iPhone','Tap to Pay on iPhone and WooCommerce Payments is quick, secure, and simple to set up — no extra terminals or card readers are needed. Accept contactless debit and credit cards, Apple Pay, and other NFC digital wallets in person.','{}','unactioned','woocommerce.com','2023-05-27 15:06:04',NULL,0,'plain','',0,0,'info'),(36,'tap_to_pay_iphone_q2_2023_with_wcpay','marketing','en_US','New: accept in-person contactless payments on your iPhone','Tap to Pay on iPhone is quick, secure, and simple to set up in WooCommerce Payments — no extra terminals or card readers are needed. Accept contactless debit and credit cards, Apple Pay, and other NFC digital wallets in person in a few short steps!','{}','pending','woocommerce.com','2023-05-27 15:06:04',NULL,0,'plain','',0,0,'info'),(37,'woocommerce-WCPreOrders-april-2023-update-needed','update','en_US','Action required: Security update of WooCommerce Pre-Orders extension','<strong>Your store requires a security update for the WooCommerce Pre-Orders extension</strong>. Please update the WooCommerce Pre-Orders extension immediately to address a potential vulnerability discovered on April 11.','{}','pending','woocommerce.com','2023-05-27 15:06:04',NULL,0,'plain','',0,0,'info'),(38,'wc-admin-wcpay-denmark-Q2-2023','marketing','en_US','WooCommerce Payments is now available in Denmark!','We’ve recently released WooCommerce Payments in Denmark. You can view and manage transactions right in your WordPress dashboard while securely accepting major cards, Apple Pay, and payments in over 100 currencies.','{}','pending','woocommerce.com','2023-05-27 15:06:04',NULL,0,'plain','',0,0,'info'),(39,'wc-admin-wcpay-greece-Q2-2023','marketing','en_US','WooCommerce Payments is now available in Greece!','We’ve recently released WooCommerce Payments in Greece. You can view and manage transactions right in your WordPress dashboard while securely accepting major cards, Apple Pay, and payments in over 100 currencies.','{}','pending','woocommerce.com','2023-05-27 15:06:04',NULL,0,'plain','',0,0,'info'),(40,'wc-admin-wcpay-norway-Q2-2023','marketing','en_US','WooCommerce Payments is now available in Norway!','We’ve recently released WooCommerce Payments in Norway. You can view and manage transactions right in your WordPress dashboard while securely accepting major cards, Apple Pay, and payments in over 100 currencies.','{}','pending','woocommerce.com','2023-05-27 15:06:04',NULL,0,'plain','',0,0,'info'),(41,'wc-admin-wcpay-slovakia-Q2-2023','marketing','en_US','WooCommerce Payments is now available in Slovakia!','We’ve recently released WooCommerce Payments in Slovakia. You can view and manage transactions right in your WordPress dashboard while securely accepting major cards, Apple Pay, and payments in over 100 currencies.','{}','pending','woocommerce.com','2023-05-27 15:06:04',NULL,0,'plain','',0,0,'info'),(42,'wc-admin-wcpay-finland-Q2-2023','marketing','en_US','WooCommerce Payments is now available in Finland!','We’ve recently released WooCommerce Payments in Finland. You can view and manage transactions right in your WordPress dashboard while securely accepting major cards, Apple Pay, and payments in over 100 currencies.','{}','pending','woocommerce.com','2023-05-27 15:06:04',NULL,0,'plain','',0,0,'info'),(43,'wc-admin-wcpay-estonia-Q2-2023','marketing','en_US','WooCommerce Payments is now available in Estonia!','We’ve recently released WooCommerce Payments in Estonia. You can view and manage transactions right in your WordPress dashboard while securely accepting major cards, Apple Pay, and payments in over 100 currencies.','{}','pending','woocommerce.com','2023-05-27 15:06:04',NULL,0,'plain','',0,0,'info'),(44,'wc-admin-wcpay-lithuania-Q2-2023','marketing','en_US','WooCommerce Payments is now available in Lithuania!','We’ve recently released WooCommerce Payments in Lithuania. You can view and manage transactions right in your WordPress dashboard while securely accepting major cards, Apple Pay, and payments in over 100 currencies.','{}','pending','woocommerce.com','2023-05-27 15:06:04',NULL,0,'plain','',0,0,'info'),(45,'wc-admin-wcpay-slovenia-Q2-2023','marketing','en_US','WooCommerce Payments is now available in Slovenia!','We’ve recently released WooCommerce Payments in Slovenia. You can view and manage transactions right in your WordPress dashboard while securely accepting major cards, Apple Pay, and payments in over 100 currencies.','{}','pending','woocommerce.com','2023-05-27 15:06:04',NULL,0,'plain','',0,0,'info'),(46,'wc-admin-wcpay-latvia-Q2-2023','marketing','en_US','WooCommerce Payments is now available in Latvia!','We’ve recently released WooCommerce Payments in Latvia. You can view and manage transactions right in your WordPress dashboard while securely accepting major cards, Apple Pay, and payments in over 100 currencies.','{}','pending','woocommerce.com','2023-05-27 15:06:04',NULL,0,'plain','',0,0,'info'),(47,'wc-admin-wcpay-cyprus-Q2-2023','marketing','en_US','WooCommerce Payments is now available in Cyprus!','We’ve recently released WooCommerce Payments in Cyprus. You can view and manage transactions right in your WordPress dashboard while securely accepting major cards, Apple Pay, and payments in over 100 currencies.','{}','pending','woocommerce.com','2023-05-27 15:06:04',NULL,0,'plain','',0,0,'info'),(48,'wc-admin-wcpay-malta-Q2-2023','marketing','en_US','WooCommerce Payments is now available in Malta!','We’ve recently released WooCommerce Payments in Malta. You can view and manage transactions right in your WordPress dashboard while securely accepting major cards, Apple Pay, and payments in over 100 currencies.','{}','pending','woocommerce.com','2023-05-27 15:06:04',NULL,0,'plain','',0,0,'info'),(49,'wc-admin-wcpay-luxembourg-Q2-2023','marketing','en_US','WooCommerce Payments is now available in Luxembourg!','We’ve recently released WooCommerce Payments in Luxembourg. You can view and manage transactions right in your WordPress dashboard while securely accepting major cards, Apple Pay, and payments in over 100 currencies.','{}','pending','woocommerce.com','2023-05-27 15:06:04',NULL,0,'plain','',0,0,'info'),(50,'woopay-beta-merchantrecruitment-update-04MAY23','info','en_US','Increase conversions with WooPay — our fastest checkout yet','WooPay, a new express checkout feature built into WooCommerce Payments, is now available — and you’re invited to try it. \r\n<br /><br />\r\nBoost conversions by offering your customers a simple, secure way to pay with a single click.\r\n<br /><br />\r\nUpdate WooCommerce Payments to get started.','{}','pending','woocommerce.com','2023-05-27 15:06:04',NULL,0,'plain','',0,0,'info'),(51,'woopay-beta-existingmerchants-noaction-27APR23','info','en_US','WooPay is back!','Thanks for previously trying WooPay, the express checkout feature built into WooCommerce Payments. We’re excited to announce that WooPay availability has resumed. No action is required on your part.\r\n<br /><br />\r\nYou can now continue boosting conversions by offering your customers a simple, secure way to pay with a single click.','{}','pending','woocommerce.com','2023-05-27 15:06:04',NULL,0,'plain','',0,0,'info'),(52,'woopay-beta-existingmerchants-update-27APR23','info','en_US','WooPay is back!','Thanks for previously trying WooPay, the express checkout feature built into WooCommerce Payments. We’re excited to announce that WooPay availability has resumed.\r\n<br /><br />\r\n\r\nUpdate to the latest WooCommerce Payments version to continue boosting conversions by offering your customers a simple, secure way to pay with a single click.','{}','pending','woocommerce.com','2023-05-27 15:06:04',NULL,0,'plain','',0,0,'info'),(53,'woopay-beta-merchantrecruitment-short-04MAY23','info','en_US','Increase conversions with WooPay — our fastest checkout yet','Be one of the first to try WooPay, a new express checkout feature for WooCommerce Payments. \r\n<br><br>\r\nBoost conversions by letting customers pay with a single click.','{}','pending','woocommerce.com','2023-05-27 15:06:04',NULL,0,'plain','',0,0,'info'),(54,'woopay-beta-merchantrecruitment-short-update-04MAY23','info','en_US','Increase conversions with WooPay — our fastest checkout yet','Be one of the first to try WooPay, our new express checkout feature. <br>Boost conversions by letting customers pay with a single click. <br><br>Update to the latest version of WooCommerce Payments to get started.','{}','pending','woocommerce.com','2023-05-27 15:06:04',NULL,0,'plain','',0,0,'info'),(55,'woopay-beta-merchantrecruitment-short-06MAY23-TESTA','info','en_US','Increase conversions with WooPay — our fastest checkout yet','Be one of the first to try WooPay, a new express checkout feature for WooCommerce Payments. \r\n<br><br>\r\nBoost conversions by letting customers pay with a single click.','{}','pending','woocommerce.com','2023-05-27 15:06:04',NULL,0,'plain','',0,0,'info'),(56,'woopay-beta-merchantrecruitment-short-06MAY23-TESTB','info','en_US','Increase conversions with WooPay — our fastest checkout yet','Be one of the first to try WooPay, a new express checkout feature for WooCommerce Payments. \r\n<br><br>\r\nBoost conversions by letting customers pay with a single click.','{}','pending','woocommerce.com','2023-05-27 15:06:04',NULL,0,'plain','',0,0,'info'),(57,'woopay-beta-merchantrecruitment-short-06MAY23-TESTC','info','en_US','Increase conversions with WooPay — our fastest checkout yet','Be one of the first to try WooPay, a new express checkout feature for WooCommerce Payments. \r\n<br><br>\r\nBoost conversions by letting customers pay with a single click.','{}','pending','woocommerce.com','2023-05-27 15:06:04',NULL,0,'plain','',0,0,'info'),(58,'woopay-beta-merchantrecruitment-short-06MAY23-TESTD','info','en_US','Increase conversions with WooPay — our fastest checkout yet','Be one of the first to try WooPay, a new express checkout feature for WooCommerce Payments. \r\n<br><br>\r\nBoost conversions by letting customers pay with a single click.','{}','pending','woocommerce.com','2023-05-27 15:06:04',NULL,0,'plain','',0,0,'info'),(59,'woopay-beta-merchantrecruitment-short-09MAY23','info','en_US','Increase conversions with WooPay — our fastest checkout yet','Be one of the first to try WooPay, a new express checkout feature for WooCommerce Payments. \r\n<br><br>\r\nBoost conversions by letting customers pay with a single click.','{}','pending','woocommerce.com','2023-05-27 15:06:04',NULL,0,'plain','',0,0,'info'),(60,'woopay-beta-merchantrecruitment-short-update-09MAY23','info','en_US','Increase conversions with WooPay — our fastest checkout yet','Be one of the first to try WooPay, our new express checkout feature. <br>Boost conversions by letting customers pay with a single click. <br><br>Update to the latest version of WooCommerce Payments to get started.','{}','pending','woocommerce.com','2023-05-27 15:06:04',NULL,0,'plain','',0,0,'info'),(61,'ipp_refresh_q2_2023_us_inbox_notification','marketing','en_US','Grow on the go with in-person payments','Sell your products or services on the go with the M2 card reader – a quick, synchronized, and secure way to take payments, no matter where you are. Create an order using the WooCommerce mobile app and connect your card reader to accept payments.','{}','pending','woocommerce.com','2023-05-27 15:06:04',NULL,0,'plain','',0,0,'info'),(62,'ipp_refresh_q2_2023_ca_inbox_notification','marketing','en_US','Grow on the go with in-person payments','Sell your products or services on the go with the WisePad 3 card reader – a quick, synchronized, and secure way to take payments, no matter where you are. Create an order using the WooCommerce mobile app and connect your card reader to accept payments.','{}','pending','woocommerce.com','2023-05-27 15:06:04',NULL,0,'plain','',0,0,'info'),(63,'product_management_card_sorting','survey','en_US','How do you create and edit products?','Have a say in the future of WooCommerce. Take part in a brief exercise and help us understand what information is important to you while editing products.','{}','unactioned','woocommerce.com','2023-05-27 15:12:10',NULL,0,'plain','',0,0,'info'),(64,'wc-admin-customizing-product-catalog','info','en_US','Cómo personalizar tu catálogo de productos','Quieres que tu catálogo de productos y tus imágenes tengan un aspecto estupendo y estén en consonancia con tu marca. Esta guía te dará todos los consejos que necesitas para que tus productos se vean bien en tu tienda.','{}','unactioned','woocommerce-admin','2023-05-27 15:18:02',NULL,0,'plain','',0,0,'info'),(65,'wc-admin-choosing-a-theme','marketing','en_US','¿Elegimos un tema?','Echa un vistazo a los temas compatibles con WooCommerce y elige uno alineado con tu marca y las necesidades de tu negocio.','{}','unactioned','woocommerce-admin','2023-05-28 15:18:13',NULL,0,'plain','',0,0,'info'),(66,'wc-admin-launch-checklist','info','en_US','¿Estás preparado para lanzar tu tienda?','Para asegurarnos de que nunca tengas esa sensación de «¿Qué se me olvidó?» hemos preparado la lista de comprobación esencial de despegue.','{}','unactioned','woocommerce-admin','2023-05-29 15:18:17',NULL,0,'plain','',0,0,'info'),(67,'wc-admin-mobile-app','info','en_US','Instala la aplicación móvil WooCommerce','Instala la aplicación móvil de WooCommerce para gestionar pedidos, recibir avisos de ventas y ver métricas clave – allí donde estés.','{}','unactioned','woocommerce-admin','2023-05-29 15:18:17',NULL,0,'plain','',0,0,'info'),(68,'woocommerce-WCstripe-May-2023-updated-needed','update','en_US','Action required: Security update of WooCommerce Stripe plugin','<strong>Your store requires a security update for the WooCommerce Stripe plugin</strong>. Please update the WooCommerce Stripe plugin immediately to address a potential vulnerability.','{}','pending','woocommerce.com','2023-06-01 15:18:04',NULL,0,'plain','',0,0,'info'),(69,'wc-admin-usage-tracking-opt-in','info','en_US','Ayuda a WooCommerce a mejorar con el seguimiento de uso','Recopilar datos de uso nos permite mejorar WooCommerce. Se tendrá en cuenta a tu tienda a medida que evaluamos nuevas características, juzgamos la calidad de una actualización o determinamos si una mejora tiene sentido. Siempre puedes visitar los <a href=\"https://floristeriagheraldin.com/wp-admin/admin.php?page=wc-settings&#038;tab=advanced&#038;section=woocommerce_com\" target=\"_blank\">Ajustes</a> y elegir dejar de compartir datos. <a href=\"https://woocommerce.com/usage-tracking?utm_medium=product\" target=\"_blank\">Lee más</a> sobre los datos que recopilamos.','{}','unactioned','woocommerce-admin','2023-06-03 15:18:03',NULL,0,'plain','',0,0,'info'),(70,'woocommerce-WCReturnsWarranty-June-2023-updated-needed','update','en_US','Action required: Security update of WooCommerce Returns and Warranty Requests extension','<strong>Your store requires a security update for the Returns and Warranty Requests extension</strong>.  Please update to the latest version of the WooCommerce Returns and Warranty Requests extension immediately to address a potential vulnerability discovered on May 31.','{}','pending','woocommerce.com','2023-06-03 15:18:04',NULL,0,'plain','',0,0,'info'),(71,'woocommerce-WCPayments-June-2023-updated-needed','update','en_US','Action required: Security update of WooCommerce Payments','<strong>Your store requires a security update for the WooCommerce Payments plugin</strong>. Please update the WooCommerce Payments plugin immediately to address a potential vulnerability.','{}','pending','woocommerce.com','2023-06-06 15:18:25',NULL,0,'plain','',0,0,'info'),(72,'woocommerce-WCSubscriptions-June-2023-updated-needed','marketing','en_US','Action required: Security update of WooCommerce Subscriptions','<strong>Your store requires a security update for the WooCommerce Subscriptions plugin</strong>. Please update the WooCommerce Subscriptions plugin immediately to address a potential vulnerability.','{}','pending','woocommerce.com','2023-06-06 15:18:25',NULL,0,'plain','',0,0,'info'),(73,'woocommerce_hpos_1st_notification_q2_2023','marketing','en_US','High-Performance Order Storage (HPOS) is on its way','Our team is targeting August 2023 to roll out a major database upgrade that can unlock faster checkout and order creation for your customers — and lightning-quick order lookup for you. Enablement is optional and you won’t be forced to update, but read on to see why this was our most requested new feature.','{}','unactioned','woocommerce.com','2023-06-07 15:18:04',NULL,0,'plain','',0,0,'info'),(74,'woocommerce-WCOPC-June-2023-updated-needed','update','en_US','Action required: Security update of WooCommerce One Page Checkout','<strong>Your shop requires a security update to address a vulnerability in the WooCommerce One Page Checkout extension</strong>. The fix for this vulnerability was released for this extension on June 13th. Please update immediately.','{}','pending','woocommerce.com','2023-06-21 15:18:05',NULL,0,'plain','',0,0,'info'),(75,'wc-admin-wcpay-bulgaria-Q2-2023','marketing','en_US','WooCommerce Payments is now available in Bulgaria!','We’ve recently released WooCommerce Payments in Bulgaria. You can view and manage transactions right in your WordPress dashboard while securely accepting major cards, Apple Pay, and payments in over 100 currencies.','{}','pending','woocommerce.com','2023-06-29 15:18:30',NULL,0,'plain','',0,0,'info'),(76,'wc-admin-wcpay-czechia-Q2-2023','marketing','en_US','WooCommerce Payments is now available in Czechia!','We’ve recently released WooCommerce Payments in Czechia. You can view and manage transactions right in your WordPress dashboard while securely accepting major cards, Apple Pay, and payments in over 100 currencies.','{}','pending','woocommerce.com','2023-06-29 15:18:30',NULL,0,'plain','',0,0,'info'),(77,'wc-admin-wcpay-croatia-Q2-2023','marketing','en_US','WooCommerce Payments is now available in Croatia!','We’ve recently released WooCommerce Payments in Croatia. You can view and manage transactions right in your WordPress dashboard while securely accepting major cards, Apple Pay, and payments in over 100 currencies.','{}','pending','woocommerce.com','2023-06-29 15:18:30',NULL,0,'plain','',0,0,'info'),(78,'wc-admin-wcpay-hungary-Q2-2023','marketing','en_US','WooCommerce Payments is now available in Hungary!','We’ve recently released WooCommerce Payments in Hungary. You can view and manage transactions right in your WordPress dashboard while securely accepting major cards, Apple Pay, and payments in over 100 currencies.','{}','pending','woocommerce.com','2023-06-29 15:18:30',NULL,0,'plain','',0,0,'info'),(79,'wc-admin-wcpay-romania-Q2-2023','marketing','en_US','WooCommerce Payments is now available in Romania!','We’ve recently released WooCommerce Payments in Romania. You can view and manage transactions right in your WordPress dashboard while securely accepting major cards, Apple Pay, and payments in over 100 currencies.','{}','pending','woocommerce.com','2023-06-29 15:18:30',NULL,0,'plain','',0,0,'info'),(80,'wc-admin-wcpay-sweden-Q2-2023','marketing','en_US','WooCommerce Payments is now available in Sweden!','We’ve recently released WooCommerce Payments in Sweden. You can view and manage transactions right in your WordPress dashboard while securely accepting major cards, Apple Pay, and payments in over 100 currencies.','{}','pending','woocommerce.com','2023-06-29 15:18:30',NULL,0,'plain','',0,0,'info'),(81,'tiktok-spc_june-2023','marketing','en_US','Take the guesswork out of TikTok advertising','Save time and create smarter ads using new automated campaign management from TikTok for WooCommerce. Simplify your campaign creation and watch TikTok’s machine learning build, target, and optimize ads that support your advertising goals — and grow your audience.','{}','unactioned','woocommerce.com','2023-06-30 15:18:26',NULL,0,'plain','',0,0,'info'),(82,'woocommerce-WCGC-July-2023-update-needed','update','en_US','Action required: Security update of WooCommerce GoCardless Extension','<strong>Your shop requires a security update to address a vulnerability in the WooCommerce GoCardless extension</strong>. The fix for this vulnerability was released on July 4th. Please update immediately.','{}','pending','woocommerce.com','2023-07-05 15:18:25',NULL,0,'plain','',0,0,'info'),(83,'woocommerce-shipping-fedex-api-outage-2023-07-16','warning','en_US','Scheduled FedEx API outage — July 2023','On July 16 there will be a full outage of the FedEx API from 04:00 to 08:00 AM UTC. Due to planned maintenance by FedEx, you\'ll be unable to provide FedEx shipping rates during this time. Follow the link below for more information and recommendations on how to minimize impact.','{}','pending','woocommerce.com','2023-07-06 15:18:27',NULL,0,'plain','',0,0,'info'),(84,'wcship-2023-07-hazmat-update-needed','update','en_US','Action required: USPS HAZMAT compliance update for WooCommerce Shipping & Tax extension','<strong>Your store requires an update for the WooCommerce Shipping extension</strong>. Please update to the latest version of the WooCommerce Shipping &amp; Tax extension immediately to ensure compliance with new USPS HAZMAT rules currently in effect.','{}','pending','woocommerce.com','2023-07-12 15:18:26',NULL,0,'plain','',0,0,'info'),(85,'square_payments_q3_2023','marketing','en_US','Square for WooCommerce','Connect your Square account with WooCommerce to accept online and in-person payments (including contactless payments and cross-channel gift cards) quickly and securely. Save time by syncing sales, customers, and items and inventory — and manage everything through one centralized platform.','{}','pending','woocommerce.com','2023-07-19 15:18:27',NULL,0,'plain','',0,0,'info'),(86,'wc-admin-woopayments-rebrand','marketing','en_US','WooCommerce Payments is now WooPayments','We’ve changed the name as part of recent updates to the Woo brand. You’ll still enjoy the same seamless payments experience — just look for WooPayments in your WordPress admin.','{}','pending','woocommerce.com','2023-07-29 15:18:06',NULL,0,'plain','',0,0,'info'),(87,'woocommerce-WCStripe-Aug-2023-update-needed','update','en_US','Action required: Security update for WooCommerce Stripe plugin','<strong>Your shop requires an important security update for the  WooCommerce Stripe plugin</strong>. The fix for this vulnerability was released on July 31. Please update immediately.','{}','pending','woocommerce.com','2023-08-03 15:18:37',NULL,0,'plain','',0,0,'info'),(88,'woocommerce-WCStripe-Aug-2023-security-updated','update','en_US','Security update of WooCommerce Stripe plugin','<strong>Your store has been updated to the latest secure version of the WooCommerce Stripe plugin</strong>. This update was released on July 31.','{}','pending','woocommerce.com','2023-08-03 15:18:37',NULL,0,'plain','',0,0,'info'),(89,'woocommerce-WooPayments-Aug-2023-update-needed','update','en_US','Action required: Security update for WooPayments (WooCommerce Payments) plugin','<strong>Your shop requires an important security update for the WooPayments (WooCommerce Payments) extension</strong>. The fix for this vulnerability was released on July 31. Please update immediately.','{}','pending','woocommerce.com','2023-08-03 15:18:37',NULL,0,'plain','',0,0,'info'),(90,'woocommerce-WooPayments-Aug-2023-security-updated','update','en_US','Security update of WooPayments (WooCommerce Payments) plugin','<strong>Your store has been updated to the more secure version of WooPayments (WooCommerce Payments)</strong>. This update was released on July 31.','{}','pending','woocommerce.com','2023-08-03 15:18:37',NULL,0,'plain','',0,0,'info'),(91,'tiktok-apac-webinar-2023','marketing','en_US','Unlocking TikTok: Live Webinar August 9','Join us on August 9 for a free online masterclass with our partners at TikTok, tailored to Woo merchants in the APAC region (11 am AEST). You’ll learn how to connect your store to TikTok, unlock expert advertising tools, and reach its one billion active global users — all from the comfort of your own home.','{}','pending','woocommerce.com','2023-08-05 15:18:43',NULL,0,'plain','',0,0,'info'),(92,'avalara_q3-2023_noAvaTax','marketing','en_US','Automatically calculate VAT in real time','Take the effort out of determining tax rates and sell confidently across borders with automated tax management from Avalara AvaTax— including built-in VAT calculation when you sell into or across the EU and UK. Save time and stay compliant when you let Avalara do the heavy lifting.','{}','pending','woocommerce.com','2023-08-09 15:18:49',NULL,0,'plain','',0,0,'info'),(93,'avalara_q3-2023_withAvaTax','marketing','en_US','New in AvaTax: Calculate VAT in real time','Take the effort out of determining tax rates and sell confidently across borders with automated tax management from Avalara AvaTax— including built-in VAT calculation when you sell into or across the EU and UK. Save time and stay compliant when you let Avalara do the heavy lifting.','{}','pending','woocommerce.com','2023-08-09 15:18:49',NULL,0,'plain','',0,0,'info'),(94,'google_uxstudy_recruitment_q3-2023','marketing','en_US','Share your feedback in exchange for $150','Woo has teamed up with Google to collect feedback on advertising products and services available to you. If selected, you’ll receive an incentive equal to $150 USD for a 60-minute interview that can help improve the products you use to advertise. If interested, please take 2 minutes to complete the screening survey.','{}','pending','woocommerce.com','2023-08-10 15:18:46',NULL,0,'plain','',0,0,'info'),(95,'wc-admin-orders-milestone','info','en_US','Primer pedido recibido','¡Felicidades por conseguir tu primer pedido! Ahora es un buen momento para aprender cómo gestionar tus pedidos.','{\"current_milestone\":1}','unactioned','woocommerce-admin','2023-08-15 22:18:25',NULL,0,'plain','',0,0,'info'),(96,'woo-activation-survey-blockers-22AUG23','info','en_US','How can we help you get that first sale?','Your feedback is vital. Please take a minute to share your experience of setting up your new store and whether anything is preventing you from making those first few sales. Together, we can make Woo even better!','{}','pending','woocommerce.com','2023-08-22 15:18:09',NULL,0,'plain','',0,0,'info'),(97,'wc-admin-real-time-order-alerts','info','en_US','Recibe alertas de pedidos en tiempo real en cualquier lugar','Recibe avisos sobre la actividad de la tienda, incluidos nuevos pedidos y valoraciones de productos directamente en tus dispositivos móviles con la aplicación Woo.','{}','unactioned','woocommerce-admin','2023-08-25 15:18:09',NULL,0,'plain','',0,0,'info'),(98,'tiktok_shopGTM_q3-2023_hasTikTok','marketing','en_US','You can now sell your products on TikTok Shop','TikTok is changing the way shoppers find and connect with brands. With TikTok Shop, you can sync your entire catalog from within Woo and sell directly to TikTok users through in-feed videos, livestreams, and your product showcase tab.','{}','pending','woocommerce.com','2023-09-06 15:18:06',NULL,0,'plain','',0,0,'info'),(99,'tiktok_shopGTM_q3-2023_noTikTok','marketing','en_US','You can now sell your products on TikTok Shop','TikTok is changing the way shoppers find and connect with brands. With TikTok Shop, you can sync your entire catalog from within Woo and sell directly to TikTok users through in-feed videos, livestreams, and your product showcase tab.','{}','pending','woocommerce.com','2023-09-07 15:18:09',NULL,0,'plain','',0,0,'info'),(100,'klaviyo_q3_2023','marketing','en_US','Build long lasting relationships with Klaviyo for WooCommerce','Increase customer engagement and boost conversions with powerful email and SMS automation from Klaviyo. Fully integrated with your Woo store, Klaviyo enables you to send personalized communications to your customers — ensuring that the right message is delivered at the right time for maximum impact.','{}','pending','woocommerce.com','2023-09-12 15:18:11',NULL,0,'plain','',0,0,'info'),(101,'wc_admin_BNPL_WCPay_Q3_2023','marketing','en_US','Afterpay and Affirm have arrived in WooCommerce Payments!','Give your customers more power with buy now, pay later from Afterpay and Affirm — now included as part of WooCommerce Payments! With this new integration, you can quickly offer a checkout option that converts sales and boosts average order value, all from within the same payments dashboard you already know.','{}','pending','woocommerce.com','2023-09-19 15:18:10',NULL,0,'plain','',0,0,'info'),(102,'wc_admin_afterpay_WCPay_Q3_2023','marketing','en_US','Afterpay has arrived in WooCommerce Payments!','Give your customers more power with buy now, pay later from Afterpay — now included as part of WooCommerce Payments! With this new integration, you can quickly offer a checkout option that converts sales and boosts average order value, all from within the same payments dashboard you already know.','{}','pending','woocommerce.com','2023-09-19 15:18:10',NULL,0,'plain','',0,0,'info'),(103,'woocommerce-usermeta-Sept2023-productvendors','update','en_US','Your store requires a security update','<strong>Your shop needs an update to address a vulnerability in WooCommerce.</strong> The fix was released on Sept 15. Please update WooCommerce to the latest version immediately. <a href=\"https://developer.woocommerce.com/2023/09/16/woocommerce-vulnerability-reintroduced-from-7-0-1/\" />Read our developer update</a> for more information.','{}','pending','woocommerce.com','2023-09-20 15:18:11',NULL,0,'plain','',0,0,'info'),(104,'Klarna_10OCT23','marketing','en_US','Klarna is now available','This is a test. Klarna is now available.','{}','pending','woocommerce.com','2023-10-11 15:18:11',NULL,0,'plain','',0,0,'info'),(105,'wc_com_in_person_payments_card_sale_US_inbox_note_q4_23','marketing','en_US','Save 35% on a WooPayments card reader','Have you been thinking about selling your products or services in person? Now’s the perfect time to do so, as we’re discounting our M2 card readers by 35%! Securely process payments wherever your business takes you, with full store and inventory sync. Don’t miss out — this offer ends October 29, 2023.','{}','pending','woocommerce.com','2023-10-13 15:18:10',NULL,0,'plain','',0,0,'info'),(106,'wc_com_in_person_payments_card_sale_UK_inbox_note_q4_23','marketing','en_US','Save 35% on a WooPayments card reader','Have you been thinking about selling your products or services in person? Now’s the perfect time to do so, as we’re discounting our WisePad 3 card readers by 35%! Securely process payments wherever your business takes you, with full store and inventory sync. Don’t miss out — this offer ends 29th October 2023.','{}','pending','woocommerce.com','2023-10-13 15:18:10',NULL,0,'plain','',0,0,'info'),(107,'wc_com_in_person_payments_card_sale_CA_inbox_note_q4_23','marketing','en_US','Save 35% on a WooPayments card reader','Have you been thinking about selling your products or services in person? Now’s the perfect time to do so, as we’re discounting our WisePad 3 card readers by 35%! Securely process payments wherever your business takes you, with full store and inventory sync. Don’t miss out — this offer ends October 29, 2023.','{}','pending','woocommerce.com','2023-10-13 15:18:10',NULL,0,'plain','',0,0,'info'),(108,'woocommerce-STRIPE-Oct-2023-update-needed','update','en_US','Action required: Security update for WooCommerce Stripe Gateway','<strong>Your shop requires a security update to address a vulnerability in the WooCommerce Stripe Gateway</strong>. The fix for this vulnerability was released on October 17. Please update immediately.','{}','pending','woocommerce.com','2023-10-18 15:18:26',NULL,0,'plain','',0,0,'info'),(109,'wc_admin_WooPay_Q4_2023','marketing','en_US','Convert more sales with our fastest checkout yet','Enable WooPay and offer the only single-click checkout experience built by Woo, for Woo. Give shoppers the power to pay instantly and securely speed through checkout, even if it\'s their first visit. Add it for free with one tap in your WooPayments dashboard.','{}','pending','woocommerce.com','2023-10-28 15:18:16',NULL,0,'plain','',0,0,'info'),(110,'wc_admin_WooPay_Oct30_2023','marketing','en_US','Convert more sales with our fastest checkout yet','Enable WooPay and offer the only single-click checkout experience built by Woo, for Woo. Give shoppers the power to pay instantly and securely speed through checkout, even if it\'s their first visit. Add it for free with one tap in your WooPayments dashboard.','{}','pending','woocommerce.com','2023-11-03 15:18:44',NULL,0,'plain','',0,0,'info'),(111,'paypal_paylater_q4_23','marketing','en_US','Boost your sales this holiday season with PayPal','Set yourself up for success this holiday season by allowing customers to pay the way they prefer. With the latest version of PayPal Payments, you can accept PayPal, Venmo (US), Pay Later*, credit and debit cards, and popular alternative payment methods in one secure solution.','{}','pending','woocommerce.com','2023-11-06 15:18:23',NULL,0,'plain','',0,0,'info'),(112,'wc-admin-manage-orders-on-the-go','info','en_US','Gestiona tus pedidos desde cualquier lugar','Busca pedidos, información de clientes y procesa reembolsos en un clic con la app de Woo.','{}','unactioned','woocommerce-admin','2023-11-23 15:18:24',NULL,0,'plain','',0,0,'info'),(113,'tap_to_pay_iphone_q4_2023_no_woopayments','marketing','en_US','Accept in-person contactless payments on your iPhone','Tap to Pay on iPhone and WooPayments is quick, secure, and simple to set up — no extra terminals or card readers are needed. Accept contactless debit and credit cards, Apple Pay, and other NFC digital wallets in person.','{}','pending','woocommerce.com','2023-12-06 15:18:05',NULL,0,'plain','',0,0,'info'),(114,'tap_to_pay_iphone_q4_2023_with_woopayments','marketing','en_US','Accept in-person contactless payments on your iPhone','Tap to Pay on iPhone is quick, secure, and simple to set up in WooPayments — no extra terminals or card readers are needed. Accept contactless debit and credit cards, Apple Pay, and other NFC digital wallets in person in a few short steps!','{}','pending','woocommerce.com','2023-12-06 15:18:05',NULL,0,'plain','',0,0,'info'),(115,'amazon-mcf-reviews-2023-12-07','marketing','en_US','Enjoying Amazon MCF for WooCommerce?','We\'re Never Settle, the developers behind Amazon MCF for WooCommerce, and would be deeply honored to have your review. Reviews help immensely as other users can learn how MCF can solve their needs too! Not happy or need help? Please reach out for support and we’d love to make things right!','{}','pending','woocommerce.com','2023-12-06 15:18:05',NULL,0,'plain','',0,0,'info'),(116,'amazon_pay_reactivate_q1-24','marketing','en_US','Special offer: Activate 0% promo rate for Amazon Pay','For a limited time, Woo merchants who register with Amazon Pay can enjoy a promotional rate of 0% on all transaction fees for 30 days. Valid for businesses based in the United Kingdom. Terms and conditions apply.','{}','pending','woocommerce.com','2024-01-10 15:18:29',NULL,0,'plain','',0,0,'info'),(117,'remove_estimated_deposits_2024','marketing','en_US','Estimated deposits are going away','To provide more accurate deposit information and support the expansion of instant deposits, estimated deposit details will no longer be available in WooPayments. We recommend upgrading to the latest version of WooPayments for more detailed balance status information.','{}','pending','woocommerce.com','2024-01-19 15:18:25',NULL,0,'plain','',0,0,'info'),(118,'custom_order_attribution_inbox_q1_2024','marketing','en_US','NEW: Custom Order Attribution','Order attribution tracking is now available for all Woo stores! See whether an order came from a search ad, video, or email. Make better marketing decisions and watch your products go from “maybe” to “must-have.”','{}','pending','woocommerce.com','2024-02-06 15:18:26',NULL,0,'plain','',0,0,'info'),(119,'wc-admin-performance-on-mobile','info','en_US','Haz seguimiento del rendimiento de tu tienda en tu móvil','Supervisa tus ventas y los productos de alto rendimiento con la aplicación de Woo. ','{}','unactioned','woocommerce-admin','2024-02-21 15:18:27',NULL,0,'plain','',0,0,'info'),(120,'airwallex_q1_2024','marketing','en_US','Save big on foreign exchange (FX) fees','Boost your international sales by offering Apple Pay, Google Pay, and 60+ local payment methods with Airwallex. Save time and money by settling payments directly in USD, EUR, HKD, SGD, AUD, and more — without the extra FX fees. Simple, cost-effective, fast.','{}','pending','woocommerce.com','2024-02-29 15:18:26',NULL,0,'plain','',0,0,'info'),(121,'wc_admin_UKpricingchange_WCPay_Q1_2024','marketing','en_US','Fee Changes for WooPayments in the EEA and UK','WooPayments fees for transactions between the EEA and UK will change as of 1st March, 2024. Transactions between the UK and EEA are now deemed by card networks to be cross-border, thus international payment fees will be applicable. This also changes base processing fees.','{}','pending','woocommerce.com','2024-03-01 15:18:24',NULL,0,'plain','',0,0,'info'),(122,'wc-admin-edit-products-on-the-move','info','en_US','Edita productos sobre la marcha','Edita y crea nuevos productos desde tus dispositivos móviles con la aplicación de Woo','{}','unactioned','woocommerce-admin','2024-05-26 15:18:29',NULL,0,'plain','',0,0,'info');

--
-- Table structure for table `MHC5Tl_wc_category_lookup`
--

CREATE TABLE `MHC5Tl_wc_category_lookup` (
  `category_tree_id` bigint(20) unsigned NOT NULL,
  `category_id` bigint(20) unsigned NOT NULL,
  PRIMARY KEY (`category_tree_id`,`category_id`)
) ENGINE=InnoDB DEFAULT CHARSET=utf8mb4 COLLATE=utf8mb4_unicode_520_ci;

--
-- Dumping data for table `MHC5Tl_wc_category_lookup`
--

INSERT INTO `MHC5Tl_wc_category_lookup` VALUES (20,20),(20,83),(20,84),(20,85),(20,86),(20,87),(20,88),(20,89),(20,93),(20,94),(20,97),(20,122),(20,124),(20,127),(83,83),(84,84),(85,85),(86,86),(87,87),(88,88),(89,89),(90,90),(90,91),(90,92),(90,121),(91,91),(92,92),(93,93),(94,94),(95,95),(95,96),(95,98),(95,102),(95,103),(95,123),(95,126),(96,96),(97,97),(98,98),(99,99),(99,100),(99,101),(99,120),(100,100),(101,101),(102,102),(103,103),(104,104),(104,105),(104,106),(105,105),(106,106),(116,116),(117,117),(118,118),(119,119),(119,125),(120,120),(121,121),(122,122),(123,123),(124,124),(125,125),(126,126),(127,127);

--
-- Table structure for table `MHC5Tl_wc_customer_lookup`
--

CREATE TABLE `MHC5Tl_wc_customer_lookup` (
  `customer_id` bigint(20) unsigned NOT NULL AUTO_INCREMENT,
  `user_id` bigint(20) unsigned DEFAULT NULL,
  `username` varchar(60) NOT NULL DEFAULT '',
  `first_name` varchar(255) NOT NULL,
  `last_name` varchar(255) NOT NULL,
  `email` varchar(100) DEFAULT NULL,
  `date_last_active` timestamp NULL DEFAULT NULL,
  `date_registered` timestamp NULL DEFAULT NULL,
  `country` char(2) NOT NULL DEFAULT '',
  `postcode` varchar(20) NOT NULL DEFAULT '',
  `city` varchar(100) NOT NULL DEFAULT '',
  `state` varchar(100) NOT NULL DEFAULT '',
  PRIMARY KEY (`customer_id`),
  UNIQUE KEY `user_id` (`user_id`),
  KEY `email` (`email`)
) ENGINE=InnoDB AUTO_INCREMENT=11 DEFAULT CHARSET=utf8mb4 COLLATE=utf8mb4_unicode_520_ci;

--
-- Dumping data for table `MHC5Tl_wc_customer_lookup`
--

INSERT INTO `MHC5Tl_wc_customer_lookup` VALUES (1,1,'soporte','Luis','Hernandez','luisfelipegilhernandez@gmail.com','2023-08-19 00:37:44','2023-05-27 19:55:40','CO','760001','Candelaria','VAC'),(2,NULL,'','Luis','Hernandez','luisfelipegilhernandez@gmail.com','2023-05-31 02:38:14',NULL,'CO','760001','Candelaria','CO-VAC'),(3,NULL,'','Luis','Hernandez','soporte@xenter.co','2023-08-16 02:29:09',NULL,'CO','','Candelaria','VAC'),(4,NULL,'','test','test','test@test.com','2023-10-19 00:20:33',NULL,'CO','','Arjona','BOL'),(5,2,'administrador','Nataly','Palechor','natalychicanagana@gmail.com','2023-10-19 00:41:11','2023-08-19 01:58:57','CO','','Cali','VAC'),(6,NULL,'','Amparo','Osorio','amparoosorio45@hotmail.com','2024-05-10 09:52:24',NULL,'CO','','Cali','VAC'),(7,NULL,'','Ayda luz','Rodriguez','aylu1908@hotmail.com','2023-11-29 16:09:40',NULL,'CO','','Cali','VAC'),(8,NULL,'','Lucy Judith','Cortés Martinez','judithlyc@yahoo.com','2023-12-02 08:50:21',NULL,'CO','','Tumaco','NAR'),(9,NULL,'','Jeanet','Alzate Quiceno','onlyjaq@gmail.com','2023-12-04 02:16:36',NULL,'CO','','Cali','VAC'),(10,NULL,'','Haiver Jesus','Penagos Diaz','penagos83@hotmail.com','2023-12-07 23:08:58',NULL,'CO','','Cali','VAC');

--
-- Table structure for table `MHC5Tl_wc_download_log`
--

CREATE TABLE `MHC5Tl_wc_download_log` (
  `download_log_id` bigint(20) unsigned NOT NULL AUTO_INCREMENT,
  `timestamp` datetime NOT NULL,
  `permission_id` bigint(20) unsigned NOT NULL,
  `user_id` bigint(20) unsigned DEFAULT NULL,
  `user_ip_address` varchar(100) DEFAULT '',
  PRIMARY KEY (`download_log_id`),
  KEY `permission_id` (`permission_id`),
  KEY `timestamp` (`timestamp`)
) ENGINE=InnoDB DEFAULT CHARSET=utf8mb4 COLLATE=utf8mb4_unicode_520_ci;

--
-- Dumping data for table `MHC5Tl_wc_download_log`
--


--
-- Table structure for table `MHC5Tl_wc_order_addresses`
--

CREATE TABLE `MHC5Tl_wc_order_addresses` (
  `id` bigint(20) unsigned NOT NULL AUTO_INCREMENT,
  `order_id` bigint(20) unsigned NOT NULL,
  `address_type` varchar(20) DEFAULT NULL,
  `first_name` text DEFAULT NULL,
  `last_name` text DEFAULT NULL,
  `company` text DEFAULT NULL,
  `address_1` text DEFAULT NULL,
  `address_2` text DEFAULT NULL,
  `city` text DEFAULT NULL,
  `state` text DEFAULT NULL,
  `postcode` text DEFAULT NULL,
  `country` text DEFAULT NULL,
  `email` varchar(320) DEFAULT NULL,
  `phone` varchar(100) DEFAULT NULL,
  PRIMARY KEY (`id`),
  UNIQUE KEY `address_type_order_id` (`address_type`,`order_id`),
  KEY `order_id` (`order_id`),
  KEY `email` (`email`),
  KEY `phone` (`phone`)
) ENGINE=InnoDB DEFAULT CHARSET=utf8mb4 COLLATE=utf8mb4_unicode_520_ci;

--
-- Dumping data for table `MHC5Tl_wc_order_addresses`
--


--
-- Table structure for table `MHC5Tl_wc_order_coupon_lookup`
--

CREATE TABLE `MHC5Tl_wc_order_coupon_lookup` (
  `order_id` bigint(20) unsigned NOT NULL,
  `coupon_id` bigint(20) NOT NULL,
  `date_created` datetime NOT NULL DEFAULT '0000-00-00 00:00:00',
  `discount_amount` double NOT NULL DEFAULT 0,
  PRIMARY KEY (`order_id`,`coupon_id`),
  KEY `coupon_id` (`coupon_id`),
  KEY `date_created` (`date_created`)
) ENGINE=InnoDB DEFAULT CHARSET=utf8mb4 COLLATE=utf8mb4_unicode_520_ci;

--
-- Dumping data for table `MHC5Tl_wc_order_coupon_lookup`
--


--
-- Table structure for table `MHC5Tl_wc_order_operational_data`
--

CREATE TABLE `MHC5Tl_wc_order_operational_data` (
  `id` bigint(20) unsigned NOT NULL AUTO_INCREMENT,
  `order_id` bigint(20) unsigned DEFAULT NULL,
  `created_via` varchar(100) DEFAULT NULL,
  `woocommerce_version` varchar(20) DEFAULT NULL,
  `prices_include_tax` tinyint(1) DEFAULT NULL,
  `coupon_usages_are_counted` tinyint(1) DEFAULT NULL,
  `download_permission_granted` tinyint(1) DEFAULT NULL,
  `cart_hash` varchar(100) DEFAULT NULL,
  `new_order_email_sent` tinyint(1) DEFAULT NULL,
  `order_key` varchar(100) DEFAULT NULL,
  `order_stock_reduced` tinyint(1) DEFAULT NULL,
  `date_paid_gmt` datetime DEFAULT NULL,
  `date_completed_gmt` datetime DEFAULT NULL,
  `shipping_tax_amount` decimal(26,8) DEFAULT NULL,
  `shipping_total_amount` decimal(26,8) DEFAULT NULL,
  `discount_tax_amount` decimal(26,8) DEFAULT NULL,
  `discount_total_amount` decimal(26,8) DEFAULT NULL,
  `recorded_sales` tinyint(1) DEFAULT NULL,
  PRIMARY KEY (`id`),
  UNIQUE KEY `order_id` (`order_id`),
  KEY `order_key` (`order_key`)
) ENGINE=InnoDB DEFAULT CHARSET=utf8mb4 COLLATE=utf8mb4_unicode_520_ci;

--
-- Dumping data for table `MHC5Tl_wc_order_operational_data`
--


--
-- Table structure for table `MHC5Tl_wc_order_product_lookup`
--

CREATE TABLE `MHC5Tl_wc_order_product_lookup` (
  `order_item_id` bigint(20) unsigned NOT NULL,
  `order_id` bigint(20) unsigned NOT NULL,
  `product_id` bigint(20) unsigned NOT NULL,
  `variation_id` bigint(20) unsigned NOT NULL,
  `customer_id` bigint(20) unsigned DEFAULT NULL,
  `date_created` datetime NOT NULL DEFAULT '0000-00-00 00:00:00',
  `product_qty` int(11) NOT NULL,
  `product_net_revenue` double NOT NULL DEFAULT 0,
  `product_gross_revenue` double NOT NULL DEFAULT 0,
  `coupon_amount` double NOT NULL DEFAULT 0,
  `tax_amount` double NOT NULL DEFAULT 0,
  `shipping_amount` double NOT NULL DEFAULT 0,
  `shipping_tax_amount` double NOT NULL DEFAULT 0,
  PRIMARY KEY (`order_item_id`),
  KEY `order_id` (`order_id`),
  KEY `product_id` (`product_id`),
  KEY `customer_id` (`customer_id`),
  KEY `date_created` (`date_created`)
) ENGINE=InnoDB DEFAULT CHARSET=utf8mb4 COLLATE=utf8mb4_unicode_520_ci;

--
-- Dumping data for table `MHC5Tl_wc_order_product_lookup`
--

INSERT INTO `MHC5Tl_wc_order_product_lookup` VALUES (1,16205,15727,0,1,'2023-05-30 22:31:43',1,90000,100000,0,0,10000,0),(3,16206,15727,0,1,'2023-05-30 22:33:08',1,90000,100000,0,0,10000,0),(5,16207,15723,0,2,'2023-05-30 22:34:02',1,120000,130000,0,0,10000,0),(7,16208,15723,0,2,'2023-05-30 22:35:00',1,120000,130000,0,0,10000,0),(9,16209,15723,0,2,'2023-05-30 22:35:36',1,120000,130000,0,0,10000,0),(11,16210,15735,0,2,'2023-05-30 22:38:14',1,450000,460000,0,0,10000,0),(13,16998,15727,16380,3,'2023-08-15 21:29:09',1,90000,90000,0,0,0,0),(15,16999,15727,16386,1,'2023-08-15 22:08:46',1,90000,90000,0,0,0,0),(17,17005,15733,0,1,'2023-08-16 22:45:20',1,180000,180000,0,0,0,0),(18,17005,16580,0,1,'2023-08-16 22:45:20',1,130000,130000,0,0,0,0),(20,17033,15721,16366,1,'2023-08-18 19:37:44',1,450000,450000,0,0,0,0),(22,17048,15719,16359,4,'2023-10-18 19:20:33',1,140000,140000,0,0,0,0),(24,17049,15727,16386,5,'2023-10-18 19:41:11',1,90000,90000,0,0,0,0),(26,17050,16420,0,6,'2023-10-23 06:10:22',1,70000,70000,0,0,0,0),(28,17051,16420,0,6,'2023-10-23 06:13:54',1,70000,70000,0,0,0,0),(30,17055,16034,16195,7,'2023-11-29 11:09:40',1,50000,50000,0,0,0,0),(32,17056,15715,0,8,'2023-12-02 03:50:21',1,130000,130000,0,0,0,0),(34,17057,16570,0,9,'2023-12-03 21:16:36',1,120000,120000,0,0,0,0),(36,17058,16586,0,10,'2023-12-07 18:08:58',1,90000,90000,0,0,0,0),(38,17059,16568,0,6,'2024-05-10 05:52:24',1,40000,40000,0,0,0,0);

--
-- Table structure for table `MHC5Tl_wc_order_stats`
--

CREATE TABLE `MHC5Tl_wc_order_stats` (
  `order_id` bigint(20) unsigned NOT NULL,
  `parent_id` bigint(20) unsigned NOT NULL DEFAULT 0,
  `date_created` datetime NOT NULL DEFAULT '0000-00-00 00:00:00',
  `date_created_gmt` datetime NOT NULL DEFAULT '0000-00-00 00:00:00',
  `date_paid` datetime DEFAULT '0000-00-00 00:00:00',
  `date_completed` datetime DEFAULT '0000-00-00 00:00:00',
  `num_items_sold` int(11) NOT NULL DEFAULT 0,
  `total_sales` double NOT NULL DEFAULT 0,
  `tax_total` double NOT NULL DEFAULT 0,
  `shipping_total` double NOT NULL DEFAULT 0,
  `net_total` double NOT NULL DEFAULT 0,
  `returning_customer` tinyint(1) DEFAULT NULL,
  `status` varchar(200) NOT NULL,
  `customer_id` bigint(20) unsigned NOT NULL,
  PRIMARY KEY (`order_id`),
  KEY `date_created` (`date_created`),
  KEY `customer_id` (`customer_id`),
  KEY `status` (`status`(191))
) ENGINE=InnoDB DEFAULT CHARSET=utf8mb4 COLLATE=utf8mb4_unicode_520_ci;

--
-- Dumping data for table `MHC5Tl_wc_order_stats`
--

INSERT INTO `MHC5Tl_wc_order_stats` VALUES (16205,0,'2023-05-30 22:31:43','2023-05-30 22:31:43',NULL,NULL,1,100000,0,10000,90000,0,'wc-on-hold',1),(16206,0,'2023-05-30 22:33:08','2023-05-30 22:33:08',NULL,NULL,1,100000,0,10000,90000,1,'wc-on-hold',1),(16207,0,'2023-05-30 22:34:02','2023-05-30 22:34:02',NULL,NULL,1,130000,0,10000,120000,0,'wc-on-hold',2),(16208,0,'2023-05-30 22:35:00','2023-05-30 22:35:00',NULL,NULL,1,130000,0,10000,120000,1,'wc-on-hold',2),(16209,0,'2023-05-30 22:35:36','2023-05-30 22:35:36',NULL,NULL,1,130000,0,10000,120000,1,'wc-on-hold',2),(16210,0,'2023-05-30 22:38:14','2023-05-30 22:38:14',NULL,NULL,1,460000,0,10000,450000,1,'wc-on-hold',2),(16998,0,'2023-08-15 21:29:09','2023-08-15 21:29:09',NULL,NULL,1,90000,0,0,90000,0,'wc-cancelled',3),(16999,0,'2023-08-15 22:08:46','2023-08-15 22:08:46',NULL,NULL,1,90000,0,0,90000,1,'wc-cancelled',1),(17005,0,'2023-08-16 22:45:20','2023-08-16 22:45:20',NULL,NULL,2,310000,0,0,310000,1,'wc-cancelled',1),(17033,0,'2023-08-18 19:37:44','2023-08-18 19:37:44','2023-08-18 19:57:21','2023-08-18 19:57:21',1,450000,0,0,450000,1,'wc-completed',1),(17048,0,'2023-10-18 19:20:33','2023-10-18 19:20:33',NULL,NULL,1,140000,0,0,140000,0,'wc-on-hold',4),(17049,0,'2023-10-18 19:41:11','2023-10-18 19:41:11',NULL,NULL,1,90000,0,0,90000,0,'wc-on-hold',5),(17050,0,'2023-10-23 06:10:22','2023-10-23 06:10:22',NULL,NULL,1,70000,0,0,70000,0,'wc-cancelled',6),(17051,0,'2023-10-23 06:13:54','2023-10-23 06:13:54',NULL,NULL,1,70000,0,0,70000,0,'wc-cancelled',6),(17055,0,'2023-11-29 11:09:40','2023-11-29 11:09:40',NULL,NULL,1,50000,0,0,50000,0,'wc-cancelled',7),(17056,0,'2023-12-02 03:50:21','2023-12-02 03:50:21',NULL,NULL,1,130000,0,0,130000,0,'wc-cancelled',8),(17057,0,'2023-12-03 21:16:36','2023-12-03 21:16:36',NULL,NULL,1,120000,0,0,120000,0,'wc-on-hold',9),(17058,0,'2023-12-07 18:08:58','2023-12-07 18:08:58',NULL,NULL,1,90000,0,0,90000,0,'wc-on-hold',10),(17059,0,'2024-05-10 05:52:24','2024-05-10 05:52:24',NULL,NULL,1,40000,0,0,40000,0,'wc-cancelled',6);

--
-- Table structure for table `MHC5Tl_wc_order_tax_lookup`
--

CREATE TABLE `MHC5Tl_wc_order_tax_lookup` (
  `order_id` bigint(20) unsigned NOT NULL,
  `tax_rate_id` bigint(20) unsigned NOT NULL,
  `date_created` datetime NOT NULL DEFAULT '0000-00-00 00:00:00',
  `shipping_tax` double NOT NULL DEFAULT 0,
  `order_tax` double NOT NULL DEFAULT 0,
  `total_tax` double NOT NULL DEFAULT 0,
  PRIMARY KEY (`order_id`,`tax_rate_id`),
  KEY `tax_rate_id` (`tax_rate_id`),
  KEY `date_created` (`date_created`)
) ENGINE=InnoDB DEFAULT CHARSET=utf8mb4 COLLATE=utf8mb4_unicode_520_ci;

--
-- Dumping data for table `MHC5Tl_wc_order_tax_lookup`
--


--
-- Table structure for table `MHC5Tl_wc_orders`
--

CREATE TABLE `MHC5Tl_wc_orders` (
  `id` bigint(20) unsigned NOT NULL,
  `status` varchar(20) DEFAULT NULL,
  `currency` varchar(10) DEFAULT NULL,
  `type` varchar(20) DEFAULT NULL,
  `tax_amount` decimal(26,8) DEFAULT NULL,
  `total_amount` decimal(26,8) DEFAULT NULL,
  `customer_id` bigint(20) unsigned DEFAULT NULL,
  `billing_email` varchar(320) DEFAULT NULL,
  `date_created_gmt` datetime DEFAULT NULL,
  `date_updated_gmt` datetime DEFAULT NULL,
  `parent_order_id` bigint(20) unsigned DEFAULT NULL,
  `payment_method` varchar(100) DEFAULT NULL,
  `payment_method_title` text DEFAULT NULL,
  `transaction_id` varchar(100) DEFAULT NULL,
  `ip_address` varchar(100) DEFAULT NULL,
  `user_agent` text DEFAULT NULL,
  `customer_note` text DEFAULT NULL,
  PRIMARY KEY (`id`),
  KEY `status` (`status`),
  KEY `date_created` (`date_created_gmt`),
  KEY `customer_id_billing_email` (`customer_id`,`billing_email`),
  KEY `billing_email` (`billing_email`),
  KEY `type_status` (`type`,`status`),
  KEY `parent_order_id` (`parent_order_id`),
  KEY `date_updated` (`date_updated_gmt`)
) ENGINE=InnoDB DEFAULT CHARSET=utf8mb4 COLLATE=utf8mb4_unicode_520_ci;

--
-- Dumping data for table `MHC5Tl_wc_orders`
--


--
-- Table structure for table `MHC5Tl_wc_orders_meta`
--

CREATE TABLE `MHC5Tl_wc_orders_meta` (
  `id` bigint(20) unsigned NOT NULL AUTO_INCREMENT,
  `order_id` bigint(20) unsigned DEFAULT NULL,
  `meta_key` varchar(255) DEFAULT NULL,
  `meta_value` text DEFAULT NULL,
  PRIMARY KEY (`id`),
  KEY `meta_key_value` (`meta_key`,`meta_value`(100)),
  KEY `order_id_meta_key_meta_value` (`order_id`,`meta_key`,`meta_value`(100))
) ENGINE=InnoDB DEFAULT CHARSET=utf8mb4 COLLATE=utf8mb4_unicode_520_ci;

--
-- Dumping data for table `MHC5Tl_wc_orders_meta`
--


--
-- Table structure for table `MHC5Tl_wc_product_attributes_lookup`
--

CREATE TABLE `MHC5Tl_wc_product_attributes_lookup` (
  `product_id` bigint(20) NOT NULL,
  `product_or_parent_id` bigint(20) NOT NULL,
  `taxonomy` varchar(32) NOT NULL,
  `term_id` bigint(20) NOT NULL,
  `is_variation_attribute` tinyint(1) NOT NULL,
  `in_stock` tinyint(1) NOT NULL,
  PRIMARY KEY (`product_or_parent_id`,`term_id`,`product_id`,`taxonomy`),
  KEY `is_variation_attribute_term_id` (`is_variation_attribute`,`term_id`)
) ENGINE=InnoDB DEFAULT CHARSET=utf8mb4 COLLATE=utf8mb4_unicode_520_ci;

--
-- Dumping data for table `MHC5Tl_wc_product_attributes_lookup`
--

INSERT INTO `MHC5Tl_wc_product_attributes_lookup` VALUES (16346,15711,'pa_color',23,1,1),(16348,15711,'pa_color',24,1,1),(16345,15711,'pa_color',25,1,1),(16347,15711,'pa_color',26,1,1),(16344,15711,'pa_color',57,1,1),(16349,15711,'pa_color',113,1,1),(16350,15711,'pa_color',114,1,1),(16353,15713,'pa_color',23,1,1),(16355,15713,'pa_color',24,1,1),(16352,15713,'pa_color',25,1,1),(16354,15713,'pa_color',26,1,1),(16351,15713,'pa_color',57,1,1),(16356,15713,'pa_color',113,1,1),(16357,15713,'pa_color',114,1,1),(16361,15719,'pa_color',23,1,1),(16363,15719,'pa_color',24,1,1),(16360,15719,'pa_color',25,1,1),(16362,15719,'pa_color',26,1,1),(16359,15719,'pa_color',57,1,1),(16364,15719,'pa_color',113,1,1),(16365,15719,'pa_color',114,1,1),(16368,15721,'pa_color',23,1,1),(16370,15721,'pa_color',24,1,1),(16367,15721,'pa_color',25,1,1),(16369,15721,'pa_color',26,1,1),(16366,15721,'pa_color',57,1,1),(16371,15721,'pa_color',113,1,1),(16372,15721,'pa_color',114,1,1),(16375,15723,'pa_color',23,1,1),(16377,15723,'pa_color',24,1,1),(16374,15723,'pa_color',25,1,1),(16376,15723,'pa_color',26,1,1),(16373,15723,'pa_color',57,1,1),(16378,15723,'pa_color',113,1,1),(16379,15723,'pa_color',114,1,1),(16382,15727,'pa_color',23,1,1),(16384,15727,'pa_color',24,1,1),(16381,15727,'pa_color',25,1,1),(16383,15727,'pa_color',26,1,1),(16380,15727,'pa_color',57,1,1),(16385,15727,'pa_color',113,1,1),(16386,15727,'pa_color',114,1,1),(16304,15753,'pa_color',23,1,1),(16306,15753,'pa_color',24,1,1),(16303,15753,'pa_color',25,1,1),(16305,15753,'pa_color',26,1,1),(16302,15753,'pa_color',57,1,1),(16307,15753,'pa_color',113,1,1),(16308,15753,'pa_color',114,1,1),(15757,15757,'pa_color',23,0,1),(15757,15757,'pa_color',24,0,1),(15757,15757,'pa_color',25,0,1),(15757,15757,'pa_color',26,0,1),(15757,15757,'pa_color',57,0,1),(15757,15757,'pa_color',113,0,1),(15757,15757,'pa_color',114,0,1),(16311,15759,'pa_color',23,1,1),(16313,15759,'pa_color',24,1,1),(16310,15759,'pa_color',25,1,1),(16312,15759,'pa_color',26,1,1),(16309,15759,'pa_color',57,1,1),(16314,15759,'pa_color',113,1,1),(16315,15759,'pa_color',114,1,1),(16318,15763,'pa_color',23,1,1),(16320,15763,'pa_color',24,1,1),(16317,15763,'pa_color',25,1,1),(16319,15763,'pa_color',26,1,1),(16316,15763,'pa_color',57,1,1),(16321,15763,'pa_color',113,1,1),(16322,15763,'pa_color',114,1,1),(16325,15769,'pa_color',23,1,1),(16327,15769,'pa_color',24,1,1),(16324,15769,'pa_color',25,1,1),(16326,15769,'pa_color',26,1,1),(16323,15769,'pa_color',57,1,1),(16328,15769,'pa_color',113,1,1),(16329,15769,'pa_color',114,1,1),(16332,15773,'pa_color',23,1,1),(16334,15773,'pa_color',24,1,1),(16331,15773,'pa_color',25,1,1),(16333,15773,'pa_color',26,1,1),(16330,15773,'pa_color',57,1,1),(16335,15773,'pa_color',113,1,1),(16336,15773,'pa_color',114,1,1),(16339,15777,'pa_color',23,1,1),(16341,15777,'pa_color',24,1,1),(16338,15777,'pa_color',25,1,1),(16340,15777,'pa_color',26,1,1),(16337,15777,'pa_color',57,1,1),(16342,15777,'pa_color',113,1,1),(16343,15777,'pa_color',114,1,1),(16274,16000,'pa_color',23,1,1),(16276,16000,'pa_color',24,1,1),(16273,16000,'pa_color',25,1,1),(16275,16000,'pa_color',26,1,1),(16272,16000,'pa_color',57,1,1),(16277,16000,'pa_color',113,1,1),(16278,16000,'pa_color',114,1,1),(16281,16002,'pa_color',23,1,1),(16283,16002,'pa_color',24,1,1),(16280,16002,'pa_color',25,1,1),(16282,16002,'pa_color',26,1,1),(16279,16002,'pa_color',57,1,1),(16284,16002,'pa_color',113,1,1),(16285,16002,'pa_color',114,1,1),(16288,16004,'pa_color',23,1,1),(16290,16004,'pa_color',24,1,1),(16287,16004,'pa_color',25,1,1),(16289,16004,'pa_color',26,1,1),(16286,16004,'pa_color',57,1,1),(16291,16004,'pa_color',113,1,1),(16292,16004,'pa_color',114,1,1),(16297,16012,'pa_color',23,1,1),(16299,16012,'pa_color',24,1,1),(16296,16012,'pa_color',25,1,1),(16298,16012,'pa_color',26,1,1),(16295,16012,'pa_color',57,1,1),(16300,16012,'pa_color',113,1,1),(16301,16012,'pa_color',114,1,1),(16179,16014,'pa_color',23,1,1),(16181,16014,'pa_color',24,1,1),(16178,16014,'pa_color',25,1,1),(16180,16014,'pa_color',26,1,1),(16177,16014,'pa_color',57,1,1),(16182,16014,'pa_color',113,1,1),(16183,16014,'pa_color',114,1,1),(16186,16032,'pa_color',23,1,1),(16188,16032,'pa_color',24,1,1),(16185,16032,'pa_color',25,1,1),(16187,16032,'pa_color',26,1,1),(16184,16032,'pa_color',57,1,1),(16189,16032,'pa_color',113,1,1),(16190,16032,'pa_color',114,1,1),(16193,16034,'pa_color',23,1,1),(16195,16034,'pa_color',24,1,1),(16192,16034,'pa_color',25,1,1),(16194,16034,'pa_color',26,1,1),(16191,16034,'pa_color',57,1,1),(16196,16034,'pa_color',113,1,1),(16197,16034,'pa_color',114,1,1),(16200,16036,'pa_color',23,1,1),(16202,16036,'pa_color',24,1,1),(16199,16036,'pa_color',25,1,1),(16201,16036,'pa_color',26,1,1),(16198,16036,'pa_color',57,1,1),(16203,16036,'pa_color',113,1,1),(16204,16036,'pa_color',114,1,1),(16108,16040,'pa_color',23,1,1),(16110,16040,'pa_color',24,1,1),(16107,16040,'pa_color',25,1,1),(16109,16040,'pa_color',26,1,1),(16106,16040,'pa_color',57,1,1),(16111,16040,'pa_color',113,1,1),(16112,16040,'pa_color',114,1,1),(16115,16042,'pa_color',23,1,1),(16117,16042,'pa_color',24,1,1),(16114,16042,'pa_color',25,1,1),(16116,16042,'pa_color',26,1,1),(16113,16042,'pa_color',57,1,1),(16118,16042,'pa_color',113,1,1),(16119,16042,'pa_color',114,1,1),(16144,16044,'pa_color',23,1,1),(16146,16044,'pa_color',24,1,1),(16143,16044,'pa_color',25,1,1),(16145,16044,'pa_color',26,1,1),(16142,16044,'pa_color',57,1,1),(16147,16044,'pa_color',113,1,1),(16148,16044,'pa_color',114,1,1),(16151,16048,'pa_color',23,1,1),(16153,16048,'pa_color',24,1,1),(16150,16048,'pa_color',25,1,1),(16152,16048,'pa_color',26,1,1),(16149,16048,'pa_color',57,1,1),(16154,16048,'pa_color',113,1,1),(16155,16048,'pa_color',114,1,1),(16158,16050,'pa_color',23,1,1),(16160,16050,'pa_color',24,1,1),(16157,16050,'pa_color',25,1,1),(16159,16050,'pa_color',26,1,1),(16156,16050,'pa_color',57,1,1),(16161,16050,'pa_color',113,1,1),(16162,16050,'pa_color',114,1,1),(16165,16052,'pa_color',23,1,1),(16167,16052,'pa_color',24,1,1),(16164,16052,'pa_color',25,1,1),(16166,16052,'pa_color',26,1,1),(16163,16052,'pa_color',57,1,1),(16168,16052,'pa_color',113,1,1),(16169,16052,'pa_color',114,1,1),(16172,16054,'pa_color',23,1,1),(16174,16054,'pa_color',24,1,1),(16171,16054,'pa_color',25,1,1),(16173,16054,'pa_color',26,1,1),(16170,16054,'pa_color',57,1,1),(16175,16054,'pa_color',113,1,1),(16176,16054,'pa_color',114,1,1),(16259,16239,'pa_color',23,1,1),(16261,16239,'pa_color',24,1,1),(16258,16239,'pa_color',25,1,1),(16260,16239,'pa_color',26,1,1),(16257,16239,'pa_color',57,1,1),(16262,16239,'pa_color',113,1,1),(16263,16239,'pa_color',114,1,1),(16266,16241,'pa_color',23,1,1),(16268,16241,'pa_color',24,1,1),(16265,16241,'pa_color',25,1,1),(16267,16241,'pa_color',26,1,1),(16264,16241,'pa_color',57,1,1),(16269,16241,'pa_color',113,1,1),(16270,16241,'pa_color',114,1,1),(16427,16404,'pa_color',23,1,1),(16429,16404,'pa_color',24,1,1),(16426,16404,'pa_color',25,1,1),(16428,16404,'pa_color',26,1,1),(16425,16404,'pa_color',57,1,1),(16430,16404,'pa_color',113,1,1),(16431,16404,'pa_color',114,1,1);

--
-- Table structure for table `MHC5Tl_wc_product_download_directories`
--

CREATE TABLE `MHC5Tl_wc_product_download_directories` (
  `url_id` bigint(20) unsigned NOT NULL AUTO_INCREMENT,
  `url` varchar(256) NOT NULL,
  `enabled` tinyint(1) NOT NULL DEFAULT 0,
  PRIMARY KEY (`url_id`),
  KEY `url` (`url`(191))
) ENGINE=InnoDB AUTO_INCREMENT=3 DEFAULT CHARSET=utf8mb4 COLLATE=utf8mb4_unicode_520_ci;

--
-- Dumping data for table `MHC5Tl_wc_product_download_directories`
--

INSERT INTO `MHC5Tl_wc_product_download_directories` VALUES (1,'file:///var/www/vhosts/floristeriagheraldin.com/public_html/wp-content/uploads/woocommerce_uploads/',1),(2,'https://floristeriagheraldin.com/wp-content/uploads/woocommerce_uploads/',1);

--
-- Table structure for table `MHC5Tl_wc_product_meta_lookup`
--

CREATE TABLE `MHC5Tl_wc_product_meta_lookup` (
  `product_id` bigint(20) NOT NULL,
  `sku` varchar(100) DEFAULT '',
  `virtual` tinyint(1) DEFAULT 0,
  `downloadable` tinyint(1) DEFAULT 0,
  `min_price` decimal(19,4) DEFAULT NULL,
  `max_price` decimal(19,4) DEFAULT NULL,
  `onsale` tinyint(1) DEFAULT 0,
  `stock_quantity` double DEFAULT NULL,
  `stock_status` varchar(100) DEFAULT 'instock',
  `rating_count` bigint(20) DEFAULT 0,
  `average_rating` decimal(3,2) DEFAULT 0.00,
  `total_sales` bigint(20) DEFAULT 0,
  `tax_status` varchar(100) DEFAULT 'taxable',
  `tax_class` varchar(100) DEFAULT '',
  PRIMARY KEY (`product_id`),
  KEY `virtual` (`virtual`),
  KEY `downloadable` (`downloadable`),
  KEY `stock_status` (`stock_status`),
  KEY `stock_quantity` (`stock_quantity`),
  KEY `onsale` (`onsale`),
  KEY `min_max_price` (`min_price`,`max_price`)
) ENGINE=InnoDB DEFAULT CHARSET=utf8mb4 COLLATE=utf8mb4_unicode_520_ci;

--
-- Dumping data for table `MHC5Tl_wc_product_meta_lookup`
--

INSERT INTO `MHC5Tl_wc_product_meta_lookup` VALUES (15711,'RRC001',0,0,160000.0000,160000.0000,1,50,'instock',0,0.00,0,'none',''),(15713,'JRC001',0,0,220000.0000,220000.0000,1,50,'instock',0,0.00,0,'none',''),(15715,'RTRG001',0,0,130000.0000,130000.0000,1,50,'instock',0,0.00,0,'none',''),(15717,'RJG001',0,0,150000.0000,150000.0000,1,50,'instock',0,0.00,0,'none',''),(15719,'SRG001',0,0,140000.0000,140000.0000,1,49,'instock',0,0.00,1,'none',''),(15721,'RGR001',0,0,450000.0000,450000.0000,1,49,'instock',0,0.00,1,'none',''),(15723,'SRYG001',0,0,120000.0000,120000.0000,1,47,'instock',0,0.00,3,'none',''),(15725,'STYA001',0,0,80000.0000,80000.0000,1,50,'instock',0,0.00,0,'none',''),(15727,'AF18',0,0,90000.0000,90000.0000,1,47,'instock',0,0.00,3,'none',''),(15729,'JRL001',0,0,220000.0000,220000.0000,1,50,'instock',0,0.00,0,'none',''),(15731,'JRG001',0,0,180000.0000,180000.0000,1,50,'instock',0,0.00,0,'none',''),(15733,'JRCH001',0,0,180000.0000,180000.0000,1,50,'instock',0,0.00,0,'none',''),(15735,'RGR002',0,0,450000.0000,450000.0000,1,49,'instock',0,0.00,1,'none',''),(15737,'R2T001',0,0,450000.0000,450000.0000,1,50,'instock',0,0.00,0,'none',''),(15739,'BLR001',0,0,150000.0000,150000.0000,1,50,'instock',0,0.00,0,'none',''),(15741,'FGRM001',0,0,150000.0000,150000.0000,1,50,'instock',0,0.00,0,'none',''),(15743,'FPR001',0,0,200000.0000,200000.0000,1,50,'instock',0,0.00,0,'none',''),(15745,'FPA001',0,0,160000.0000,160000.0000,1,50,'instock',0,0.00,0,'none',''),(15747,'FPR002',0,0,170000.0000,170000.0000,1,50,'instock',0,0.00,0,'none',''),(15749,'FP001',0,0,80000.0000,80000.0000,1,50,'instock',0,0.00,0,'none',''),(15751,'RPR001',0,0,80000.0000,80000.0000,1,50,'instock',0,0.00,0,'none',''),(15753,'RPS001',0,0,50000.0000,50000.0000,1,50,'instock',0,0.00,0,'none',''),(15755,'FPR003',0,0,150000.0000,150000.0000,1,50,'instock',0,0.00,0,'none',''),(15757,'AFR001',0,0,120000.0000,120000.0000,1,50,'instock',0,0.00,0,'none',''),(15759,'FPB002',0,0,140000.0000,140000.0000,1,50,'instock',0,0.00,0,'none',''),(15761,'AFP001',0,0,110000.0000,110000.0000,1,50,'instock',0,0.00,0,'none',''),(15763,'FPRM001',0,0,160000.0000,160000.0000,1,50,'instock',0,0.00,0,'none',''),(15765,'RPS003',0,0,60000.0000,60000.0000,1,50,'instock',0,0.00,0,'none',''),(15767,'BQ6001',0,0,120000.0000,120000.0000,1,50,'instock',0,0.00,0,'none',''),(15769,'RPN001',0,0,80000.0000,80000.0000,1,50,'instock',0,0.00,0,'none',''),(15771,'RPR002',0,0,110000.0000,110000.0000,1,50,'instock',0,0.00,0,'none',''),(15773,'RPCR001',0,0,90000.0000,90000.0000,1,50,'instock',0,0.00,0,'none',''),(15775,'FPRB001',0,0,160000.0000,160000.0000,1,50,'instock',0,0.00,0,'none',''),(15777,'FPRB002',0,0,220000.0000,220000.0000,1,50,'instock',0,0.00,0,'none',''),(15998,'BQRB001',0,0,80000.0000,80000.0000,1,NULL,'instock',0,0.00,0,'none',''),(16000,'SRCH001',0,0,210000.0000,210000.0000,1,NULL,'instock',0,0.00,0,'none',''),(16002,'SR24',0,0,100000.0000,100000.0000,1,NULL,'instock',0,0.00,0,'none',''),(16004,'SRR001',0,0,100000.0000,100000.0000,1,NULL,'instock',0,0.00,0,'none',''),(16006,'SCR001',0,0,150000.0000,150000.0000,1,NULL,'instock',0,0.00,0,'none',''),(16008,'SCR002',0,0,120000.0000,120000.0000,1,NULL,'instock',0,0.00,0,'none',''),(16010,'S12R001',0,0,90000.0000,90000.0000,1,NULL,'instock',0,0.00,0,'none',''),(16012,'BQG001',0,0,95000.0000,95000.0000,1,NULL,'instock',0,0.00,0,'none',''),(16014,'BQRG002',0,0,60000.0000,60000.0000,1,NULL,'instock',0,0.00,0,'none',''),(16016,'SBC001',0,0,110000.0000,110000.0000,1,NULL,'instock',0,0.00,0,'none',''),(16018,'ARR001',0,0,300000.0000,300000.0000,1,NULL,'instock',0,0.00,0,'none',''),(16020,'CJG001',0,0,40000.0000,40000.0000,1,NULL,'instock',0,0.00,0,'none',''),(16022,'CJR001',0,0,90000.0000,90000.0000,1,NULL,'instock',0,0.00,0,'none',''),(16024,'CJRP001',0,0,100000.0000,100000.0000,1,NULL,'instock',0,0.00,0,'none',''),(16026,'CJRC001',0,0,70000.0000,70000.0000,1,NULL,'instock',0,0.00,0,'none',''),(16028,'BRF001',0,0,80000.0000,80000.0000,1,NULL,'instock',0,0.00,0,'none',''),(16030,'JCR001',0,0,130000.0000,130000.0000,1,NULL,'instock',0,0.00,0,'none',''),(16032,'RRG001',0,0,0.0000,0.0000,0,NULL,'instock',0,0.00,0,'none',''),(16034,'BRG001',0,0,50000.0000,50000.0000,1,NULL,'instock',0,0.00,0,'none',''),(16036,'BQRG003',0,0,220000.0000,220000.0000,1,NULL,'instock',0,0.00,0,'none',''),(16038,'CTR001',0,0,260000.0000,260000.0000,1,NULL,'instock',0,0.00,0,'none',''),(16040,'RGR003',0,0,280000.0000,280000.0000,1,NULL,'instock',0,0.00,0,'none',''),(16042,'SR24CH001',0,0,140000.0000,140000.0000,1,NULL,'instock',0,0.00,0,'none',''),(16044,'SC004',0,0,140000.0000,140000.0000,1,NULL,'instock',0,0.00,0,'none',''),(16046,'SR005',0,0,130000.0000,130000.0000,1,NULL,'instock',0,0.00,0,'none',''),(16048,'SRG002',0,0,95000.0000,95000.0000,1,NULL,'instock',0,0.00,0,'none',''),(16050,'DH001',0,0,130000.0000,130000.0000,1,NULL,'instock',0,0.00,0,'none',''),(16052,'SR006',0,0,70000.0000,70000.0000,1,NULL,'instock',0,0.00,0,'none',''),(16054,'CRV001',0,0,150000.0000,150000.0000,1,NULL,'instock',0,0.00,0,'none',''),(16056,'ARR002',0,0,170000.0000,170000.0000,1,NULL,'instock',0,0.00,0,'none',''),(16106,NULL,0,0,280000.0000,280000.0000,1,NULL,'instock',0,0.00,0,'taxable','parent'),(16107,NULL,0,0,280000.0000,280000.0000,1,NULL,'instock',0,0.00,0,'taxable','parent'),(16108,NULL,0,0,280000.0000,280000.0000,1,NULL,'instock',0,0.00,0,'taxable','parent'),(16109,NULL,0,0,280000.0000,280000.0000,1,NULL,'instock',0,0.00,0,'taxable','parent'),(16110,NULL,0,0,280000.0000,280000.0000,1,NULL,'instock',0,0.00,0,'taxable','parent'),(16111,NULL,0,0,280000.0000,280000.0000,1,NULL,'instock',0,0.00,0,'taxable','parent'),(16112,NULL,0,0,280000.0000,280000.0000,1,NULL,'instock',0,0.00,0,'taxable','parent'),(16113,NULL,0,0,140000.0000,140000.0000,1,NULL,'instock',0,0.00,0,'taxable','parent'),(16114,NULL,0,0,140000.0000,140000.0000,1,NULL,'instock',0,0.00,0,'taxable','parent'),(16115,NULL,0,0,140000.0000,140000.0000,1,NULL,'instock',0,0.00,0,'taxable','parent'),(16116,NULL,0,0,140000.0000,140000.0000,1,NULL,'instock',0,0.00,0,'taxable','parent'),(16117,NULL,0,0,140000.0000,140000.0000,1,NULL,'instock',0,0.00,0,'taxable','parent'),(16118,NULL,0,0,140000.0000,140000.0000,1,NULL,'instock',0,0.00,0,'taxable','parent'),(16119,NULL,0,0,140000.0000,140000.0000,1,NULL,'instock',0,0.00,0,'taxable','parent'),(16142,NULL,0,0,140000.0000,140000.0000,1,NULL,'instock',0,0.00,0,'taxable','parent'),(16143,NULL,0,0,140000.0000,140000.0000,1,NULL,'instock',0,0.00,0,'taxable','parent'),(16144,NULL,0,0,140000.0000,140000.0000,1,NULL,'instock',0,0.00,0,'taxable','parent'),(16145,NULL,0,0,140000.0000,140000.0000,1,NULL,'instock',0,0.00,0,'taxable','parent'),(16146,NULL,0,0,140000.0000,140000.0000,1,NULL,'instock',0,0.00,0,'taxable','parent'),(16147,NULL,0,0,140000.0000,140000.0000,1,NULL,'instock',0,0.00,0,'taxable','parent'),(16148,NULL,0,0,140000.0000,140000.0000,1,NULL,'instock',0,0.00,0,'taxable','parent'),(16149,NULL,0,0,95000.0000,95000.0000,1,NULL,'instock',0,0.00,0,'taxable','parent'),(16150,NULL,0,0,95000.0000,95000.0000,1,NULL,'instock',0,0.00,0,'taxable','parent'),(16151,NULL,0,0,95000.0000,95000.0000,1,NULL,'instock',0,0.00,0,'taxable','parent'),(16152,NULL,0,0,95000.0000,95000.0000,1,NULL,'instock',0,0.00,0,'taxable','parent'),(16153,NULL,0,0,95000.0000,95000.0000,1,NULL,'instock',0,0.00,0,'taxable','parent'),(16154,NULL,0,0,95000.0000,95000.0000,1,NULL,'instock',0,0.00,0,'taxable','parent'),(16155,NULL,0,0,95000.0000,95000.0000,1,NULL,'instock',0,0.00,0,'taxable','parent'),(16156,NULL,0,0,130000.0000,130000.0000,1,NULL,'instock',0,0.00,0,'taxable','parent'),(16157,NULL,0,0,130000.0000,130000.0000,1,NULL,'instock',0,0.00,0,'taxable','parent'),(16158,NULL,0,0,130000.0000,130000.0000,1,NULL,'instock',0,0.00,0,'taxable','parent'),(16159,NULL,0,0,130000.0000,130000.0000,1,NULL,'instock',0,0.00,0,'taxable','parent'),(16160,NULL,0,0,130000.0000,130000.0000,1,NULL,'instock',0,0.00,0,'taxable','parent'),(16161,NULL,0,0,130000.0000,130000.0000,1,NULL,'instock',0,0.00,0,'taxable','parent'),(16162,NULL,0,0,130000.0000,130000.0000,1,NULL,'instock',0,0.00,0,'taxable','parent'),(16163,NULL,0,0,70000.0000,70000.0000,1,NULL,'instock',0,0.00,0,'taxable','parent'),(16164,NULL,0,0,70000.0000,70000.0000,1,NULL,'instock',0,0.00,0,'taxable','parent'),(16165,NULL,0,0,70000.0000,70000.0000,1,NULL,'instock',0,0.00,0,'taxable','parent'),(16166,NULL,0,0,70000.0000,70000.0000,1,NULL,'instock',0,0.00,0,'taxable','parent'),(16167,NULL,0,0,70000.0000,70000.0000,1,NULL,'instock',0,0.00,0,'taxable','parent'),(16168,NULL,0,0,70000.0000,70000.0000,1,NULL,'instock',0,0.00,0,'taxable','parent'),(16169,NULL,0,0,70000.0000,70000.0000,1,NULL,'instock',0,0.00,0,'taxable','parent'),(16170,NULL,0,0,150000.0000,150000.0000,1,NULL,'instock',0,0.00,0,'taxable','parent'),(16171,NULL,0,0,150000.0000,150000.0000,1,NULL,'instock',0,0.00,0,'taxable','parent'),(16172,NULL,0,0,150000.0000,150000.0000,1,NULL,'instock',0,0.00,0,'taxable','parent'),(16173,NULL,0,0,150000.0000,150000.0000,1,NULL,'instock',0,0.00,0,'taxable','parent'),(16174,NULL,0,0,150000.0000,150000.0000,1,NULL,'instock',0,0.00,0,'taxable','parent'),(16175,NULL,0,0,150000.0000,150000.0000,1,NULL,'instock',0,0.00,0,'taxable','parent'),(16176,NULL,0,0,150000.0000,150000.0000,1,NULL,'instock',0,0.00,0,'taxable','parent'),(16177,NULL,0,0,60000.0000,60000.0000,1,NULL,'instock',0,0.00,0,'taxable','parent'),(16178,NULL,0,0,60000.0000,60000.0000,1,NULL,'instock',0,0.00,0,'taxable','parent'),(16179,NULL,0,0,60000.0000,60000.0000,1,NULL,'instock',0,0.00,0,'taxable','parent'),(16180,NULL,0,0,60000.0000,60000.0000,1,NULL,'instock',0,0.00,0,'taxable','parent'),(16181,NULL,0,0,60000.0000,60000.0000,1,NULL,'instock',0,0.00,0,'taxable','parent'),(16182,NULL,0,0,60000.0000,60000.0000,1,NULL,'instock',0,0.00,0,'taxable','parent'),(16183,NULL,0,0,60000.0000,60000.0000,1,NULL,'instock',0,0.00,0,'taxable','parent'),(16184,NULL,0,0,130000.0000,130000.0000,1,NULL,'instock',0,0.00,0,'taxable','parent'),(16185,NULL,0,0,130000.0000,130000.0000,1,NULL,'instock',0,0.00,0,'taxable','parent'),(16186,NULL,0,0,130000.0000,130000.0000,1,NULL,'instock',0,0.00,0,'taxable','parent'),(16187,NULL,0,0,130000.0000,130000.0000,1,NULL,'instock',0,0.00,0,'taxable','parent'),(16188,NULL,0,0,130000.0000,130000.0000,1,NULL,'instock',0,0.00,0,'taxable','parent'),(16189,NULL,0,0,130000.0000,130000.0000,1,NULL,'instock',0,0.00,0,'taxable','parent'),(16190,NULL,0,0,130000.0000,130000.0000,1,NULL,'instock',0,0.00,0,'taxable','parent'),(16191,NULL,0,0,50000.0000,50000.0000,1,NULL,'instock',0,0.00,0,'taxable','parent'),(16192,NULL,0,0,50000.0000,50000.0000,1,NULL,'instock',0,0.00,0,'taxable','parent'),(16193,NULL,0,0,50000.0000,50000.0000,1,NULL,'instock',0,0.00,0,'taxable','parent'),(16194,NULL,0,0,50000.0000,50000.0000,1,NULL,'instock',0,0.00,0,'taxable','parent'),(16195,NULL,0,0,50000.0000,50000.0000,1,NULL,'instock',0,0.00,0,'taxable','parent'),(16196,NULL,0,0,50000.0000,50000.0000,1,NULL,'instock',0,0.00,0,'taxable','parent'),(16197,NULL,0,0,50000.0000,50000.0000,1,NULL,'instock',0,0.00,0,'taxable','parent'),(16198,NULL,0,0,220000.0000,220000.0000,1,NULL,'instock',0,0.00,0,'taxable','parent'),(16199,NULL,0,0,220000.0000,220000.0000,1,NULL,'instock',0,0.00,0,'taxable','parent'),(16200,NULL,0,0,220000.0000,220000.0000,1,NULL,'instock',0,0.00,0,'taxable','parent'),(16201,NULL,0,0,220000.0000,220000.0000,1,NULL,'instock',0,0.00,0,'taxable','parent'),(16202,NULL,0,0,220000.0000,220000.0000,1,NULL,'instock',0,0.00,0,'taxable','parent'),(16203,NULL,0,0,220000.0000,220000.0000,1,NULL,'instock',0,0.00,0,'taxable','parent'),(16204,NULL,0,0,220000.0000,220000.0000,1,NULL,'instock',0,0.00,0,'taxable','parent'),(16239,'SCR004',0,0,180000.0000,180000.0000,1,NULL,'instock',0,0.00,0,'taxable',''),(16241,'ARR003',0,0,100000.0000,100000.0000,1,NULL,'instock',0,0.00,0,'taxable',''),(16243,'ARR004',0,0,150000.0000,150000.0000,1,NULL,'instock',0,0.00,0,'taxable',''),(16245,'FCB001',0,0,200000.0000,200000.0000,1,NULL,'instock',0,0.00,0,'taxable',''),(16247,'FCB002',0,0,180000.0000,180000.0000,1,NULL,'instock',0,0.00,0,'taxable',''),(16249,'FCB003',0,0,120000.0000,120000.0000,1,NULL,'instock',0,0.00,0,'taxable',''),(16251,'FCB004',0,0,100000.0000,100000.0000,1,NULL,'instock',0,0.00,0,'taxable',''),(16253,'FCB005',0,0,90000.0000,90000.0000,1,NULL,'instock',0,0.00,0,'taxable',''),(16255,'FCB006',0,0,150000.0000,150000.0000,1,NULL,'instock',0,0.00,0,'taxable',''),(16257,NULL,0,0,180000.0000,180000.0000,1,NULL,'instock',0,0.00,0,'taxable','parent'),(16258,NULL,0,0,180000.0000,180000.0000,1,NULL,'instock',0,0.00,0,'taxable','parent'),(16259,NULL,0,0,180000.0000,180000.0000,1,NULL,'instock',0,0.00,0,'taxable','parent'),(16260,NULL,0,0,180000.0000,180000.0000,1,NULL,'instock',0,0.00,0,'taxable','parent'),(16261,NULL,0,0,180000.0000,180000.0000,1,NULL,'instock',0,0.00,0,'taxable','parent'),(16262,NULL,0,0,180000.0000,180000.0000,1,NULL,'instock',0,0.00,0,'taxable','parent'),(16263,NULL,0,0,180000.0000,180000.0000,1,NULL,'instock',0,0.00,0,'taxable','parent'),(16264,NULL,0,0,100000.0000,100000.0000,1,NULL,'instock',0,0.00,0,'taxable','parent'),(16265,NULL,0,0,100000.0000,100000.0000,1,NULL,'instock',0,0.00,0,'taxable','parent'),(16266,NULL,0,0,100000.0000,100000.0000,1,NULL,'instock',0,0.00,0,'taxable','parent'),(16267,NULL,0,0,100000.0000,100000.0000,1,NULL,'instock',0,0.00,0,'taxable','parent'),(16268,NULL,0,0,100000.0000,100000.0000,1,NULL,'instock',0,0.00,0,'taxable','parent'),(16269,NULL,0,0,100000.0000,100000.0000,1,NULL,'instock',0,0.00,0,'taxable','parent'),(16270,NULL,0,0,100000.0000,100000.0000,1,NULL,'instock',0,0.00,0,'taxable','parent'),(16272,NULL,0,0,210000.0000,210000.0000,1,NULL,'instock',0,0.00,0,'taxable','parent'),(16273,NULL,0,0,210000.0000,210000.0000,1,NULL,'instock',0,0.00,0,'taxable','parent'),(16274,NULL,0,0,210000.0000,210000.0000,1,NULL,'instock',0,0.00,0,'taxable','parent'),(16275,NULL,0,0,210000.0000,210000.0000,1,NULL,'instock',0,0.00,0,'taxable','parent'),(16276,NULL,0,0,210000.0000,210000.0000,1,NULL,'instock',0,0.00,0,'taxable','parent'),(16277,NULL,0,0,210000.0000,210000.0000,1,NULL,'instock',0,0.00,0,'taxable','parent'),(16278,NULL,0,0,210000.0000,210000.0000,1,NULL,'instock',0,0.00,0,'taxable','parent'),(16279,NULL,0,0,100000.0000,100000.0000,1,NULL,'instock',0,0.00,0,'taxable','parent'),(16280,NULL,0,0,100000.0000,100000.0000,1,NULL,'instock',0,0.00,0,'taxable','parent'),(16281,NULL,0,0,100000.0000,100000.0000,1,NULL,'instock',0,0.00,0,'taxable','parent'),(16282,NULL,0,0,100000.0000,100000.0000,1,NULL,'instock',0,0.00,0,'taxable','parent'),(16283,NULL,0,0,100000.0000,100000.0000,1,NULL,'instock',0,0.00,0,'taxable','parent'),(16284,NULL,0,0,100000.0000,100000.0000,1,NULL,'instock',0,0.00,0,'taxable','parent'),(16285,NULL,0,0,100000.0000,100000.0000,1,NULL,'instock',0,0.00,0,'taxable','parent'),(16286,NULL,0,0,100000.0000,100000.0000,1,NULL,'instock',0,0.00,0,'taxable','parent'),(16287,NULL,0,0,100000.0000,100000.0000,1,NULL,'instock',0,0.00,0,'taxable','parent'),(16288,NULL,0,0,100000.0000,100000.0000,1,NULL,'instock',0,0.00,0,'taxable','parent'),(16289,NULL,0,0,100000.0000,100000.0000,1,NULL,'instock',0,0.00,0,'taxable','parent'),(16290,NULL,0,0,100000.0000,100000.0000,1,NULL,'instock',0,0.00,0,'taxable','parent'),(16291,NULL,0,0,100000.0000,100000.0000,1,NULL,'instock',0,0.00,0,'taxable','parent'),(16292,NULL,0,0,100000.0000,100000.0000,1,NULL,'instock',0,0.00,0,'taxable','parent'),(16295,NULL,0,0,95000.0000,95000.0000,1,NULL,'instock',0,0.00,0,'taxable','parent'),(16296,NULL,0,0,95000.0000,95000.0000,1,NULL,'instock',0,0.00,0,'taxable','parent'),(16297,NULL,0,0,95000.0000,95000.0000,1,NULL,'instock',0,0.00,0,'taxable','parent'),(16298,NULL,0,0,95000.0000,95000.0000,1,NULL,'instock',0,0.00,0,'taxable','parent'),(16299,NULL,0,0,95000.0000,95000.0000,1,NULL,'instock',0,0.00,0,'taxable','parent'),(16300,NULL,0,0,95000.0000,95000.0000,1,NULL,'instock',0,0.00,0,'taxable','parent'),(16301,NULL,0,0,95000.0000,95000.0000,1,NULL,'instock',0,0.00,0,'taxable','parent'),(16302,NULL,0,0,50000.0000,50000.0000,1,NULL,'instock',0,0.00,0,'taxable','parent'),(16303,NULL,0,0,50000.0000,50000.0000,1,NULL,'instock',0,0.00,0,'taxable','parent'),(16304,NULL,0,0,50000.0000,50000.0000,1,NULL,'instock',0,0.00,0,'taxable','parent'),(16305,NULL,0,0,50000.0000,50000.0000,1,NULL,'instock',0,0.00,0,'taxable','parent'),(16306,NULL,0,0,50000.0000,50000.0000,1,NULL,'instock',0,0.00,0,'taxable','parent'),(16307,NULL,0,0,50000.0000,50000.0000,1,NULL,'instock',0,0.00,0,'taxable','parent'),(16308,NULL,0,0,50000.0000,50000.0000,1,NULL,'instock',0,0.00,0,'taxable','parent'),(16309,NULL,0,0,140000.0000,140000.0000,1,NULL,'instock',0,0.00,0,'taxable','parent'),(16310,NULL,0,0,140000.0000,140000.0000,1,NULL,'instock',0,0.00,0,'taxable','parent'),(16311,NULL,0,0,140000.0000,140000.0000,1,NULL,'instock',0,0.00,0,'taxable','parent'),(16312,NULL,0,0,140000.0000,140000.0000,1,NULL,'instock',0,0.00,0,'taxable','parent'),(16313,NULL,0,0,140000.0000,140000.0000,1,NULL,'instock',0,0.00,0,'taxable','parent'),(16314,NULL,0,0,140000.0000,140000.0000,1,NULL,'instock',0,0.00,0,'taxable','parent'),(16315,NULL,0,0,140000.0000,140000.0000,1,NULL,'instock',0,0.00,0,'taxable','parent'),(16316,NULL,0,0,160000.0000,160000.0000,1,NULL,'instock',0,0.00,0,'taxable','parent'),(16317,NULL,0,0,160000.0000,160000.0000,1,NULL,'instock',0,0.00,0,'taxable','parent'),(16318,NULL,0,0,160000.0000,160000.0000,1,NULL,'instock',0,0.00,0,'taxable','parent'),(16319,NULL,0,0,160000.0000,160000.0000,1,NULL,'instock',0,0.00,0,'taxable','parent'),(16320,NULL,0,0,160000.0000,160000.0000,1,NULL,'instock',0,0.00,0,'taxable','parent'),(16321,NULL,0,0,160000.0000,160000.0000,1,NULL,'instock',0,0.00,0,'taxable','parent'),(16322,NULL,0,0,160000.0000,160000.0000,1,NULL,'instock',0,0.00,0,'taxable','parent'),(16323,NULL,0,0,80000.0000,80000.0000,1,NULL,'instock',0,0.00,0,'taxable','parent'),(16324,NULL,0,0,80000.0000,80000.0000,1,NULL,'instock',0,0.00,0,'taxable','parent'),(16325,NULL,0,0,80000.0000,80000.0000,1,NULL,'instock',0,0.00,0,'taxable','parent'),(16326,NULL,0,0,80000.0000,80000.0000,1,NULL,'instock',0,0.00,0,'taxable','parent'),(16327,NULL,0,0,80000.0000,80000.0000,1,NULL,'instock',0,0.00,0,'taxable','parent'),(16328,NULL,0,0,80000.0000,80000.0000,1,NULL,'instock',0,0.00,0,'taxable','parent'),(16329,NULL,0,0,80000.0000,80000.0000,1,NULL,'instock',0,0.00,0,'taxable','parent'),(16330,NULL,0,0,90000.0000,90000.0000,1,NULL,'instock',0,0.00,0,'taxable','parent'),(16331,NULL,0,0,90000.0000,90000.0000,1,NULL,'instock',0,0.00,0,'taxable','parent'),(16332,NULL,0,0,90000.0000,90000.0000,1,NULL,'instock',0,0.00,0,'taxable','parent'),(16333,NULL,0,0,90000.0000,90000.0000,1,NULL,'instock',0,0.00,0,'taxable','parent'),(16334,NULL,0,0,90000.0000,90000.0000,1,NULL,'instock',0,0.00,0,'taxable','parent'),(16335,NULL,0,0,90000.0000,90000.0000,1,NULL,'instock',0,0.00,0,'taxable','parent'),(16336,NULL,0,0,90000.0000,90000.0000,1,NULL,'instock',0,0.00,0,'taxable','parent'),(16337,NULL,0,0,220000.0000,220000.0000,1,NULL,'instock',0,0.00,0,'taxable','parent'),(16338,NULL,0,0,220000.0000,220000.0000,1,NULL,'instock',0,0.00,0,'taxable','parent'),(16339,NULL,0,0,220000.0000,220000.0000,1,NULL,'instock',0,0.00,0,'taxable','parent'),(16340,NULL,0,0,220000.0000,220000.0000,1,NULL,'instock',0,0.00,0,'taxable','parent'),(16341,NULL,0,0,220000.0000,220000.0000,1,NULL,'instock',0,0.00,0,'taxable','parent'),(16342,NULL,0,0,220000.0000,220000.0000,1,NULL,'instock',0,0.00,0,'taxable','parent'),(16343,NULL,0,0,220000.0000,220000.0000,1,NULL,'instock',0,0.00,0,'taxable','parent'),(16344,NULL,0,0,160000.0000,160000.0000,1,NULL,'instock',0,0.00,0,'taxable','parent'),(16345,NULL,0,0,160000.0000,160000.0000,1,NULL,'instock',0,0.00,0,'taxable','parent'),(16346,NULL,0,0,160000.0000,160000.0000,1,NULL,'instock',0,0.00,0,'taxable','parent'),(16347,NULL,0,0,160000.0000,160000.0000,1,NULL,'instock',0,0.00,0,'taxable','parent'),(16348,NULL,0,0,160000.0000,160000.0000,1,NULL,'instock',0,0.00,0,'taxable','parent'),(16349,NULL,0,0,160000.0000,160000.0000,1,NULL,'instock',0,0.00,0,'taxable','parent'),(16350,NULL,0,0,160000.0000,160000.0000,1,NULL,'instock',0,0.00,0,'taxable','parent'),(16351,NULL,0,0,220000.0000,220000.0000,1,NULL,'instock',0,0.00,0,'taxable','parent'),(16352,NULL,0,0,220000.0000,220000.0000,1,NULL,'instock',0,0.00,0,'taxable','parent'),(16353,NULL,0,0,220000.0000,220000.0000,1,NULL,'instock',0,0.00,0,'taxable','parent'),(16354,NULL,0,0,220000.0000,220000.0000,1,NULL,'instock',0,0.00,0,'taxable','parent'),(16355,NULL,0,0,220000.0000,220000.0000,1,NULL,'instock',0,0.00,0,'taxable','parent'),(16356,NULL,0,0,220000.0000,220000.0000,1,NULL,'instock',0,0.00,0,'taxable','parent'),(16357,NULL,0,0,220000.0000,220000.0000,1,NULL,'instock',0,0.00,0,'taxable','parent'),(16359,NULL,0,0,140000.0000,140000.0000,1,NULL,'instock',0,0.00,0,'taxable','parent'),(16360,NULL,0,0,140000.0000,140000.0000,1,NULL,'instock',0,0.00,0,'taxable','parent'),(16361,NULL,0,0,140000.0000,140000.0000,1,NULL,'instock',0,0.00,0,'taxable','parent'),(16362,NULL,0,0,140000.0000,140000.0000,1,NULL,'instock',0,0.00,0,'taxable','parent'),(16363,NULL,0,0,140000.0000,140000.0000,1,NULL,'instock',0,0.00,0,'taxable','parent'),(16364,NULL,0,0,140000.0000,140000.0000,1,NULL,'instock',0,0.00,0,'taxable','parent'),(16365,NULL,0,0,140000.0000,140000.0000,1,NULL,'instock',0,0.00,0,'taxable','parent'),(16366,NULL,0,0,450000.0000,450000.0000,1,NULL,'instock',0,0.00,0,'taxable','parent'),(16367,NULL,0,0,450000.0000,450000.0000,1,NULL,'instock',0,0.00,0,'taxable','parent'),(16368,NULL,0,0,450000.0000,450000.0000,1,NULL,'instock',0,0.00,0,'taxable','parent'),(16369,NULL,0,0,450000.0000,450000.0000,1,NULL,'instock',0,0.00,0,'taxable','parent'),(16370,NULL,0,0,450000.0000,450000.0000,1,NULL,'instock',0,0.00,0,'taxable','parent'),(16371,NULL,0,0,450000.0000,450000.0000,1,NULL,'instock',0,0.00,0,'taxable','parent'),(16372,NULL,0,0,450000.0000,450000.0000,1,NULL,'instock',0,0.00,0,'taxable','parent'),(16373,NULL,0,0,120000.0000,120000.0000,1,NULL,'instock',0,0.00,0,'taxable','parent'),(16374,NULL,0,0,120000.0000,120000.0000,1,NULL,'instock',0,0.00,0,'taxable','parent'),(16375,NULL,0,0,120000.0000,120000.0000,1,NULL,'instock',0,0.00,0,'taxable','parent'),(16376,NULL,0,0,120000.0000,120000.0000,1,NULL,'instock',0,0.00,0,'taxable','parent'),(16377,NULL,0,0,120000.0000,120000.0000,1,NULL,'instock',0,0.00,0,'taxable','parent'),(16378,NULL,0,0,120000.0000,120000.0000,1,NULL,'instock',0,0.00,0,'taxable','parent'),(16379,NULL,0,0,120000.0000,120000.0000,1,NULL,'instock',0,0.00,0,'taxable','parent'),(16380,NULL,0,0,90000.0000,90000.0000,1,NULL,'instock',0,0.00,0,'taxable','parent'),(16381,NULL,0,0,90000.0000,90000.0000,1,NULL,'instock',0,0.00,0,'taxable','parent'),(16382,NULL,0,0,90000.0000,90000.0000,1,NULL,'instock',0,0.00,0,'taxable','parent'),(16383,NULL,0,0,90000.0000,90000.0000,1,NULL,'instock',0,0.00,0,'taxable','parent'),(16384,NULL,0,0,90000.0000,90000.0000,1,NULL,'instock',0,0.00,0,'taxable','parent'),(16385,NULL,0,0,90000.0000,90000.0000,1,NULL,'instock',0,0.00,0,'taxable','parent'),(16386,NULL,0,0,90000.0000,90000.0000,1,NULL,'instock',0,0.00,0,'taxable','parent'),(16404,'FCB007',0,0,130000.0000,130000.0000,1,NULL,'instock',0,0.00,0,'none',''),(16406,'BQR001',0,0,60000.0000,60000.0000,1,NULL,'instock',0,0.00,0,'none',''),(16408,'BQR002',0,0,90000.0000,90000.0000,1,NULL,'instock',0,0.00,0,'none',''),(16410,'BQR003',0,0,50000.0000,50000.0000,1,NULL,'instock',0,0.00,0,'none',''),(16412,'BQR004',0,0,100000.0000,100000.0000,1,NULL,'instock',0,0.00,0,'none',''),(16414,'BQR005',0,0,70000.0000,70000.0000,1,NULL,'instock',0,0.00,0,'none',''),(16416,'BQR006',0,0,80000.0000,80000.0000,1,NULL,'instock',0,0.00,0,'none',''),(16418,'BQR007',0,0,60000.0000,60000.0000,1,NULL,'instock',0,0.00,0,'none',''),(16420,'BQR008',0,0,70000.0000,70000.0000,1,NULL,'instock',0,0.00,0,'none',''),(16422,'BQR009',0,0,130000.0000,130000.0000,1,NULL,'instock',0,0.00,0,'none',''),(16425,NULL,0,0,130000.0000,130000.0000,1,NULL,'instock',0,0.00,0,'taxable','parent'),(16426,NULL,0,0,130000.0000,130000.0000,1,NULL,'instock',0,0.00,0,'taxable','parent'),(16427,NULL,0,0,130000.0000,130000.0000,1,NULL,'instock',0,0.00,0,'taxable','parent'),(16428,NULL,0,0,130000.0000,130000.0000,1,NULL,'instock',0,0.00,0,'taxable','parent'),(16429,NULL,0,0,130000.0000,130000.0000,1,NULL,'instock',0,0.00,0,'taxable','parent'),(16430,NULL,0,0,130000.0000,130000.0000,1,NULL,'instock',0,0.00,0,'taxable','parent'),(16431,NULL,0,0,130000.0000,130000.0000,1,NULL,'instock',0,0.00,0,'taxable','parent'),(16451,'BQR010',0,0,95000.0000,95000.0000,1,NULL,'instock',0,0.00,0,'none',''),(16453,'BQR011',0,0,99000.0000,99000.0000,1,NULL,'instock',0,0.00,0,'none',''),(16455,'BQR012',0,0,60000.0000,60000.0000,1,NULL,'instock',0,0.00,0,'none',''),(16457,'CJG002',0,0,65000.0000,65000.0000,1,NULL,'instock',0,0.00,0,'none',''),(16459,'ARR005',0,0,110000.0000,110000.0000,1,NULL,'instock',0,0.00,0,'none',''),(16461,'ARFD001',0,0,130000.0000,130000.0000,1,NULL,'instock',0,0.00,0,'none',''),(16463,'ARFD002',0,0,99000.0000,99000.0000,1,NULL,'instock',0,0.00,0,'none',''),(16465,'ARFD003',0,0,85000.0000,85000.0000,1,NULL,'instock',0,0.00,0,'none',''),(16467,'ARFD004',0,0,99000.0000,99000.0000,1,NULL,'instock',0,0.00,0,'none',''),(16469,'ARFD005',0,0,150000.0000,150000.0000,1,NULL,'instock',0,0.00,0,'none',''),(16471,'ARFD006',0,0,150000.0000,150000.0000,1,NULL,'instock',0,0.00,0,'none',''),(16473,'ARFD007',0,0,250000.0000,250000.0000,1,NULL,'instock',0,0.00,0,'none',''),(16475,'ARFD008',0,0,150000.0000,150000.0000,1,NULL,'instock',0,0.00,0,'none',''),(16477,'ARFD009',0,0,90000.0000,90000.0000,1,NULL,'instock',0,0.00,0,'none',''),(16530,'SR24001',0,0,100000.0000,100000.0000,1,NULL,'instock',0,0.00,0,'taxable',''),(16532,'BQR013',0,0,140000.0000,140000.0000,1,NULL,'instock',0,0.00,0,'taxable',''),(16534,'BQR014',0,0,100000.0000,100000.0000,1,NULL,'instock',0,0.00,0,'taxable',''),(16536,'SCR005',0,0,140000.0000,140000.0000,1,NULL,'instock',0,0.00,0,'taxable',''),(16538,'RTRG002',0,0,120000.0000,120000.0000,1,NULL,'instock',0,0.00,0,'taxable',''),(16540,'RJG002',0,0,230000.0000,230000.0000,1,NULL,'instock',0,0.00,0,'taxable',''),(16542,'CFF001',0,0,230000.0000,230000.0000,1,NULL,'instock',0,0.00,0,'taxable',''),(16544,'CFF002',0,0,160000.0000,160000.0000,1,NULL,'instock',0,0.00,0,'taxable',''),(16546,'CFF003',0,0,150000.0000,150000.0000,1,NULL,'instock',0,0.00,0,'taxable',''),(16548,'CFF004',0,0,180000.0000,180000.0000,1,NULL,'instock',0,0.00,0,'taxable',''),(16550,'CFF005',0,0,250000.0000,250000.0000,1,NULL,'instock',0,0.00,0,'taxable',''),(16552,'BQG002',0,0,80000.0000,80000.0000,1,NULL,'instock',0,0.00,0,'taxable',''),(16554,'BQR015',0,0,30000.0000,30000.0000,1,NULL,'instock',0,0.00,0,'taxable',''),(16556,'BQR016',0,0,40000.0000,40000.0000,1,NULL,'instock',0,0.00,0,'taxable',''),(16558,'BQR017',0,0,70000.0000,70000.0000,1,NULL,'instock',0,0.00,0,'taxable',''),(16560,'BQR018',0,0,50000.0000,50000.0000,1,NULL,'instock',0,0.00,0,'taxable',''),(16562,'BQR019',0,0,120000.0000,120000.0000,1,NULL,'instock',0,0.00,0,'taxable',''),(16564,'BQR020',0,0,70000.0000,70000.0000,1,NULL,'instock',0,0.00,0,'taxable',''),(16566,'BQG003',0,0,50000.0000,50000.0000,1,NULL,'instock',0,0.00,0,'taxable',''),(16568,'BQR021',0,0,40000.0000,40000.0000,1,NULL,'instock',0,0.00,0,'taxable',''),(16570,'ARFD010',0,0,120000.0000,120000.0000,1,NULL,'instock',0,0.00,1,'taxable',''),(16572,'ARFD011',0,0,130000.0000,130000.0000,1,NULL,'instock',0,0.00,0,'taxable',''),(16574,'CFF006',0,0,230000.0000,230000.0000,1,NULL,'instock',0,0.00,0,'taxable',''),(16576,'CFF007',0,0,120000.0000,120000.0000,1,NULL,'instock',0,0.00,0,'taxable',''),(16578,'AFP002',0,0,80000.0000,80000.0000,1,NULL,'instock',0,0.00,0,'taxable',''),(16580,'AFG001',0,0,130000.0000,130000.0000,1,NULL,'instock',0,0.00,0,'taxable',''),(16582,'AR001',0,0,140000.0000,140000.0000,1,NULL,'instock',0,0.00,0,'taxable',''),(16584,'R2T002',0,0,350000.0000,350000.0000,1,NULL,'instock',0,0.00,0,'taxable',''),(16586,'AR002',0,0,90000.0000,90000.0000,1,NULL,'instock',0,0.00,1,'taxable',''),(16588,'RJG003',0,0,150000.0000,150000.0000,1,NULL,'instock',0,0.00,0,'taxable',''),(16590,'SR12',0,0,70000.0000,70000.0000,1,NULL,'instock',0,0.00,0,'taxable','');

--
-- Table structure for table `MHC5Tl_wc_rate_limits`
--

CREATE TABLE `MHC5Tl_wc_rate_limits` (
  `rate_limit_id` bigint(20) unsigned NOT NULL AUTO_INCREMENT,
  `rate_limit_key` varchar(200) NOT NULL,
  `rate_limit_expiry` bigint(20) unsigned NOT NULL,
  `rate_limit_remaining` smallint(10) NOT NULL DEFAULT 0,
  PRIMARY KEY (`rate_limit_id`),
  UNIQUE KEY `rate_limit_key` (`rate_limit_key`(191))
) ENGINE=InnoDB DEFAULT CHARSET=utf8mb4 COLLATE=utf8mb4_unicode_520_ci;

--
-- Dumping data for table `MHC5Tl_wc_rate_limits`
--


--
-- Table structure for table `MHC5Tl_wc_reserved_stock`
--

CREATE TABLE `MHC5Tl_wc_reserved_stock` (
  `order_id` bigint(20) NOT NULL,
  `product_id` bigint(20) NOT NULL,
  `stock_quantity` double NOT NULL DEFAULT 0,
  `timestamp` datetime NOT NULL DEFAULT '0000-00-00 00:00:00',
  `expires` datetime NOT NULL DEFAULT '0000-00-00 00:00:00',
  PRIMARY KEY (`order_id`,`product_id`)
) ENGINE=InnoDB DEFAULT CHARSET=utf8mb4 COLLATE=utf8mb4_unicode_520_ci;

--
-- Dumping data for table `MHC5Tl_wc_reserved_stock`
--


--
-- Table structure for table `MHC5Tl_wc_tax_rate_classes`
--

CREATE TABLE `MHC5Tl_wc_tax_rate_classes` (
  `tax_rate_class_id` bigint(20) unsigned NOT NULL AUTO_INCREMENT,
  `name` varchar(200) NOT NULL DEFAULT '',
  `slug` varchar(200) NOT NULL DEFAULT '',
  PRIMARY KEY (`tax_rate_class_id`),
  UNIQUE KEY `slug` (`slug`(191))
) ENGINE=InnoDB AUTO_INCREMENT=3 DEFAULT CHARSET=utf8mb4 COLLATE=utf8mb4_unicode_520_ci;

--
-- Dumping data for table `MHC5Tl_wc_tax_rate_classes`
--

INSERT INTO `MHC5Tl_wc_tax_rate_classes` VALUES (1,'Tasa reducida','tasa-reducida'),(2,'Tasa cero','tasa-cero');

--
-- Table structure for table `MHC5Tl_wc_webhooks`
--

CREATE TABLE `MHC5Tl_wc_webhooks` (
  `webhook_id` bigint(20) unsigned NOT NULL AUTO_INCREMENT,
  `status` varchar(200) NOT NULL,
  `name` text NOT NULL,
  `user_id` bigint(20) unsigned NOT NULL,
  `delivery_url` text NOT NULL,
  `secret` text NOT NULL,
  `topic` varchar(200) NOT NULL,
  `date_created` datetime NOT NULL DEFAULT '0000-00-00 00:00:00',
  `date_created_gmt` datetime NOT NULL DEFAULT '0000-00-00 00:00:00',
  `date_modified` datetime NOT NULL DEFAULT '0000-00-00 00:00:00',
  `date_modified_gmt` datetime NOT NULL DEFAULT '0000-00-00 00:00:00',
  `api_version` smallint(4) NOT NULL,
  `failure_count` smallint(10) NOT NULL DEFAULT 0,
  `pending_delivery` tinyint(1) NOT NULL DEFAULT 0,
  PRIMARY KEY (`webhook_id`),
  KEY `user_id` (`user_id`)
) ENGINE=InnoDB DEFAULT CHARSET=utf8mb4 COLLATE=utf8mb4_unicode_520_ci;

--
-- Dumping data for table `MHC5Tl_wc_webhooks`
--


--
-- Table structure for table `MHC5Tl_woocommerce_api_keys`
--

CREATE TABLE `MHC5Tl_woocommerce_api_keys` (
  `key_id` bigint(20) unsigned NOT NULL AUTO_INCREMENT,
  `user_id` bigint(20) unsigned NOT NULL,
  `description` varchar(200) DEFAULT NULL,
  `permissions` varchar(10) NOT NULL,
  `consumer_key` char(64) NOT NULL,
  `consumer_secret` char(43) NOT NULL,
  `nonces` longtext DEFAULT NULL,
  `truncated_key` char(7) NOT NULL,
  `last_access` datetime DEFAULT NULL,
  PRIMARY KEY (`key_id`),
  KEY `consumer_key` (`consumer_key`),
  KEY `consumer_secret` (`consumer_secret`)
) ENGINE=InnoDB DEFAULT CHARSET=utf8mb4 COLLATE=utf8mb4_unicode_520_ci;

--
-- Dumping data for table `MHC5Tl_woocommerce_api_keys`
--


--
-- Table structure for table `MHC5Tl_woocommerce_attribute_taxonomies`
--

CREATE TABLE `MHC5Tl_woocommerce_attribute_taxonomies` (
  `attribute_id` bigint(20) unsigned NOT NULL AUTO_INCREMENT,
  `attribute_name` varchar(200) NOT NULL,
  `attribute_label` varchar(200) DEFAULT NULL,
  `attribute_type` varchar(20) NOT NULL,
  `attribute_orderby` varchar(20) NOT NULL,
  `attribute_public` int(1) NOT NULL DEFAULT 1,
  PRIMARY KEY (`attribute_id`),
  KEY `attribute_name` (`attribute_name`(20))
) ENGINE=InnoDB AUTO_INCREMENT=4 DEFAULT CHARSET=utf8mb4 COLLATE=utf8mb4_unicode_520_ci;

--
-- Dumping data for table `MHC5Tl_woocommerce_attribute_taxonomies`
--

INSERT INTO `MHC5Tl_woocommerce_attribute_taxonomies` VALUES (1,'color','Color','select','menu_order',0);

--
-- Table structure for table `MHC5Tl_woocommerce_downloadable_product_permissions`
--

CREATE TABLE `MHC5Tl_woocommerce_downloadable_product_permissions` (
  `permission_id` bigint(20) unsigned NOT NULL AUTO_INCREMENT,
  `download_id` varchar(36) NOT NULL,
  `product_id` bigint(20) unsigned NOT NULL,
  `order_id` bigint(20) unsigned NOT NULL DEFAULT 0,
  `order_key` varchar(200) NOT NULL,
  `user_email` varchar(200) NOT NULL,
  `user_id` bigint(20) unsigned DEFAULT NULL,
  `downloads_remaining` varchar(9) DEFAULT NULL,
  `access_granted` datetime NOT NULL DEFAULT '0000-00-00 00:00:00',
  `access_expires` datetime DEFAULT NULL,
  `download_count` bigint(20) unsigned NOT NULL DEFAULT 0,
  PRIMARY KEY (`permission_id`),
  KEY `download_order_key_product` (`product_id`,`order_id`,`order_key`(16),`download_id`),
  KEY `download_order_product` (`download_id`,`order_id`,`product_id`),
  KEY `order_id` (`order_id`),
  KEY `user_order_remaining_expires` (`user_id`,`order_id`,`downloads_remaining`,`access_expires`)
) ENGINE=InnoDB DEFAULT CHARSET=utf8mb4 COLLATE=utf8mb4_unicode_520_ci;

--
-- Dumping data for table `MHC5Tl_woocommerce_downloadable_product_permissions`
--


--
-- Table structure for table `MHC5Tl_woocommerce_log`
--

CREATE TABLE `MHC5Tl_woocommerce_log` (
  `log_id` bigint(20) unsigned NOT NULL AUTO_INCREMENT,
  `timestamp` datetime NOT NULL,
  `level` smallint(4) NOT NULL,
  `source` varchar(200) NOT NULL,
  `message` longtext NOT NULL,
  `context` longtext DEFAULT NULL,
  PRIMARY KEY (`log_id`),
  KEY `level` (`level`)
) ENGINE=InnoDB DEFAULT CHARSET=utf8mb4 COLLATE=utf8mb4_unicode_520_ci;

--
-- Dumping data for table `MHC5Tl_woocommerce_log`
--


--
-- Table structure for table `MHC5Tl_woocommerce_order_itemmeta`
--

CREATE TABLE `MHC5Tl_woocommerce_order_itemmeta` (
  `meta_id` bigint(20) unsigned NOT NULL AUTO_INCREMENT,
  `order_item_id` bigint(20) unsigned NOT NULL,
  `meta_key` varchar(255) DEFAULT NULL,
  `meta_value` longtext DEFAULT NULL,
  PRIMARY KEY (`meta_id`),
  KEY `order_item_id` (`order_item_id`),
  KEY `meta_key` (`meta_key`(32))
) ENGINE=InnoDB AUTO_INCREMENT=356 DEFAULT CHARSET=utf8mb4 COLLATE=utf8mb4_unicode_520_ci;

--
-- Dumping data for table `MHC5Tl_woocommerce_order_itemmeta`
--

INSERT INTO `MHC5Tl_woocommerce_order_itemmeta` VALUES (1,1,'_product_id','15727'),(2,1,'_variation_id','0'),(3,1,'_qty','1'),(4,1,'_tax_class',''),(5,1,'_line_subtotal','90000'),(6,1,'_line_subtotal_tax','0'),(7,1,'_line_total','90000'),(8,1,'_line_tax','0'),(9,1,'_line_tax_data','a:2:{s:5:\"total\";a:0:{}s:8:\"subtotal\";a:0:{}}'),(10,2,'method_id','flat_rate'),(11,2,'instance_id','1'),(12,2,'cost','10000'),(13,2,'total_tax','0'),(14,2,'taxes','a:1:{s:5:\"total\";a:0:{}}'),(15,2,'Artículos','Arreglo floal 18 rosas &times; 1'),(16,1,'_reduced_stock','1'),(17,3,'_product_id','15727'),(18,3,'_variation_id','0'),(19,3,'_qty','1'),(20,3,'_tax_class',''),(21,3,'_line_subtotal','90000'),(22,3,'_line_subtotal_tax','0'),(23,3,'_line_total','90000'),(24,3,'_line_tax','0'),(25,3,'_line_tax_data','a:2:{s:5:\"total\";a:0:{}s:8:\"subtotal\";a:0:{}}'),(26,4,'method_id','flat_rate'),(27,4,'instance_id','1'),(28,4,'cost','10000'),(29,4,'total_tax','0'),(30,4,'taxes','a:1:{s:5:\"total\";a:0:{}}'),(31,4,'Artículos','Arreglo floal 18 rosas &times; 1'),(32,3,'_reduced_stock','1'),(33,5,'_product_id','15723'),(34,5,'_variation_id','0'),(35,5,'_qty','1'),(36,5,'_tax_class',''),(37,5,'_line_subtotal','120000'),(38,5,'_line_subtotal_tax','0'),(39,5,'_line_total','120000'),(40,5,'_line_tax','0'),(41,5,'_line_tax_data','a:2:{s:5:\"total\";a:0:{}s:8:\"subtotal\";a:0:{}}'),(42,6,'method_id','flat_rate'),(43,6,'instance_id','1'),(44,6,'cost','10000'),(45,6,'total_tax','0'),(46,6,'taxes','a:1:{s:5:\"total\";a:0:{}}'),(47,6,'Artículos','Sembrado de rosas y gerveras &times; 1'),(48,5,'_reduced_stock','1'),(49,7,'_product_id','15723'),(50,7,'_variation_id','0'),(51,7,'_qty','1'),(52,7,'_tax_class',''),(53,7,'_line_subtotal','120000'),(54,7,'_line_subtotal_tax','0'),(55,7,'_line_total','120000'),(56,7,'_line_tax','0'),(57,7,'_line_tax_data','a:2:{s:5:\"total\";a:0:{}s:8:\"subtotal\";a:0:{}}'),(58,8,'method_id','flat_rate'),(59,8,'instance_id','1'),(60,8,'cost','10000'),(61,8,'total_tax','0'),(62,8,'taxes','a:1:{s:5:\"total\";a:0:{}}'),(63,8,'Artículos','Sembrado de rosas y gerveras &times; 1'),(64,7,'_reduced_stock','1'),(65,9,'_product_id','15723'),(66,9,'_variation_id','0'),(67,9,'_qty','1'),(68,9,'_tax_class',''),(69,9,'_line_subtotal','120000'),(70,9,'_line_subtotal_tax','0'),(71,9,'_line_total','120000'),(72,9,'_line_tax','0'),(73,9,'_line_tax_data','a:2:{s:5:\"total\";a:0:{}s:8:\"subtotal\";a:0:{}}'),(74,10,'method_id','flat_rate'),(75,10,'instance_id','1'),(76,10,'cost','10000'),(77,10,'total_tax','0'),(78,10,'taxes','a:1:{s:5:\"total\";a:0:{}}'),(79,10,'Artículos','Sembrado de rosas y gerveras &times; 1'),(80,9,'_reduced_stock','1'),(81,11,'_product_id','15735'),(82,11,'_variation_id','0'),(83,11,'_qty','1'),(84,11,'_tax_class',''),(85,11,'_line_subtotal','450000'),(86,11,'_line_subtotal_tax','0'),(87,11,'_line_total','450000'),(88,11,'_line_tax','0'),(89,11,'_line_tax_data','a:2:{s:5:\"total\";a:0:{}s:8:\"subtotal\";a:0:{}}'),(90,12,'method_id','flat_rate'),(91,12,'instance_id','1'),(92,12,'cost','10000'),(93,12,'total_tax','0'),(94,12,'taxes','a:1:{s:5:\"total\";a:0:{}}'),(95,12,'Artículos','Arreglo floral de solo rosas rojas &times; 1'),(96,11,'_reduced_stock','1'),(97,13,'_product_id','15727'),(98,13,'_variation_id','16380'),(99,13,'_qty','1'),(100,13,'_tax_class',''),(101,13,'_line_subtotal','90000'),(102,13,'_line_subtotal_tax','0'),(103,13,'_line_total','90000'),(104,13,'_line_tax','0'),(105,13,'_line_tax_data','a:2:{s:5:\"total\";a:0:{}s:8:\"subtotal\";a:0:{}}'),(106,13,'pa_color','amarillo'),(107,14,'method_id','free_shipping'),(108,14,'instance_id','5'),(109,14,'cost','0'),(110,14,'total_tax','0'),(111,14,'taxes','a:1:{s:5:\"total\";a:0:{}}'),(112,14,'Artículos','Arreglo floral 18 rosas - Amarillo &times; 1'),(113,15,'_product_id','15727'),(114,15,'_variation_id','16386'),(115,15,'_qty','1'),(116,15,'_tax_class',''),(117,15,'_line_subtotal','90000'),(118,15,'_line_subtotal_tax','0'),(119,15,'_line_total','90000'),(120,15,'_line_tax','0'),(121,15,'_line_tax_data','a:2:{s:5:\"total\";a:0:{}s:8:\"subtotal\";a:0:{}}'),(122,15,'pa_color','rosado'),(123,16,'method_id','free_shipping'),(124,16,'instance_id','5'),(125,16,'cost','0'),(126,16,'total_tax','0'),(127,16,'taxes','a:1:{s:5:\"total\";a:0:{}}'),(128,16,'Artículos','Arreglo floral 18 rosas - Rosado &times; 1'),(129,17,'_product_id','15733'),(130,17,'_variation_id','0'),(131,17,'_qty','1'),(132,17,'_tax_class',''),(133,17,'_line_subtotal','180000'),(134,17,'_line_subtotal_tax','0'),(135,17,'_line_total','180000'),(136,17,'_line_tax','0'),(137,17,'_line_tax_data','a:2:{s:5:\"total\";a:0:{}s:8:\"subtotal\";a:0:{}}'),(138,17,'_WCPA_order_meta_data','a:1:{s:19:\"sec_1064dcd815a3d75\";a:2:{s:5:\"extra\";O:8:\"stdClass\":7:{s:10:\"section_id\";s:19:\"sec_1064dcd815a3d75\";s:8:\"clStatus\";s:7:\"visible\";s:3:\"key\";s:19:\"sec_1064dcd815a3d75\";s:5:\"price\";i:0;s:7:\"form_id\";i:17004;s:9:\"parentKey\";b:0;s:10:\"form_rules\";a:0:{}}s:6:\"fields\";a:1:{i:0;a:1:{i:0;a:9:{s:4:\"type\";s:4:\"text\";s:4:\"name\";s:15:\"text_1948458101\";s:5:\"label\";s:23:\"Para quien va dirigido:\";s:9:\"elementId\";s:15:\"text_1948458101\";s:5:\"value\";s:2:\"vv\";s:8:\"clStatus\";s:7:\"visible\";s:5:\"price\";b:0;s:9:\"form_data\";O:8:\"stdClass\":7:{s:4:\"name\";s:15:\"text_1948458101\";s:5:\"label\";s:23:\"Para quien va dirigido:\";s:5:\"value\";s:0:\"\";s:6:\"active\";b:1;s:8:\"required\";b:0;s:9:\"elementId\";s:15:\"text_1948458101\";s:7:\"subtype\";s:4:\"text\";}s:7:\"meta_id\";i:155;}}}}}'),(139,18,'_product_id','16580'),(140,18,'_variation_id','0'),(141,18,'_qty','1'),(142,18,'_tax_class',''),(143,18,'_line_subtotal','130000'),(144,18,'_line_subtotal_tax','0'),(145,18,'_line_total','130000'),(146,18,'_line_tax','0'),(147,18,'_line_tax_data','a:2:{s:5:\"total\";a:0:{}s:8:\"subtotal\";a:0:{}}'),(148,18,'_WCPA_order_meta_data','a:1:{s:19:\"sec_1064dcd815a3d75\";a:2:{s:5:\"extra\";O:8:\"stdClass\":7:{s:10:\"section_id\";s:19:\"sec_1064dcd815a3d75\";s:8:\"clStatus\";s:7:\"visible\";s:3:\"key\";s:19:\"sec_1064dcd815a3d75\";s:5:\"price\";i:0;s:7:\"form_id\";i:17004;s:9:\"parentKey\";b:0;s:10:\"form_rules\";a:0:{}}s:6:\"fields\";a:3:{i:0;a:1:{i:0;a:9:{s:4:\"type\";s:4:\"text\";s:4:\"name\";s:15:\"text_1948458101\";s:5:\"label\";s:23:\"Para quien va dirigido:\";s:9:\"elementId\";s:15:\"text_1948458101\";s:5:\"value\";s:3:\"liz\";s:8:\"clStatus\";s:7:\"visible\";s:5:\"price\";b:0;s:9:\"form_data\";O:8:\"stdClass\":7:{s:4:\"name\";s:15:\"text_1948458101\";s:5:\"label\";s:23:\"Para quien va dirigido:\";s:5:\"value\";s:0:\"\";s:6:\"active\";b:1;s:8:\"required\";b:0;s:9:\"elementId\";s:15:\"text_1948458101\";s:7:\"subtype\";s:4:\"text\";}s:7:\"meta_id\";i:156;}}i:1;a:1:{i:0;a:9:{s:4:\"type\";s:4:\"text\";s:4:\"name\";s:15:\"text-5354121133\";s:5:\"label\";s:20:\"De parte de quién: \";s:9:\"elementId\";s:15:\"text-5354121133\";s:5:\"value\";s:3:\"luz\";s:8:\"clStatus\";s:7:\"visible\";s:5:\"price\";b:0;s:9:\"form_data\";O:8:\"stdClass\":7:{s:4:\"name\";s:15:\"text-5354121133\";s:5:\"label\";s:20:\"De parte de quién: \";s:5:\"value\";s:0:\"\";s:6:\"active\";b:1;s:8:\"required\";b:0;s:9:\"elementId\";s:15:\"text-5354121133\";s:7:\"subtype\";s:4:\"text\";}s:7:\"meta_id\";i:157;}}i:2;a:1:{i:0;a:9:{s:4:\"type\";s:8:\"textarea\";s:4:\"name\";s:19:\"textarea_5377342150\";s:5:\"label\";s:8:\"Mensaje:\";s:9:\"elementId\";s:19:\"textarea_5377342150\";s:5:\"value\";s:3:\"laz\";s:8:\"clStatus\";s:7:\"visible\";s:5:\"price\";b:0;s:9:\"form_data\";O:8:\"stdClass\":6:{s:4:\"name\";s:19:\"textarea_5377342150\";s:5:\"label\";s:8:\"Mensaje:\";s:5:\"value\";s:0:\"\";s:6:\"active\";b:1;s:8:\"required\";b:0;s:9:\"elementId\";s:19:\"textarea_5377342150\";}s:7:\"meta_id\";i:158;}}}}}'),(149,19,'method_id','free_shipping'),(150,19,'instance_id','5'),(151,19,'cost','0'),(152,19,'total_tax','0'),(153,19,'taxes','a:1:{s:5:\"total\";a:0:{}}'),(154,19,'Artículos','Arreglo floral jardin con chocolates &times; 1, Arreglo floral 14 girasoles &times; 1'),(155,17,'Para quien va dirigido:','vv'),(156,18,'Para quien va dirigido:','liz'),(157,18,'De parte de quién: ','luz'),(158,18,'Mensaje:','laz'),(159,20,'_product_id','15721'),(160,20,'_variation_id','16366'),(161,20,'_qty','1'),(162,20,'_tax_class',''),(163,20,'_line_subtotal','450000'),(164,20,'_line_subtotal_tax','0'),(165,20,'_line_total','450000'),(166,20,'_line_tax','0'),(167,20,'_line_tax_data','a:2:{s:5:\"total\";a:0:{}s:8:\"subtotal\";a:0:{}}'),(168,20,'pa_color','amarillo'),(169,20,'_WCPA_order_meta_data','a:1:{s:19:\"sec_1064dcd815a3d75\";a:2:{s:5:\"extra\";O:8:\"stdClass\":7:{s:10:\"section_id\";s:19:\"sec_1064dcd815a3d75\";s:8:\"clStatus\";s:7:\"visible\";s:3:\"key\";s:19:\"sec_1064dcd815a3d75\";s:5:\"price\";i:0;s:7:\"form_id\";i:17004;s:9:\"parentKey\";b:0;s:10:\"form_rules\";a:0:{}}s:6:\"fields\";a:3:{i:0;a:1:{i:0;a:9:{s:4:\"type\";s:4:\"text\";s:4:\"name\";s:15:\"text_1948458101\";s:5:\"label\";s:22:\"Para quien va dirigido\";s:9:\"elementId\";s:15:\"text_1948458101\";s:5:\"value\";s:6:\"Nestor\";s:8:\"clStatus\";s:7:\"visible\";s:5:\"price\";b:0;s:9:\"form_data\";O:8:\"stdClass\":7:{s:4:\"name\";s:15:\"text_1948458101\";s:5:\"label\";s:22:\"Para quien va dirigido\";s:5:\"value\";s:0:\"\";s:6:\"active\";b:1;s:8:\"required\";b:1;s:9:\"elementId\";s:15:\"text_1948458101\";s:7:\"subtype\";s:4:\"text\";}s:7:\"meta_id\";i:176;}}i:1;a:1:{i:0;a:9:{s:4:\"type\";s:4:\"text\";s:4:\"name\";s:15:\"text-5354121133\";s:5:\"label\";s:18:\"De parte de quién\";s:9:\"elementId\";s:15:\"text-5354121133\";s:5:\"value\";s:4:\"Luis\";s:8:\"clStatus\";s:7:\"visible\";s:5:\"price\";b:0;s:9:\"form_data\";O:8:\"stdClass\":7:{s:4:\"name\";s:15:\"text-5354121133\";s:5:\"label\";s:18:\"De parte de quién\";s:5:\"value\";s:0:\"\";s:6:\"active\";b:1;s:8:\"required\";b:1;s:9:\"elementId\";s:15:\"text-5354121133\";s:7:\"subtype\";s:4:\"text\";}s:7:\"meta_id\";i:177;}}i:2;a:1:{i:0;a:9:{s:4:\"type\";s:8:\"textarea\";s:4:\"name\";s:19:\"textarea_5377342150\";s:5:\"label\";s:7:\"Mensaje\";s:9:\"elementId\";s:19:\"textarea_5377342150\";s:5:\"value\";s:4:\"Hola\";s:8:\"clStatus\";s:7:\"visible\";s:5:\"price\";b:0;s:9:\"form_data\";O:8:\"stdClass\":6:{s:4:\"name\";s:19:\"textarea_5377342150\";s:5:\"label\";s:7:\"Mensaje\";s:5:\"value\";s:0:\"\";s:6:\"active\";b:1;s:8:\"required\";b:1;s:9:\"elementId\";s:19:\"textarea_5377342150\";}s:7:\"meta_id\";i:178;}}}}}'),(170,21,'method_id','free_shipping'),(171,21,'instance_id','5'),(172,21,'cost','0'),(173,21,'total_tax','0'),(174,21,'taxes','a:1:{s:5:\"total\";a:0:{}}'),(175,21,'Artículos','Arreglo floral redondo de rosas - Amarillo &times; 1'),(176,20,'Para quien va dirigido','Nestor'),(177,20,'De parte de quién','Luis'),(178,20,'Mensaje','Hola'),(179,20,'_reduced_stock','1'),(180,22,'_product_id','15719'),(181,22,'_variation_id','16359'),(182,22,'_qty','1'),(183,22,'_tax_class',''),(184,22,'_line_subtotal','140000'),(185,22,'_line_subtotal_tax','0'),(186,22,'_line_total','140000'),(187,22,'_line_tax','0'),(188,22,'_line_tax_data','a:2:{s:5:\"total\";a:0:{}s:8:\"subtotal\";a:0:{}}'),(189,22,'pa_color','amarillo'),(190,22,'_WCPA_order_meta_data','a:1:{s:19:\"sec_1064dcd815a3d75\";a:2:{s:5:\"extra\";O:8:\"stdClass\":7:{s:10:\"section_id\";s:19:\"sec_1064dcd815a3d75\";s:8:\"clStatus\";s:7:\"visible\";s:3:\"key\";s:19:\"sec_1064dcd815a3d75\";s:5:\"price\";i:0;s:7:\"form_id\";i:17004;s:9:\"parentKey\";b:0;s:10:\"form_rules\";a:0:{}}s:6:\"fields\";a:3:{i:0;a:1:{i:0;a:9:{s:4:\"type\";s:4:\"text\";s:4:\"name\";s:15:\"text_1948458101\";s:5:\"label\";s:22:\"Para quien va dirigido\";s:9:\"elementId\";s:15:\"text_1948458101\";s:5:\"value\";s:4:\"test\";s:8:\"clStatus\";s:7:\"visible\";s:5:\"price\";b:0;s:9:\"form_data\";O:8:\"stdClass\":7:{s:4:\"name\";s:15:\"text_1948458101\";s:5:\"label\";s:22:\"Para quien va dirigido\";s:5:\"value\";s:0:\"\";s:6:\"active\";b:1;s:8:\"required\";b:1;s:9:\"elementId\";s:15:\"text_1948458101\";s:7:\"subtype\";s:4:\"text\";}s:7:\"meta_id\";i:197;}}i:1;a:1:{i:0;a:9:{s:4:\"type\";s:4:\"text\";s:4:\"name\";s:15:\"text-5354121133\";s:5:\"label\";s:18:\"De parte de quién\";s:9:\"elementId\";s:15:\"text-5354121133\";s:5:\"value\";s:14:\"tiziano google\";s:8:\"clStatus\";s:7:\"visible\";s:5:\"price\";b:0;s:9:\"form_data\";O:8:\"stdClass\":7:{s:4:\"name\";s:15:\"text-5354121133\";s:5:\"label\";s:18:\"De parte de quién\";s:5:\"value\";s:0:\"\";s:6:\"active\";b:1;s:8:\"required\";b:1;s:9:\"elementId\";s:15:\"text-5354121133\";s:7:\"subtype\";s:4:\"text\";}s:7:\"meta_id\";i:198;}}i:2;a:1:{i:0;a:9:{s:4:\"type\";s:8:\"textarea\";s:4:\"name\";s:19:\"textarea_5377342150\";s:5:\"label\";s:7:\"Mensaje\";s:9:\"elementId\";s:19:\"textarea_5377342150\";s:5:\"value\";s:13:\"desconsiderar\";s:8:\"clStatus\";s:7:\"visible\";s:5:\"price\";b:0;s:9:\"form_data\";O:8:\"stdClass\":6:{s:4:\"name\";s:19:\"textarea_5377342150\";s:5:\"label\";s:7:\"Mensaje\";s:5:\"value\";s:0:\"\";s:6:\"active\";b:1;s:8:\"required\";b:1;s:9:\"elementId\";s:19:\"textarea_5377342150\";}s:7:\"meta_id\";i:199;}}}}}'),(191,23,'method_id','free_shipping'),(192,23,'instance_id','5'),(193,23,'cost','0'),(194,23,'total_tax','0'),(195,23,'taxes','a:1:{s:5:\"total\";a:0:{}}'),(196,23,'Artículos','Sembrado para grado - Amarillo &times; 1'),(197,22,'Para quien va dirigido','test'),(198,22,'De parte de quién','tiziano google'),(199,22,'Mensaje','desconsiderar'),(200,22,'_reduced_stock','1'),(201,24,'_product_id','15727'),(202,24,'_variation_id','16386'),(203,24,'_qty','1'),(204,24,'_tax_class',''),(205,24,'_line_subtotal','90000'),(206,24,'_line_subtotal_tax','0'),(207,24,'_line_total','90000'),(208,24,'_line_tax','0'),(209,24,'_line_tax_data','a:2:{s:5:\"total\";a:0:{}s:8:\"subtotal\";a:0:{}}'),(210,24,'pa_color','rosado'),(211,24,'_WCPA_order_meta_data','a:1:{s:19:\"sec_1064dcd815a3d75\";a:2:{s:5:\"extra\";O:8:\"stdClass\":7:{s:10:\"section_id\";s:19:\"sec_1064dcd815a3d75\";s:8:\"clStatus\";s:7:\"visible\";s:3:\"key\";s:19:\"sec_1064dcd815a3d75\";s:5:\"price\";i:0;s:7:\"form_id\";i:17004;s:9:\"parentKey\";b:0;s:10:\"form_rules\";a:0:{}}s:6:\"fields\";a:3:{i:0;a:1:{i:0;a:9:{s:4:\"type\";s:4:\"text\";s:4:\"name\";s:15:\"text_1948458101\";s:5:\"label\";s:22:\"Para quien va dirigido\";s:9:\"elementId\";s:15:\"text_1948458101\";s:5:\"value\";s:6:\"Andrea\";s:8:\"clStatus\";s:7:\"visible\";s:5:\"price\";b:0;s:9:\"form_data\";O:8:\"stdClass\":7:{s:4:\"name\";s:15:\"text_1948458101\";s:5:\"label\";s:22:\"Para quien va dirigido\";s:5:\"value\";s:0:\"\";s:6:\"active\";b:1;s:8:\"required\";b:1;s:9:\"elementId\";s:15:\"text_1948458101\";s:7:\"subtype\";s:4:\"text\";}s:7:\"meta_id\";i:218;}}i:1;a:1:{i:0;a:9:{s:4:\"type\";s:4:\"text\";s:4:\"name\";s:15:\"text-5354121133\";s:5:\"label\";s:18:\"De parte de quién\";s:9:\"elementId\";s:15:\"text-5354121133\";s:5:\"value\";s:4:\"Alex\";s:8:\"clStatus\";s:7:\"visible\";s:5:\"price\";b:0;s:9:\"form_data\";O:8:\"stdClass\":7:{s:4:\"name\";s:15:\"text-5354121133\";s:5:\"label\";s:18:\"De parte de quién\";s:5:\"value\";s:0:\"\";s:6:\"active\";b:1;s:8:\"required\";b:1;s:9:\"elementId\";s:15:\"text-5354121133\";s:7:\"subtype\";s:4:\"text\";}s:7:\"meta_id\";i:219;}}i:2;a:1:{i:0;a:9:{s:4:\"type\";s:8:\"textarea\";s:4:\"name\";s:19:\"textarea_5377342150\";s:5:\"label\";s:7:\"Mensaje\";s:9:\"elementId\";s:19:\"textarea_5377342150\";s:5:\"value\";s:9:\"Te quiero\";s:8:\"clStatus\";s:7:\"visible\";s:5:\"price\";b:0;s:9:\"form_data\";O:8:\"stdClass\":6:{s:4:\"name\";s:19:\"textarea_5377342150\";s:5:\"label\";s:7:\"Mensaje\";s:5:\"value\";s:0:\"\";s:6:\"active\";b:1;s:8:\"required\";b:1;s:9:\"elementId\";s:19:\"textarea_5377342150\";}s:7:\"meta_id\";i:220;}}}}}'),(212,25,'method_id','free_shipping'),(213,25,'instance_id','5'),(214,25,'cost','0'),(215,25,'total_tax','0'),(216,25,'taxes','a:1:{s:5:\"total\";a:0:{}}'),(217,25,'Artículos','Arreglo floral 18 rosas - Rosado &times; 1'),(218,24,'Para quien va dirigido','Andrea'),(219,24,'De parte de quién','Alex'),(220,24,'Mensaje','Te quiero'),(221,24,'_reduced_stock','1'),(222,26,'_product_id','16420'),(223,26,'_variation_id','0'),(224,26,'_qty','1'),(225,26,'_tax_class',''),(226,26,'_line_subtotal','70000'),(227,26,'_line_subtotal_tax','0'),(228,26,'_line_total','70000'),(229,26,'_line_tax','0'),(230,26,'_line_tax_data','a:2:{s:5:\"total\";a:0:{}s:8:\"subtotal\";a:0:{}}'),(231,26,'_WCPA_order_meta_data','a:1:{s:19:\"sec_1064dcd815a3d75\";a:2:{s:5:\"extra\";O:8:\"stdClass\":7:{s:10:\"section_id\";s:19:\"sec_1064dcd815a3d75\";s:8:\"clStatus\";s:7:\"visible\";s:3:\"key\";s:19:\"sec_1064dcd815a3d75\";s:5:\"price\";i:0;s:7:\"form_id\";i:17004;s:9:\"parentKey\";b:0;s:10:\"form_rules\";a:0:{}}s:6:\"fields\";a:3:{i:0;a:1:{i:0;a:9:{s:4:\"type\";s:4:\"text\";s:4:\"name\";s:15:\"text_1948458101\";s:5:\"label\";s:22:\"Para quien va dirigido\";s:9:\"elementId\";s:15:\"text_1948458101\";s:5:\"value\";s:6:\"Amparo\";s:8:\"clStatus\";s:7:\"visible\";s:5:\"price\";b:0;s:9:\"form_data\";O:8:\"stdClass\":7:{s:4:\"name\";s:15:\"text_1948458101\";s:5:\"label\";s:22:\"Para quien va dirigido\";s:5:\"value\";s:0:\"\";s:6:\"active\";b:1;s:8:\"required\";b:1;s:9:\"elementId\";s:15:\"text_1948458101\";s:7:\"subtype\";s:4:\"text\";}s:7:\"meta_id\";i:238;}}i:1;a:1:{i:0;a:9:{s:4:\"type\";s:4:\"text\";s:4:\"name\";s:15:\"text-5354121133\";s:5:\"label\";s:18:\"De parte de quién\";s:9:\"elementId\";s:15:\"text-5354121133\";s:5:\"value\";s:8:\"Tu bebé\";s:8:\"clStatus\";s:7:\"visible\";s:5:\"price\";b:0;s:9:\"form_data\";O:8:\"stdClass\":7:{s:4:\"name\";s:15:\"text-5354121133\";s:5:\"label\";s:18:\"De parte de quién\";s:5:\"value\";s:0:\"\";s:6:\"active\";b:1;s:8:\"required\";b:1;s:9:\"elementId\";s:15:\"text-5354121133\";s:7:\"subtype\";s:4:\"text\";}s:7:\"meta_id\";i:239;}}i:2;a:1:{i:0;a:9:{s:4:\"type\";s:8:\"textarea\";s:4:\"name\";s:19:\"textarea_5377342150\";s:5:\"label\";s:7:\"Mensaje\";s:9:\"elementId\";s:19:\"textarea_5377342150\";s:5:\"value\";s:79:\"Feliz cumpleaños mami, gracias por ser la mejor mamá del mundo, te amo ❤️\";s:8:\"clStatus\";s:7:\"visible\";s:5:\"price\";b:0;s:9:\"form_data\";O:8:\"stdClass\":6:{s:4:\"name\";s:19:\"textarea_5377342150\";s:5:\"label\";s:7:\"Mensaje\";s:5:\"value\";s:0:\"\";s:6:\"active\";b:1;s:8:\"required\";b:1;s:9:\"elementId\";s:19:\"textarea_5377342150\";}s:7:\"meta_id\";i:240;}}}}}'),(232,27,'method_id','free_shipping'),(233,27,'instance_id','5'),(234,27,'cost','0'),(235,27,'total_tax','0'),(236,27,'taxes','a:1:{s:5:\"total\";a:0:{}}'),(237,27,'Artículos','Bouquet expresion 24 rosas &times; 1'),(238,26,'Para quien va dirigido','Amparo'),(239,26,'De parte de quién','Tu bebé'),(240,26,'Mensaje','Feliz cumpleaños mami, gracias por ser la mejor mamá del mundo, te amo ❤️'),(241,28,'_product_id','16420'),(242,28,'_variation_id','0'),(243,28,'_qty','1'),(244,28,'_tax_class',''),(245,28,'_line_subtotal','70000'),(246,28,'_line_subtotal_tax','0'),(247,28,'_line_total','70000'),(248,28,'_line_tax','0'),(249,28,'_line_tax_data','a:2:{s:5:\"total\";a:0:{}s:8:\"subtotal\";a:0:{}}'),(250,28,'_WCPA_order_meta_data','a:1:{s:19:\"sec_1064dcd815a3d75\";a:2:{s:5:\"extra\";O:8:\"stdClass\":7:{s:10:\"section_id\";s:19:\"sec_1064dcd815a3d75\";s:8:\"clStatus\";s:7:\"visible\";s:3:\"key\";s:19:\"sec_1064dcd815a3d75\";s:5:\"price\";i:0;s:7:\"form_id\";i:17004;s:9:\"parentKey\";b:0;s:10:\"form_rules\";a:0:{}}s:6:\"fields\";a:3:{i:0;a:1:{i:0;a:9:{s:4:\"type\";s:4:\"text\";s:4:\"name\";s:15:\"text_1948458101\";s:5:\"label\";s:22:\"Para quien va dirigido\";s:9:\"elementId\";s:15:\"text_1948458101\";s:5:\"value\";s:6:\"Amparo\";s:8:\"clStatus\";s:7:\"visible\";s:5:\"price\";b:0;s:9:\"form_data\";O:8:\"stdClass\":7:{s:4:\"name\";s:15:\"text_1948458101\";s:5:\"label\";s:22:\"Para quien va dirigido\";s:5:\"value\";s:0:\"\";s:6:\"active\";b:1;s:8:\"required\";b:1;s:9:\"elementId\";s:15:\"text_1948458101\";s:7:\"subtype\";s:4:\"text\";}s:7:\"meta_id\";i:257;}}i:1;a:1:{i:0;a:9:{s:4:\"type\";s:4:\"text\";s:4:\"name\";s:15:\"text-5354121133\";s:5:\"label\";s:18:\"De parte de quién\";s:9:\"elementId\";s:15:\"text-5354121133\";s:5:\"value\";s:8:\"Tu bebé\";s:8:\"clStatus\";s:7:\"visible\";s:5:\"price\";b:0;s:9:\"form_data\";O:8:\"stdClass\":7:{s:4:\"name\";s:15:\"text-5354121133\";s:5:\"label\";s:18:\"De parte de quién\";s:5:\"value\";s:0:\"\";s:6:\"active\";b:1;s:8:\"required\";b:1;s:9:\"elementId\";s:15:\"text-5354121133\";s:7:\"subtype\";s:4:\"text\";}s:7:\"meta_id\";i:258;}}i:2;a:1:{i:0;a:9:{s:4:\"type\";s:8:\"textarea\";s:4:\"name\";s:19:\"textarea_5377342150\";s:5:\"label\";s:7:\"Mensaje\";s:9:\"elementId\";s:19:\"textarea_5377342150\";s:5:\"value\";s:79:\"Feliz cumpleaños mami, gracias por ser la mejor mamá del mundo, te amo ❤️\";s:8:\"clStatus\";s:7:\"visible\";s:5:\"price\";b:0;s:9:\"form_data\";O:8:\"stdClass\":6:{s:4:\"name\";s:19:\"textarea_5377342150\";s:5:\"label\";s:7:\"Mensaje\";s:5:\"value\";s:0:\"\";s:6:\"active\";b:1;s:8:\"required\";b:1;s:9:\"elementId\";s:19:\"textarea_5377342150\";}s:7:\"meta_id\";i:259;}}}}}'),(251,29,'method_id','free_shipping'),(252,29,'instance_id','5'),(253,29,'cost','0'),(254,29,'total_tax','0'),(255,29,'taxes','a:1:{s:5:\"total\";a:0:{}}'),(256,29,'Artículos','Bouquet expresion 24 rosas &times; 1'),(257,28,'Para quien va dirigido','Amparo'),(258,28,'De parte de quién','Tu bebé'),(259,28,'Mensaje','Feliz cumpleaños mami, gracias por ser la mejor mamá del mundo, te amo ❤️'),(260,30,'_product_id','16034'),(261,30,'_variation_id','16195'),(262,30,'_qty','1'),(263,30,'_tax_class',''),(264,30,'_line_subtotal','50000'),(265,30,'_line_subtotal_tax','0'),(266,30,'_line_total','50000'),(267,30,'_line_tax','0'),(268,30,'_line_tax_data','a:2:{s:5:\"total\";a:0:{}s:8:\"subtotal\";a:0:{}}'),(269,30,'pa_color','negro'),(270,30,'_WCPA_order_meta_data','a:1:{s:19:\"sec_1064dcd815a3d75\";a:2:{s:5:\"extra\";O:8:\"stdClass\":7:{s:10:\"section_id\";s:19:\"sec_1064dcd815a3d75\";s:8:\"clStatus\";s:7:\"visible\";s:3:\"key\";s:19:\"sec_1064dcd815a3d75\";s:5:\"price\";i:0;s:7:\"form_id\";i:17004;s:9:\"parentKey\";b:0;s:10:\"form_rules\";a:0:{}}s:6:\"fields\";a:3:{i:0;a:1:{i:0;a:9:{s:4:\"type\";s:4:\"text\";s:4:\"name\";s:15:\"text_1948458101\";s:5:\"label\";s:22:\"Para quien va dirigido\";s:9:\"elementId\";s:15:\"text_1948458101\";s:5:\"value\";s:20:\"María José García\";s:8:\"clStatus\";s:7:\"visible\";s:5:\"price\";b:0;s:9:\"form_data\";O:8:\"stdClass\":7:{s:4:\"name\";s:15:\"text_1948458101\";s:5:\"label\";s:22:\"Para quien va dirigido\";s:5:\"value\";s:0:\"\";s:6:\"active\";b:1;s:8:\"required\";b:1;s:9:\"elementId\";s:15:\"text_1948458101\";s:7:\"subtype\";s:4:\"text\";}s:7:\"meta_id\";i:277;}}i:1;a:1:{i:0;a:9:{s:4:\"type\";s:4:\"text\";s:4:\"name\";s:15:\"text-5354121133\";s:5:\"label\";s:18:\"De parte de quién\";s:9:\"elementId\";s:15:\"text-5354121133\";s:5:\"value\";s:11:\"De: tu mami\";s:8:\"clStatus\";s:7:\"visible\";s:5:\"price\";b:0;s:9:\"form_data\";O:8:\"stdClass\":7:{s:4:\"name\";s:15:\"text-5354121133\";s:5:\"label\";s:18:\"De parte de quién\";s:5:\"value\";s:0:\"\";s:6:\"active\";b:1;s:8:\"required\";b:1;s:9:\"elementId\";s:15:\"text-5354121133\";s:7:\"subtype\";s:4:\"text\";}s:7:\"meta_id\";i:278;}}i:2;a:1:{i:0;a:9:{s:4:\"type\";s:8:\"textarea\";s:4:\"name\";s:19:\"textarea_5377342150\";s:5:\"label\";s:7:\"Mensaje\";s:9:\"elementId\";s:19:\"textarea_5377342150\";s:5:\"value\";s:251:\"Aunque no estemos juntas de presencia y nos separen algunas millas, mi corazón,  mi mente y mi alma siempre estarán para ti, cada día cada mañana tu mamá te tendrá en los pensamientos y luchará para que nos volvamos a encontrar \r\nTe ama tu mami\";s:8:\"clStatus\";s:7:\"visible\";s:5:\"price\";b:0;s:9:\"form_data\";O:8:\"stdClass\":6:{s:4:\"name\";s:19:\"textarea_5377342150\";s:5:\"label\";s:7:\"Mensaje\";s:5:\"value\";s:0:\"\";s:6:\"active\";b:1;s:8:\"required\";b:1;s:9:\"elementId\";s:19:\"textarea_5377342150\";}s:7:\"meta_id\";i:279;}}}}}'),(271,31,'method_id','free_shipping'),(272,31,'instance_id','5'),(273,31,'cost','0'),(274,31,'total_tax','0'),(275,31,'taxes','a:1:{s:5:\"total\";a:0:{}}'),(276,31,'Artículos','Bouquet 3 girasoles 12 rosas - Negro &times; 1'),(277,30,'Para quien va dirigido','María José García'),(278,30,'De parte de quién','De: tu mami'),(279,30,'Mensaje','Aunque no estemos juntas de presencia y nos separen algunas millas, mi corazón,  mi mente y mi alma siempre estarán para ti, cada día cada mañana tu mamá te tendrá en los pensamientos y luchará para que nos volvamos a encontrar \r\nTe ama tu mami'),(280,32,'_product_id','15715'),(281,32,'_variation_id','0'),(282,32,'_qty','1'),(283,32,'_tax_class',''),(284,32,'_line_subtotal','130000'),(285,32,'_line_subtotal_tax','0'),(286,32,'_line_total','130000'),(287,32,'_line_tax','0'),(288,32,'_line_tax_data','a:2:{s:5:\"total\";a:0:{}s:8:\"subtotal\";a:0:{}}'),(289,32,'_WCPA_order_meta_data','a:1:{s:19:\"sec_1064dcd815a3d75\";a:2:{s:5:\"extra\";O:8:\"stdClass\":7:{s:10:\"section_id\";s:19:\"sec_1064dcd815a3d75\";s:8:\"clStatus\";s:7:\"visible\";s:3:\"key\";s:19:\"sec_1064dcd815a3d75\";s:5:\"price\";i:0;s:7:\"form_id\";i:17004;s:9:\"parentKey\";b:0;s:10:\"form_rules\";a:0:{}}s:6:\"fields\";a:3:{i:0;a:1:{i:0;a:9:{s:4:\"type\";s:4:\"text\";s:4:\"name\";s:15:\"text_1948458101\";s:5:\"label\";s:22:\"Para quien va dirigido\";s:9:\"elementId\";s:15:\"text_1948458101\";s:5:\"value\";s:26:\"Margarita Cortés Martinez\";s:8:\"clStatus\";s:7:\"visible\";s:5:\"price\";b:0;s:9:\"form_data\";O:8:\"stdClass\":7:{s:4:\"name\";s:15:\"text_1948458101\";s:5:\"label\";s:22:\"Para quien va dirigido\";s:5:\"value\";s:0:\"\";s:6:\"active\";b:1;s:8:\"required\";b:1;s:9:\"elementId\";s:15:\"text_1948458101\";s:7:\"subtype\";s:4:\"text\";}s:7:\"meta_id\";i:296;}}i:1;a:1:{i:0;a:9:{s:4:\"type\";s:4:\"text\";s:4:\"name\";s:15:\"text-5354121133\";s:5:\"label\";s:18:\"De parte de quién\";s:9:\"elementId\";s:15:\"text-5354121133\";s:5:\"value\";s:19:\"Lucy Judith Cortés\";s:8:\"clStatus\";s:7:\"visible\";s:5:\"price\";b:0;s:9:\"form_data\";O:8:\"stdClass\":7:{s:4:\"name\";s:15:\"text-5354121133\";s:5:\"label\";s:18:\"De parte de quién\";s:5:\"value\";s:0:\"\";s:6:\"active\";b:1;s:8:\"required\";b:1;s:9:\"elementId\";s:15:\"text-5354121133\";s:7:\"subtype\";s:4:\"text\";}s:7:\"meta_id\";i:297;}}i:2;a:1:{i:0;a:9:{s:4:\"type\";s:8:\"textarea\";s:4:\"name\";s:19:\"textarea_5377342150\";s:5:\"label\";s:7:\"Mensaje\";s:9:\"elementId\";s:19:\"textarea_5377342150\";s:5:\"value\";s:325:\"Nos alegramos en Dios por tu vida y por el privilegio de ser parte de ella ! Eres una bendición  de Dios para todos los que te rodean¡ !seas feliz por siempre¡ Espero que tu día especial esté lleno de las bendiciones de nuestro Dios. ! Felicidades ¡ Dios te conceda los deseos de tu corazón.\r\nFeliz cumpleaños querida\";s:8:\"clStatus\";s:7:\"visible\";s:5:\"price\";b:0;s:9:\"form_data\";O:8:\"stdClass\":6:{s:4:\"name\";s:19:\"textarea_5377342150\";s:5:\"label\";s:7:\"Mensaje\";s:5:\"value\";s:0:\"\";s:6:\"active\";b:1;s:8:\"required\";b:1;s:9:\"elementId\";s:19:\"textarea_5377342150\";}s:7:\"meta_id\";i:298;}}}}}'),(290,33,'method_id','free_shipping'),(291,33,'instance_id','5'),(292,33,'cost','0'),(293,33,'total_tax','0'),(294,33,'taxes','a:1:{s:5:\"total\";a:0:{}}'),(295,33,'Artículos','Ramo de rosas y girasoles &times; 1'),(296,32,'Para quien va dirigido','Margarita Cortés Martinez'),(297,32,'De parte de quién','Lucy Judith Cortés'),(298,32,'Mensaje','Nos alegramos en Dios por tu vida y por el privilegio de ser parte de ella ! Eres una bendición  de Dios para todos los que te rodean¡ !seas feliz por siempre¡ Espero que tu día especial esté lleno de las bendiciones de nuestro Dios. ! Felicidades ¡ Dios te conceda los deseos de tu corazón.\r\nFeliz cumpleaños querida'),(299,34,'_product_id','16570'),(300,34,'_variation_id','0'),(301,34,'_qty','1'),(302,34,'_tax_class',''),(303,34,'_line_subtotal','120000'),(304,34,'_line_subtotal_tax','0'),(305,34,'_line_total','120000'),(306,34,'_line_tax','0'),(307,34,'_line_tax_data','a:2:{s:5:\"total\";a:0:{}s:8:\"subtotal\";a:0:{}}'),(308,34,'_WCPA_order_meta_data','a:1:{s:19:\"sec_1064dcd815a3d75\";a:2:{s:5:\"extra\";O:8:\"stdClass\":7:{s:10:\"section_id\";s:19:\"sec_1064dcd815a3d75\";s:8:\"clStatus\";s:7:\"visible\";s:3:\"key\";s:19:\"sec_1064dcd815a3d75\";s:5:\"price\";i:0;s:7:\"form_id\";i:17004;s:9:\"parentKey\";b:0;s:10:\"form_rules\";a:0:{}}s:6:\"fields\";a:3:{i:0;a:1:{i:0;a:9:{s:4:\"type\";s:4:\"text\";s:4:\"name\";s:15:\"text_1948458101\";s:5:\"label\";s:22:\"Para quien va dirigido\";s:9:\"elementId\";s:15:\"text_1948458101\";s:5:\"value\";s:27:\"María Helena Medina Torres\";s:8:\"clStatus\";s:7:\"visible\";s:5:\"price\";b:0;s:9:\"form_data\";O:8:\"stdClass\":7:{s:4:\"name\";s:15:\"text_1948458101\";s:5:\"label\";s:22:\"Para quien va dirigido\";s:5:\"value\";s:0:\"\";s:6:\"active\";b:1;s:8:\"required\";b:1;s:9:\"elementId\";s:15:\"text_1948458101\";s:7:\"subtype\";s:4:\"text\";}s:7:\"meta_id\";i:315;}}i:1;a:1:{i:0;a:9:{s:4:\"type\";s:4:\"text\";s:4:\"name\";s:15:\"text-5354121133\";s:5:\"label\";s:18:\"De parte de quién\";s:9:\"elementId\";s:15:\"text-5354121133\";s:5:\"value\";s:21:\"Jeanet Alzate Quiceno\";s:8:\"clStatus\";s:7:\"visible\";s:5:\"price\";b:0;s:9:\"form_data\";O:8:\"stdClass\":7:{s:4:\"name\";s:15:\"text-5354121133\";s:5:\"label\";s:18:\"De parte de quién\";s:5:\"value\";s:0:\"\";s:6:\"active\";b:1;s:8:\"required\";b:1;s:9:\"elementId\";s:15:\"text-5354121133\";s:7:\"subtype\";s:4:\"text\";}s:7:\"meta_id\";i:316;}}i:2;a:1:{i:0;a:9:{s:4:\"type\";s:8:\"textarea\";s:4:\"name\";s:19:\"textarea_5377342150\";s:5:\"label\";s:7:\"Mensaje\";s:9:\"elementId\";s:19:\"textarea_5377342150\";s:5:\"value\";s:340:\"Amiga: Hoy cumples 60 años y estoy segura de que tienes muchas cosas por agradecer a Dios, de la misma manera estoy segura de que tengo una gran amiga. Gracias por ser parte de mi vida. Que seas muy feliz este y todos los días de tu vida que Dios te de muchos años de vida y salud. FELIZ CUMPLEAÑOS, un abrazo desde la distancia. Jeanet\";s:8:\"clStatus\";s:7:\"visible\";s:5:\"price\";b:0;s:9:\"form_data\";O:8:\"stdClass\":6:{s:4:\"name\";s:19:\"textarea_5377342150\";s:5:\"label\";s:7:\"Mensaje\";s:5:\"value\";s:0:\"\";s:6:\"active\";b:1;s:8:\"required\";b:1;s:9:\"elementId\";s:19:\"textarea_5377342150\";}s:7:\"meta_id\";i:317;}}}}}'),(309,35,'method_id','free_shipping'),(310,35,'instance_id','5'),(311,35,'cost','0'),(312,35,'total_tax','0'),(313,35,'taxes','a:1:{s:5:\"total\";a:0:{}}'),(314,35,'Artículos','Diseño floral, con orquidea sinvidio y lirios &times; 1'),(315,34,'Para quien va dirigido','María Helena Medina Torres'),(316,34,'De parte de quién','Jeanet Alzate Quiceno'),(317,34,'Mensaje','Amiga: Hoy cumples 60 años y estoy segura de que tienes muchas cosas por agradecer a Dios, de la misma manera estoy segura de que tengo una gran amiga. Gracias por ser parte de mi vida. Que seas muy feliz este y todos los días de tu vida que Dios te de muchos años de vida y salud. FELIZ CUMPLEAÑOS, un abrazo desde la distancia. Jeanet'),(318,36,'_product_id','16586'),(319,36,'_variation_id','0'),(320,36,'_qty','1'),(321,36,'_tax_class',''),(322,36,'_line_subtotal','90000'),(323,36,'_line_subtotal_tax','0'),(324,36,'_line_total','90000'),(325,36,'_line_tax','0'),(326,36,'_line_tax_data','a:2:{s:5:\"total\";a:0:{}s:8:\"subtotal\";a:0:{}}'),(327,36,'_WCPA_order_meta_data','a:1:{s:19:\"sec_1064dcd815a3d75\";a:2:{s:5:\"extra\";O:8:\"stdClass\":7:{s:10:\"section_id\";s:19:\"sec_1064dcd815a3d75\";s:8:\"clStatus\";s:7:\"visible\";s:3:\"key\";s:19:\"sec_1064dcd815a3d75\";s:5:\"price\";i:0;s:7:\"form_id\";i:17004;s:9:\"parentKey\";b:0;s:10:\"form_rules\";a:0:{}}s:6:\"fields\";a:3:{i:0;a:1:{i:0;a:9:{s:4:\"type\";s:4:\"text\";s:4:\"name\";s:15:\"text_1948458101\";s:5:\"label\";s:22:\"Para quien va dirigido\";s:9:\"elementId\";s:15:\"text_1948458101\";s:5:\"value\";s:16:\"Yulieth Quintero\";s:8:\"clStatus\";s:7:\"visible\";s:5:\"price\";b:0;s:9:\"form_data\";O:8:\"stdClass\":7:{s:4:\"name\";s:15:\"text_1948458101\";s:5:\"label\";s:22:\"Para quien va dirigido\";s:5:\"value\";s:0:\"\";s:6:\"active\";b:1;s:8:\"required\";b:1;s:9:\"elementId\";s:15:\"text_1948458101\";s:7:\"subtype\";s:4:\"text\";}s:7:\"meta_id\";i:334;}}i:1;a:1:{i:0;a:9:{s:4:\"type\";s:4:\"text\";s:4:\"name\";s:15:\"text-5354121133\";s:5:\"label\";s:18:\"De parte de quién\";s:9:\"elementId\";s:15:\"text-5354121133\";s:5:\"value\";s:14:\"Haiver Penagos\";s:8:\"clStatus\";s:7:\"visible\";s:5:\"price\";b:0;s:9:\"form_data\";O:8:\"stdClass\":7:{s:4:\"name\";s:15:\"text-5354121133\";s:5:\"label\";s:18:\"De parte de quién\";s:5:\"value\";s:0:\"\";s:6:\"active\";b:1;s:8:\"required\";b:1;s:9:\"elementId\";s:15:\"text-5354121133\";s:7:\"subtype\";s:4:\"text\";}s:7:\"meta_id\";i:335;}}i:2;a:1:{i:0;a:9:{s:4:\"type\";s:8:\"textarea\";s:4:\"name\";s:19:\"textarea_5377342150\";s:5:\"label\";s:7:\"Mensaje\";s:9:\"elementId\";s:19:\"textarea_5377342150\";s:5:\"value\";s:82:\"Para mi reina hermosa con todo mi amor...\r\nFeliz cumpleaños...\r\nTe amo mucho.....\";s:8:\"clStatus\";s:7:\"visible\";s:5:\"price\";b:0;s:9:\"form_data\";O:8:\"stdClass\":6:{s:4:\"name\";s:19:\"textarea_5377342150\";s:5:\"label\";s:7:\"Mensaje\";s:5:\"value\";s:0:\"\";s:6:\"active\";b:1;s:8:\"required\";b:1;s:9:\"elementId\";s:19:\"textarea_5377342150\";}s:7:\"meta_id\";i:336;}}}}}'),(328,37,'method_id','free_shipping'),(329,37,'instance_id','5'),(330,37,'cost','0'),(331,37,'total_tax','0'),(332,37,'taxes','a:1:{s:5:\"total\";a:0:{}}'),(333,37,'Artículos','Arreglo floral de rosas y globos &times; 1'),(334,36,'Para quien va dirigido','Yulieth Quintero'),(335,36,'De parte de quién','Haiver Penagos'),(336,36,'Mensaje','Para mi reina hermosa con todo mi amor...\r\nFeliz cumpleaños...\r\nTe amo mucho.....'),(337,38,'_product_id','16568'),(338,38,'_variation_id','0'),(339,38,'_qty','1'),(340,38,'_tax_class',''),(341,38,'_line_subtotal','40000'),(342,38,'_line_subtotal_tax','0'),(343,38,'_line_total','40000'),(344,38,'_line_tax','0'),(345,38,'_line_tax_data','a:2:{s:5:\"total\";a:0:{}s:8:\"subtotal\";a:0:{}}'),(346,38,'_WCPA_order_meta_data','a:1:{s:19:\"sec_1064dcd815a3d75\";a:2:{s:5:\"extra\";O:8:\"stdClass\":7:{s:10:\"section_id\";s:19:\"sec_1064dcd815a3d75\";s:8:\"clStatus\";s:7:\"visible\";s:3:\"key\";s:19:\"sec_1064dcd815a3d75\";s:5:\"price\";i:0;s:7:\"form_id\";i:17004;s:9:\"parentKey\";b:0;s:10:\"form_rules\";a:0:{}}s:6:\"fields\";a:3:{i:0;a:1:{i:0;a:9:{s:4:\"type\";s:4:\"text\";s:4:\"name\";s:15:\"text_1948458101\";s:5:\"label\";s:22:\"Para quien va dirigido\";s:9:\"elementId\";s:15:\"text_1948458101\";s:5:\"value\";s:30:\"Amparo la mejor mami del mundo\";s:8:\"clStatus\";s:7:\"visible\";s:5:\"price\";b:0;s:9:\"form_data\";O:8:\"stdClass\":7:{s:4:\"name\";s:15:\"text_1948458101\";s:5:\"label\";s:22:\"Para quien va dirigido\";s:5:\"value\";s:0:\"\";s:6:\"active\";b:1;s:8:\"required\";b:1;s:9:\"elementId\";s:15:\"text_1948458101\";s:7:\"subtype\";s:4:\"text\";}s:7:\"meta_id\";i:353;}}i:1;a:1:{i:0;a:9:{s:4:\"type\";s:4:\"text\";s:4:\"name\";s:15:\"text-5354121133\";s:5:\"label\";s:18:\"De parte de quién\";s:9:\"elementId\";s:15:\"text-5354121133\";s:5:\"value\";s:22:\"Tu bebé y los peludos\";s:8:\"clStatus\";s:7:\"visible\";s:5:\"price\";b:0;s:9:\"form_data\";O:8:\"stdClass\":7:{s:4:\"name\";s:15:\"text-5354121133\";s:5:\"label\";s:18:\"De parte de quién\";s:5:\"value\";s:0:\"\";s:6:\"active\";b:1;s:8:\"required\";b:1;s:9:\"elementId\";s:15:\"text-5354121133\";s:7:\"subtype\";s:4:\"text\";}s:7:\"meta_id\";i:354;}}i:2;a:1:{i:0;a:9:{s:4:\"type\";s:8:\"textarea\";s:4:\"name\";s:19:\"textarea_5377342150\";s:5:\"label\";s:7:\"Mensaje\";s:9:\"elementId\";s:19:\"textarea_5377342150\";s:5:\"value\";s:12:\"Te amo mamá\";s:8:\"clStatus\";s:7:\"visible\";s:5:\"price\";b:0;s:9:\"form_data\";O:8:\"stdClass\":6:{s:4:\"name\";s:19:\"textarea_5377342150\";s:5:\"label\";s:7:\"Mensaje\";s:5:\"value\";s:0:\"\";s:6:\"active\";b:1;s:8:\"required\";b:1;s:9:\"elementId\";s:19:\"textarea_5377342150\";}s:7:\"meta_id\";i:355;}}}}}'),(347,39,'method_id','free_shipping'),(348,39,'instance_id','5'),(349,39,'cost','0'),(350,39,'total_tax','0'),(351,39,'taxes','a:1:{s:5:\"total\";a:0:{}}'),(352,39,'Artículos','Bouquet de 12 rosas &times; 1'),(353,38,'Para quien va dirigido','Amparo la mejor mami del mundo'),(354,38,'De parte de quién','Tu bebé y los peludos'),(355,38,'Mensaje','Te amo mamá');

--
-- Table structure for table `MHC5Tl_woocommerce_order_items`
--

CREATE TABLE `MHC5Tl_woocommerce_order_items` (
  `order_item_id` bigint(20) unsigned NOT NULL AUTO_INCREMENT,
  `order_item_name` text NOT NULL,
  `order_item_type` varchar(200) NOT NULL DEFAULT '',
  `order_id` bigint(20) unsigned NOT NULL,
  PRIMARY KEY (`order_item_id`),
  KEY `order_id` (`order_id`)
) ENGINE=InnoDB AUTO_INCREMENT=40 DEFAULT CHARSET=utf8mb4 COLLATE=utf8mb4_unicode_520_ci;

--
-- Dumping data for table `MHC5Tl_woocommerce_order_items`
--

INSERT INTO `MHC5Tl_woocommerce_order_items` VALUES (1,'Arreglo floal 18 rosas','line_item',16205),(2,'Precio fijo','shipping',16205),(3,'Arreglo floal 18 rosas','line_item',16206),(4,'Precio fijo','shipping',16206),(5,'Sembrado de rosas y gerveras','line_item',16207),(6,'Precio fijo','shipping',16207),(7,'Sembrado de rosas y gerveras','line_item',16208),(8,'Precio fijo','shipping',16208),(9,'Sembrado de rosas y gerveras','line_item',16209),(10,'Precio fijo','shipping',16209),(11,'Arreglo floral de solo rosas rojas','line_item',16210),(12,'Precio fijo','shipping',16210),(13,'Arreglo floral 18 rosas - Amarillo','line_item',16998),(14,'Envío gratuito (SOLO CALI)','shipping',16998),(15,'Arreglo floral 18 rosas - Rosado','line_item',16999),(16,'Envío gratuito (SOLO CALI)','shipping',16999),(17,'Arreglo floral jardin con chocolates','line_item',17005),(18,'Arreglo floral 14 girasoles','line_item',17005),(19,'Envío gratuito (SOLO CALI)','shipping',17005),(20,'Arreglo floral redondo de rosas - Amarillo','line_item',17033),(21,'Envío gratuito (SOLO CALI)','shipping',17033),(22,'Sembrado para grado - Amarillo','line_item',17048),(23,'Envío gratuito (SOLO CALI)','shipping',17048),(24,'Arreglo floral 18 rosas - Rosado','line_item',17049),(25,'Envío gratuito (SOLO CALI)','shipping',17049),(26,'Bouquet expresion 24 rosas','line_item',17050),(27,'Envío gratuito (SOLO CALI)','shipping',17050),(28,'Bouquet expresion 24 rosas','line_item',17051),(29,'Envío gratuito (SOLO CALI)','shipping',17051),(30,'Bouquet 3 girasoles 12 rosas - Negro','line_item',17055),(31,'Envío gratuito (SOLO CALI)','shipping',17055),(32,'Ramo de rosas y girasoles','line_item',17056),(33,'Envío gratuito (SOLO CALI)','shipping',17056),(34,'Diseño floral, con orquidea sinvidio y lirios','line_item',17057),(35,'Envío gratuito (SOLO CALI)','shipping',17057),(36,'Arreglo floral de rosas y globos','line_item',17058),(37,'Envío gratuito (SOLO CALI)','shipping',17058),(38,'Bouquet de 12 rosas','line_item',17059),(39,'Envío gratuito (SOLO CALI)','shipping',17059);

--
-- Table structure for table `MHC5Tl_woocommerce_payment_tokenmeta`
--

CREATE TABLE `MHC5Tl_woocommerce_payment_tokenmeta` (
  `meta_id` bigint(20) unsigned NOT NULL AUTO_INCREMENT,
  `payment_token_id` bigint(20) unsigned NOT NULL,
  `meta_key` varchar(255) DEFAULT NULL,
  `meta_value` longtext DEFAULT NULL,
  PRIMARY KEY (`meta_id`),
  KEY `payment_token_id` (`payment_token_id`),
  KEY `meta_key` (`meta_key`(32))
) ENGINE=InnoDB DEFAULT CHARSET=utf8mb4 COLLATE=utf8mb4_unicode_520_ci;

--
-- Dumping data for table `MHC5Tl_woocommerce_payment_tokenmeta`
--


--
-- Table structure for table `MHC5Tl_woocommerce_payment_tokens`
--

CREATE TABLE `MHC5Tl_woocommerce_payment_tokens` (
  `token_id` bigint(20) unsigned NOT NULL AUTO_INCREMENT,
  `gateway_id` varchar(200) NOT NULL,
  `token` text NOT NULL,
  `user_id` bigint(20) unsigned NOT NULL DEFAULT 0,
  `type` varchar(200) NOT NULL,
  `is_default` tinyint(1) NOT NULL DEFAULT 0,
  PRIMARY KEY (`token_id`),
  KEY `user_id` (`user_id`)
) ENGINE=InnoDB DEFAULT CHARSET=utf8mb4 COLLATE=utf8mb4_unicode_520_ci;

--
-- Dumping data for table `MHC5Tl_woocommerce_payment_tokens`
--


--
-- Table structure for table `MHC5Tl_woocommerce_sessions`
--

CREATE TABLE `MHC5Tl_woocommerce_sessions` (
  `session_id` bigint(20) unsigned NOT NULL AUTO_INCREMENT,
  `session_key` char(32) NOT NULL,
  `session_value` longtext NOT NULL,
  `session_expiry` bigint(20) unsigned NOT NULL,
  PRIMARY KEY (`session_id`),
  UNIQUE KEY `session_key` (`session_key`)
) ENGINE=InnoDB AUTO_INCREMENT=5115 DEFAULT CHARSET=utf8mb4 COLLATE=utf8mb4_unicode_520_ci;

--
-- Dumping data for table `MHC5Tl_woocommerce_sessions`
--


--
-- Table structure for table `MHC5Tl_woocommerce_shipping_zone_locations`
--

CREATE TABLE `MHC5Tl_woocommerce_shipping_zone_locations` (
  `location_id` bigint(20) unsigned NOT NULL AUTO_INCREMENT,
  `zone_id` bigint(20) unsigned NOT NULL,
  `location_code` varchar(200) NOT NULL,
  `location_type` varchar(40) NOT NULL,
  PRIMARY KEY (`location_id`),
  KEY `location_id` (`location_id`),
  KEY `location_type_code` (`location_type`(10),`location_code`(20))
) ENGINE=InnoDB AUTO_INCREMENT=5 DEFAULT CHARSET=utf8mb4 COLLATE=utf8mb4_unicode_520_ci;

--
-- Dumping data for table `MHC5Tl_woocommerce_shipping_zone_locations`
--

INSERT INTO `MHC5Tl_woocommerce_shipping_zone_locations` VALUES (4,3,'CO','country');

--
-- Table structure for table `MHC5Tl_woocommerce_shipping_zone_methods`
--

CREATE TABLE `MHC5Tl_woocommerce_shipping_zone_methods` (
  `zone_id` bigint(20) unsigned NOT NULL,
  `instance_id` bigint(20) unsigned NOT NULL AUTO_INCREMENT,
  `method_id` varchar(200) NOT NULL,
  `method_order` bigint(20) unsigned NOT NULL,
  `is_enabled` tinyint(1) NOT NULL DEFAULT 1,
  PRIMARY KEY (`instance_id`)
) ENGINE=InnoDB AUTO_INCREMENT=6 DEFAULT CHARSET=utf8mb4 COLLATE=utf8mb4_unicode_520_ci;

--
-- Dumping data for table `MHC5Tl_woocommerce_shipping_zone_methods`
--

INSERT INTO `MHC5Tl_woocommerce_shipping_zone_methods` VALUES (3,5,'free_shipping',2,1);

--
-- Table structure for table `MHC5Tl_woocommerce_shipping_zones`
--

CREATE TABLE `MHC5Tl_woocommerce_shipping_zones` (
  `zone_id` bigint(20) unsigned NOT NULL AUTO_INCREMENT,
  `zone_name` varchar(200) NOT NULL,
  `zone_order` bigint(20) unsigned NOT NULL,
  PRIMARY KEY (`zone_id`)
) ENGINE=InnoDB AUTO_INCREMENT=4 DEFAULT CHARSET=utf8mb4 COLLATE=utf8mb4_unicode_520_ci;

--
-- Dumping data for table `MHC5Tl_woocommerce_shipping_zones`
--

INSERT INTO `MHC5Tl_woocommerce_shipping_zones` VALUES (3,'En todas partes',0);

--
-- Table structure for table `MHC5Tl_woocommerce_tax_rate_locations`
--

CREATE TABLE `MHC5Tl_woocommerce_tax_rate_locations` (
  `location_id` bigint(20) unsigned NOT NULL AUTO_INCREMENT,
  `location_code` varchar(200) NOT NULL,
  `tax_rate_id` bigint(20) unsigned NOT NULL,
  `location_type` varchar(40) NOT NULL,
  PRIMARY KEY (`location_id`),
  KEY `tax_rate_id` (`tax_rate_id`),
  KEY `location_type_code` (`location_type`(10),`location_code`(20))
) ENGINE=InnoDB DEFAULT CHARSET=utf8mb4 COLLATE=utf8mb4_unicode_520_ci;

--
-- Dumping data for table `MHC5Tl_woocommerce_tax_rate_locations`
--


--
-- Table structure for table `MHC5Tl_woocommerce_tax_rates`
--

CREATE TABLE `MHC5Tl_woocommerce_tax_rates` (
  `tax_rate_id` bigint(20) unsigned NOT NULL AUTO_INCREMENT,
  `tax_rate_country` varchar(2) NOT NULL DEFAULT '',
  `tax_rate_state` varchar(200) NOT NULL DEFAULT '',
  `tax_rate` varchar(8) NOT NULL DEFAULT '',
  `tax_rate_name` varchar(200) NOT NULL DEFAULT '',
  `tax_rate_priority` bigint(20) unsigned NOT NULL,
  `tax_rate_compound` int(1) NOT NULL DEFAULT 0,
  `tax_rate_shipping` int(1) NOT NULL DEFAULT 1,
  `tax_rate_order` bigint(20) unsigned NOT NULL,
  `tax_rate_class` varchar(200) NOT NULL DEFAULT '',
  PRIMARY KEY (`tax_rate_id`),
  KEY `tax_rate_country` (`tax_rate_country`),
  KEY `tax_rate_state` (`tax_rate_state`(2)),
  KEY `tax_rate_class` (`tax_rate_class`(10)),
  KEY `tax_rate_priority` (`tax_rate_priority`)
) ENGINE=InnoDB DEFAULT CHARSET=utf8mb4 COLLATE=utf8mb4_unicode_520_ci;

--
-- Dumping data for table `MHC5Tl_woocommerce_tax_rates`
--


--
-- Table structure for table `MHC5Tl_woodmart_wishlist_products`
--

CREATE TABLE `MHC5Tl_woodmart_wishlist_products` (
  `ID` int(11) NOT NULL AUTO_INCREMENT,
  `product_id` varchar(255) NOT NULL,
  `wishlist_id` int(11) DEFAULT NULL,
  `date_added` timestamp NOT NULL DEFAULT current_timestamp(),
  `on_sale` tinyint(1) NOT NULL,
  PRIMARY KEY (`ID`),
  KEY `product_id` (`product_id`)
) ENGINE=InnoDB AUTO_INCREMENT=2 DEFAULT CHARSET=utf8mb3 COLLATE=utf8mb3_general_ci;

--
-- Dumping data for table `MHC5Tl_woodmart_wishlist_products`
--

INSERT INTO `MHC5Tl_woodmart_wishlist_products` VALUES (1,'15721',1,'2023-05-29 18:43:22',0);

--
-- Table structure for table `MHC5Tl_woodmart_wishlists`
--

CREATE TABLE `MHC5Tl_woodmart_wishlists` (
  `ID` int(11) NOT NULL AUTO_INCREMENT,
  `user_id` int(11) NOT NULL,
  `wishlist_group` varchar(255) NOT NULL DEFAULT 'My wishlist',
  `date_created` timestamp NOT NULL DEFAULT current_timestamp(),
  PRIMARY KEY (`ID`)
) ENGINE=InnoDB AUTO_INCREMENT=2 DEFAULT CHARSET=utf8mb3 COLLATE=utf8mb3_general_ci;

--
-- Dumping data for table `MHC5Tl_woodmart_wishlists`
--

INSERT INTO `MHC5Tl_woodmart_wishlists` VALUES (1,1,'My wishlist','2023-05-27 19:05:56');

--
-- Table structure for table `MHC5Tl_wpmailsmtp_debug_events`
--

CREATE TABLE `MHC5Tl_wpmailsmtp_debug_events` (
  `id` int(10) unsigned NOT NULL AUTO_INCREMENT,
  `content` text DEFAULT NULL,
  `initiator` text DEFAULT NULL,
  `event_type` tinyint(3) unsigned NOT NULL DEFAULT 0,
  `created_at` timestamp NOT NULL DEFAULT current_timestamp(),
  PRIMARY KEY (`id`)
) ENGINE=InnoDB AUTO_INCREMENT=8 DEFAULT CHARSET=utf8mb4 COLLATE=utf8mb4_unicode_520_ci;

--
-- Dumping data for table `MHC5Tl_wpmailsmtp_debug_events`
--

INSERT INTO `MHC5Tl_wpmailsmtp_debug_events` VALUES (1,'Mailer: Otro SMTP\r\nSMTP Error: Could not connect to SMTP host.','{\"file\":\"\\/var\\/www\\/vhosts\\/floristeriagheraldin.com\\/public_html\\/wp-content\\/plugins\\/wp-mail-smtp\\/src\\/Admin\\/Pages\\/TestTab.php\",\"line\":349}',0,'2023-05-31 02:35:21'),(2,'Mailer: Otro SMTP\r\nSMTP Error: Could not connect to SMTP host.','{\"file\":\"\\/var\\/www\\/vhosts\\/floristeriagheraldin.com\\/public_html\\/wp-content\\/plugins\\/woocommerce\\/includes\\/emails\\/class-wc-email.php\",\"line\":688}',0,'2023-05-31 02:38:09'),(3,'Mailer: Otro SMTP\r\nSMTP Error: Could not connect to SMTP host.','{\"file\":\"\\/var\\/www\\/vhosts\\/floristeriagheraldin.com\\/public_html\\/wp-content\\/plugins\\/woocommerce\\/includes\\/emails\\/class-wc-email.php\",\"line\":688}',0,'2023-05-31 02:39:02'),(4,'Mailer: Otro SMTP\r\nSMTP Error: Could not connect to SMTP host.','{\"file\":\"\\/var\\/www\\/vhosts\\/floristeriagheraldin.com\\/public_html\\/wp-content\\/plugins\\/woocommerce\\/includes\\/emails\\/class-wc-email.php\",\"line\":688}',0,'2023-05-31 02:40:00'),(5,'Mailer: Otro SMTP\r\nSMTP Error: Could not connect to SMTP host.','{\"file\":\"\\/var\\/www\\/vhosts\\/floristeriagheraldin.com\\/public_html\\/wp-content\\/plugins\\/woocommerce\\/includes\\/emails\\/class-wc-email.php\",\"line\":688}',0,'2023-05-31 02:43:09'),(6,'Mailer: Otro SMTP\r\nSMTP Error: Could not connect to SMTP host.','{\"file\":\"\\/var\\/www\\/vhosts\\/floristeriagheraldin.com\\/public_html\\/wp-content\\/plugins\\/woocommerce\\/includes\\/emails\\/class-wc-email.php\",\"line\":688}',0,'2023-05-31 02:44:02'),(7,'Mailer: Otro SMTP\r\nSMTP Error: Could not connect to SMTP host.','{\"file\":\"\\/var\\/www\\/vhosts\\/floristeriagheraldin.com\\/public_html\\/wp-content\\/plugins\\/woocommerce\\/includes\\/emails\\/class-wc-email.php\",\"line\":688}',0,'2023-05-31 02:45:01');

--
-- Table structure for table `MHC5Tl_wpmailsmtp_tasks_meta`
--

CREATE TABLE `MHC5Tl_wpmailsmtp_tasks_meta` (
  `id` bigint(20) NOT NULL AUTO_INCREMENT,
  `action` varchar(255) NOT NULL,
  `data` longtext NOT NULL,
  `date` datetime NOT NULL,
  PRIMARY KEY (`id`)
) ENGINE=InnoDB AUTO_INCREMENT=3 DEFAULT CHARSET=utf8mb4 COLLATE=utf8mb4_unicode_520_ci;

--
-- Dumping data for table `MHC5Tl_wpmailsmtp_tasks_meta`
--


--
-- Table structure for table `MHC5Tl_wpr_rocket_cache`
--

CREATE TABLE `MHC5Tl_wpr_rocket_cache` (
  `id` bigint(20) unsigned NOT NULL AUTO_INCREMENT,
  `url` varchar(2000) NOT NULL DEFAULT '',
  `status` varchar(255) NOT NULL DEFAULT '',
  `modified` timestamp NOT NULL DEFAULT '0000-00-00 00:00:00',
  `last_accessed` timestamp NOT NULL DEFAULT '0000-00-00 00:00:00',
  `is_locked` tinyint(1) NOT NULL DEFAULT 0,
  PRIMARY KEY (`id`),
  KEY `url` (`url`(191)),
  KEY `modified` (`modified`),
  KEY `last_accessed` (`last_accessed`)
) ENGINE=InnoDB AUTO_INCREMENT=385 DEFAULT CHARSET=utf8mb4 COLLATE=utf8mb4_unicode_520_ci;

--
-- Dumping data for table `MHC5Tl_wpr_rocket_cache`
--


--
-- Table structure for table `MHC5Tl_wpr_rucss_used_css`
--

CREATE TABLE `MHC5Tl_wpr_rucss_used_css` (
  `id` bigint(20) unsigned NOT NULL AUTO_INCREMENT,
  `url` varchar(2000) NOT NULL DEFAULT '',
  `css` longtext DEFAULT NULL,
  `hash` varchar(32) DEFAULT '',
  `error_code` varchar(32) DEFAULT NULL,
  `error_message` longtext DEFAULT NULL,
  `unprocessedcss` longtext DEFAULT NULL,
  `retries` tinyint(1) NOT NULL DEFAULT 1,
  `is_mobile` tinyint(1) NOT NULL DEFAULT 0,
  `job_id` varchar(255) NOT NULL DEFAULT '',
  `queue_name` varchar(255) NOT NULL DEFAULT '',
  `status` varchar(255) NOT NULL DEFAULT '',
  `modified` timestamp NOT NULL DEFAULT '0000-00-00 00:00:00',
  `last_accessed` timestamp NOT NULL DEFAULT '0000-00-00 00:00:00',
  PRIMARY KEY (`id`),
  KEY `url` (`url`(150),`is_mobile`),
  KEY `modified` (`modified`),
  KEY `last_accessed` (`last_accessed`),
  KEY `status_index` (`status`(191)),
  KEY `error_code_index` (`error_code`),
  KEY `hash` (`hash`)
) ENGINE=InnoDB DEFAULT CHARSET=utf8mb4 COLLATE=utf8mb4_unicode_520_ci;

--
-- Dumping data for table `MHC5Tl_wpr_rucss_used_css`
--


--
-- Table structure for table `MHC5Tl_yoast_indexable`
--

CREATE TABLE `MHC5Tl_yoast_indexable` (
  `id` int(11) unsigned NOT NULL AUTO_INCREMENT,
  `permalink` longtext DEFAULT NULL,
  `permalink_hash` varchar(40) DEFAULT NULL,
  `object_id` bigint(20) DEFAULT NULL,
  `object_type` varchar(32) NOT NULL,
  `object_sub_type` varchar(32) DEFAULT NULL,
  `author_id` bigint(20) DEFAULT NULL,
  `post_parent` bigint(20) DEFAULT NULL,
  `title` text DEFAULT NULL,
  `description` mediumtext DEFAULT NULL,
  `breadcrumb_title` text DEFAULT NULL,
  `post_status` varchar(20) DEFAULT NULL,
  `is_public` tinyint(1) DEFAULT NULL,
  `is_protected` tinyint(1) DEFAULT 0,
  `has_public_posts` tinyint(1) DEFAULT NULL,
  `number_of_pages` int(11) unsigned DEFAULT NULL,
  `canonical` longtext DEFAULT NULL,
  `primary_focus_keyword` varchar(191) DEFAULT NULL,
  `primary_focus_keyword_score` int(3) DEFAULT NULL,
  `readability_score` int(3) DEFAULT NULL,
  `is_cornerstone` tinyint(1) DEFAULT 0,
  `is_robots_noindex` tinyint(1) DEFAULT 0,
  `is_robots_nofollow` tinyint(1) DEFAULT 0,
  `is_robots_noarchive` tinyint(1) DEFAULT 0,
  `is_robots_noimageindex` tinyint(1) DEFAULT 0,
  `is_robots_nosnippet` tinyint(1) DEFAULT 0,
  `twitter_title` text DEFAULT NULL,
  `twitter_image` longtext DEFAULT NULL,
  `twitter_description` longtext DEFAULT NULL,
  `twitter_image_id` varchar(191) DEFAULT NULL,
  `twitter_image_source` text DEFAULT NULL,
  `open_graph_title` text DEFAULT NULL,
  `open_graph_description` longtext DEFAULT NULL,
  `open_graph_image` longtext DEFAULT NULL,
  `open_graph_image_id` varchar(191) DEFAULT NULL,
  `open_graph_image_source` text DEFAULT NULL,
  `open_graph_image_meta` mediumtext DEFAULT NULL,
  `link_count` int(11) DEFAULT NULL,
  `incoming_link_count` int(11) DEFAULT NULL,
  `prominent_words_version` int(11) unsigned DEFAULT NULL,
  `created_at` datetime DEFAULT NULL,
  `updated_at` timestamp NOT NULL DEFAULT current_timestamp() ON UPDATE current_timestamp(),
  `blog_id` bigint(20) NOT NULL DEFAULT 1,
  `language` varchar(32) DEFAULT NULL,
  `region` varchar(32) DEFAULT NULL,
  `schema_page_type` varchar(64) DEFAULT NULL,
  `schema_article_type` varchar(64) DEFAULT NULL,
  `has_ancestors` tinyint(1) DEFAULT 0,
  `estimated_reading_time_minutes` int(11) DEFAULT NULL,
  `version` int(11) DEFAULT 1,
  `object_last_modified` datetime DEFAULT NULL,
  `object_published_at` datetime DEFAULT NULL,
  `inclusive_language_score` int(3) DEFAULT NULL,
  PRIMARY KEY (`id`),
  KEY `object_type_and_sub_type` (`object_type`,`object_sub_type`),
  KEY `object_id_and_type` (`object_id`,`object_type`),
  KEY `permalink_hash_and_object_type` (`permalink_hash`,`object_type`),
  KEY `subpages` (`post_parent`,`object_type`,`post_status`,`object_id`),
  KEY `prominent_words` (`prominent_words_version`,`object_type`,`object_sub_type`,`post_status`),
  KEY `published_sitemap_index` (`object_published_at`,`is_robots_noindex`,`object_type`,`object_sub_type`)
) ENGINE=InnoDB AUTO_INCREMENT=309 DEFAULT CHARSET=utf8mb4 COLLATE=utf8mb4_unicode_520_ci;

--
-- Dumping data for table `MHC5Tl_yoast_indexable`
--

INSERT INTO `MHC5Tl_yoast_indexable` VALUES (1,'https://floristeriagheraldin.com/category/flores/','49:20ad278c3667c4ee98210ff24d9188db',1,'term','category',NULL,NULL,NULL,NULL,'Flores',NULL,NULL,0,NULL,NULL,NULL,NULL,NULL,NULL,0,NULL,NULL,NULL,NULL,NULL,NULL,NULL,NULL,NULL,NULL,NULL,NULL,NULL,NULL,NULL,NULL,0,3,NULL,'2023-05-29 16:53:05','2023-07-12 20:06:30',1,NULL,NULL,NULL,NULL,0,NULL,2,'2023-07-12 20:02:27','2023-07-12 19:56:52',NULL),(6,'https://floristeriagheraldin.com/categoria/arreglos-florales/','61:10bffd7703267a6c4e5b1ef705eb0bed',20,'term','product_cat',NULL,NULL,NULL,NULL,'Arreglos florales',NULL,NULL,0,NULL,NULL,NULL,'Arreglos florales',36,0,0,NULL,NULL,NULL,NULL,NULL,NULL,NULL,NULL,NULL,NULL,NULL,NULL,NULL,NULL,NULL,NULL,0,26,NULL,'2023-05-29 16:53:05','2023-08-18 20:22:48',1,NULL,NULL,NULL,NULL,0,NULL,2,'2023-08-18 20:07:54','2023-05-27 17:13:47',NULL),(7,'https://floristeriagheraldin.com/project-cat/accessories/','57:caa331175fcc7b6de6459adbdc27bdd9',21,'term','project-cat',NULL,NULL,NULL,NULL,'Accessories',NULL,NULL,0,NULL,NULL,NULL,NULL,NULL,NULL,0,NULL,NULL,NULL,NULL,NULL,NULL,NULL,NULL,NULL,NULL,NULL,NULL,NULL,NULL,NULL,NULL,0,NULL,NULL,'2023-05-29 16:53:05','2023-05-31 00:42:17',1,NULL,NULL,NULL,NULL,0,NULL,2,'2021-08-27 13:28:54','2021-08-27 12:45:07',NULL),(8,'https://floristeriagheraldin.com/tag/chair/','43:91d607947e00e1fab5143dc390e4e18b',27,'term','post_tag',NULL,NULL,NULL,NULL,'Chair',NULL,NULL,0,NULL,NULL,NULL,NULL,NULL,NULL,0,NULL,NULL,NULL,NULL,NULL,NULL,NULL,NULL,NULL,NULL,NULL,NULL,NULL,NULL,NULL,NULL,0,NULL,NULL,'2023-05-29 16:53:05','2023-05-31 00:42:17',1,NULL,NULL,NULL,NULL,0,NULL,2,'2021-08-27 12:35:56','2021-08-26 13:56:10',NULL),(9,'https://floristeriagheraldin.com/project-cat/decor/','51:f73be9f3ad004930cf3a527d027776e1',30,'term','project-cat',NULL,NULL,NULL,NULL,'Decor',NULL,NULL,0,NULL,NULL,NULL,NULL,NULL,NULL,0,NULL,NULL,NULL,NULL,NULL,NULL,NULL,NULL,NULL,NULL,NULL,NULL,NULL,NULL,NULL,NULL,0,NULL,NULL,'2023-05-29 16:53:05','2023-05-31 00:42:17',1,NULL,NULL,NULL,NULL,0,NULL,2,'2021-08-27 13:29:49','2021-08-27 12:48:36',NULL),(10,'https://floristeriagheraldin.com/tag/furniture/','47:6bfc08dbf63422b7d806cb0ffcbcfb5f',33,'term','post_tag',NULL,NULL,NULL,NULL,'Furniture',NULL,NULL,0,NULL,NULL,NULL,NULL,NULL,NULL,0,NULL,NULL,NULL,NULL,NULL,NULL,NULL,NULL,NULL,NULL,NULL,NULL,NULL,NULL,NULL,NULL,0,NULL,NULL,'2023-05-29 16:53:05','2023-05-31 00:42:17',1,NULL,NULL,NULL,NULL,0,NULL,2,'2021-08-27 12:35:56','2021-08-27 12:30:26',NULL),(11,'https://floristeriagheraldin.com/project-cat/furniture/','55:a176fcf3a0e5f118efd6fafff8e47f42',34,'term','project-cat',NULL,NULL,NULL,NULL,'Furniture',NULL,NULL,0,NULL,NULL,NULL,NULL,NULL,NULL,0,NULL,NULL,NULL,NULL,NULL,NULL,NULL,NULL,NULL,NULL,NULL,NULL,NULL,NULL,NULL,NULL,0,NULL,NULL,'2023-05-29 16:53:05','2023-05-31 00:42:17',1,NULL,NULL,NULL,NULL,0,NULL,2,'2021-08-27 13:30:46','2021-08-27 12:53:03',NULL),(12,'https://floristeriagheraldin.com/tag/guide/','43:56ad9b2a0d2aaf3b5c3ee5e0a3bbb54a',35,'term','post_tag',NULL,NULL,NULL,NULL,'Guide',NULL,NULL,0,NULL,NULL,NULL,NULL,NULL,NULL,0,NULL,NULL,NULL,NULL,NULL,NULL,NULL,NULL,NULL,NULL,NULL,NULL,NULL,NULL,NULL,NULL,0,NULL,NULL,'2023-05-29 16:53:05','2023-05-31 00:42:17',1,NULL,NULL,NULL,NULL,0,NULL,2,'2021-08-27 12:40:08','2021-08-26 13:45:40',NULL),(13,'https://floristeriagheraldin.com/tag/inspiratio/','48:bfd229d322f7e84863273950106eb495',37,'term','post_tag',NULL,NULL,NULL,NULL,'Inspiratio',NULL,NULL,0,NULL,NULL,NULL,NULL,NULL,NULL,0,NULL,NULL,NULL,NULL,NULL,NULL,NULL,NULL,NULL,NULL,NULL,NULL,NULL,NULL,NULL,NULL,0,NULL,NULL,'2023-05-29 16:53:05','2023-05-31 00:42:17',1,NULL,NULL,NULL,NULL,0,NULL,2,'2021-08-27 12:38:05','2021-08-26 14:01:29',NULL),(14,'https://floristeriagheraldin.com/project-cat/kitchen/','53:fc65fbbf6a44e2e7b1be6decdae6d3a6',39,'term','project-cat',NULL,NULL,NULL,NULL,'Kitchen',NULL,NULL,0,NULL,NULL,NULL,NULL,NULL,NULL,0,NULL,NULL,NULL,NULL,NULL,NULL,NULL,NULL,NULL,NULL,NULL,NULL,NULL,NULL,NULL,NULL,0,NULL,NULL,'2023-05-29 16:53:05','2023-05-31 00:42:17',1,NULL,NULL,NULL,NULL,0,NULL,2,'2021-08-27 13:32:12','2021-08-27 13:00:27',NULL),(15,'https://floristeriagheraldin.com/project-cat/lighting/','54:41b9a95e5c6d2e746ca2178c9e79193a',43,'term','project-cat',NULL,NULL,NULL,NULL,'Lighting',NULL,NULL,0,NULL,NULL,NULL,NULL,NULL,NULL,0,NULL,NULL,NULL,NULL,NULL,NULL,NULL,NULL,NULL,NULL,NULL,NULL,NULL,NULL,NULL,NULL,0,NULL,NULL,'2023-05-29 16:53:05','2023-05-31 00:42:17',1,NULL,NULL,NULL,NULL,0,NULL,2,'2021-08-27 13:27:56','2021-08-27 13:27:56',NULL),(16,'https://floristeriagheraldin.com/tag/news/','42:0b9545c9e07d7fe5962b7c8f6e184854',47,'term','post_tag',NULL,NULL,NULL,NULL,'News',NULL,NULL,0,NULL,NULL,NULL,NULL,NULL,NULL,0,NULL,NULL,NULL,NULL,NULL,NULL,NULL,NULL,NULL,NULL,NULL,NULL,NULL,NULL,NULL,NULL,0,NULL,NULL,'2023-05-29 16:53:05','2023-05-31 00:42:17',1,NULL,NULL,NULL,NULL,0,NULL,2,'2021-08-27 12:40:08','2021-08-26 14:01:29',NULL),(17,'https://floristeriagheraldin.com/tag/sofa/','42:8f4d36683e8f8f9e158225b5518380d5',50,'term','post_tag',NULL,NULL,NULL,NULL,'Sofa',NULL,NULL,0,NULL,NULL,NULL,NULL,NULL,NULL,0,NULL,NULL,NULL,NULL,NULL,NULL,NULL,NULL,NULL,NULL,NULL,NULL,NULL,NULL,NULL,NULL,0,NULL,NULL,'2023-05-29 16:53:05','2023-05-31 00:42:17',1,NULL,NULL,NULL,NULL,0,NULL,2,'2021-08-27 12:40:08','2021-08-27 12:30:26',NULL),(18,'https://floristeriagheraldin.com/tag/style/','43:3d003bf83e19cfafe2712861ce380d3a',51,'term','post_tag',NULL,NULL,NULL,NULL,'Style',NULL,NULL,0,NULL,NULL,NULL,NULL,NULL,NULL,0,NULL,NULL,NULL,NULL,NULL,NULL,NULL,NULL,NULL,NULL,NULL,NULL,NULL,NULL,NULL,NULL,0,NULL,NULL,'2023-05-29 16:53:05','2023-05-31 00:42:17',1,NULL,NULL,NULL,NULL,0,NULL,2,'2021-08-27 12:38:05','2021-08-26 13:45:40',NULL),(19,'https://floristeriagheraldin.com/tag/table/','43:491130252c9a75331cf9f2d801c51f26',52,'term','post_tag',NULL,NULL,NULL,NULL,'Table',NULL,NULL,0,NULL,NULL,NULL,NULL,NULL,NULL,0,NULL,NULL,NULL,NULL,NULL,NULL,NULL,NULL,NULL,NULL,NULL,NULL,NULL,NULL,NULL,NULL,0,NULL,NULL,'2023-05-29 16:53:05','2023-05-31 00:42:17',1,NULL,NULL,NULL,NULL,0,NULL,2,'2021-08-27 12:34:21','2021-08-26 13:56:10',NULL),(20,'https://floristeriagheraldin.com/tag/trends/','44:ae5d4e6501f47aeb6add09ec99e72c68',54,'term','post_tag',NULL,NULL,NULL,NULL,'Trends',NULL,NULL,0,NULL,NULL,NULL,NULL,NULL,NULL,0,NULL,NULL,NULL,NULL,NULL,NULL,NULL,NULL,NULL,NULL,NULL,NULL,NULL,NULL,NULL,NULL,0,NULL,NULL,'2023-05-29 16:53:05','2023-05-31 00:42:17',1,NULL,NULL,NULL,NULL,0,NULL,2,'2021-08-27 12:34:21','2021-08-26 13:45:40',NULL),(21,'https://floristeriagheraldin.com/woodmart_slider/flowers-slider/','64:4068607f49b9b038f74f95d7f7ac84a9',70,'term','woodmart_slider',NULL,NULL,NULL,NULL,'Flowers slider',NULL,NULL,0,NULL,NULL,NULL,'Flowers slider',36,0,0,NULL,NULL,NULL,NULL,NULL,NULL,NULL,NULL,NULL,NULL,NULL,NULL,NULL,NULL,NULL,NULL,0,NULL,NULL,'2023-05-29 16:53:05','2023-08-18 22:29:32',1,NULL,NULL,NULL,NULL,0,NULL,2,'2023-08-18 17:29:32','2021-10-21 16:40:36',NULL),(22,'https://floristeriagheraldin.com/categoria/arreglos-florales/de-rosas/','70:ecf44ea8922779df54d00a8bab7e873d',83,'term','product_cat',NULL,NULL,NULL,NULL,'De rosas',NULL,NULL,0,NULL,NULL,NULL,NULL,NULL,NULL,0,NULL,NULL,NULL,NULL,NULL,NULL,NULL,NULL,NULL,NULL,NULL,NULL,NULL,NULL,NULL,NULL,0,9,NULL,'2023-05-29 16:53:05','2023-08-18 20:22:48',1,NULL,NULL,NULL,NULL,0,NULL,2,'2023-07-14 18:12:45','2023-05-27 17:13:47',NULL),(23,'https://floristeriagheraldin.com/categoria/arreglos-florales/arreglos-florales-tipo-jardin/','91:82f6cb529e0e870ea3bf6179b893c05b',84,'term','product_cat',NULL,NULL,NULL,NULL,'Arreglos florales tipo jardin',NULL,NULL,0,NULL,NULL,NULL,NULL,NULL,NULL,0,NULL,NULL,NULL,NULL,NULL,NULL,NULL,NULL,NULL,NULL,NULL,NULL,NULL,NULL,NULL,NULL,0,6,NULL,'2023-05-29 16:53:05','2023-08-18 20:22:48',1,NULL,NULL,NULL,NULL,0,NULL,2,'2023-07-14 18:12:54','2023-05-27 17:13:47',NULL),(24,'https://floristeriagheraldin.com/categoria/arreglos-florales/girasoles-y-rosas/','79:1e1ca5817e465c61727813fdf5fa658e',85,'term','product_cat',NULL,NULL,NULL,NULL,'Girasoles y rosas',NULL,NULL,0,NULL,NULL,NULL,NULL,NULL,NULL,0,NULL,NULL,NULL,NULL,NULL,NULL,NULL,NULL,NULL,NULL,NULL,NULL,NULL,NULL,NULL,NULL,0,1,NULL,'2023-05-29 16:53:05','2023-08-11 14:35:00',1,NULL,NULL,NULL,NULL,0,NULL,2,'2023-05-30 20:06:27','2023-05-27 17:13:47',NULL),(25,'https://floristeriagheraldin.com/categoria/arreglos-florales/grado/','67:4c1535b4b1fe9a112f8e2015d3f52859',86,'term','product_cat',NULL,NULL,NULL,NULL,'Grado',NULL,NULL,0,NULL,NULL,NULL,NULL,NULL,NULL,0,NULL,NULL,NULL,NULL,NULL,NULL,NULL,NULL,NULL,NULL,NULL,NULL,NULL,NULL,NULL,NULL,0,2,NULL,'2023-05-29 16:53:05','2023-08-18 20:22:48',1,NULL,NULL,NULL,NULL,0,NULL,2,'2023-06-05 22:36:47','2023-05-27 17:13:47',NULL),(26,'https://floristeriagheraldin.com/categoria/arreglos-florales/solo-rosas/','72:d7bf3f60f81a849b7e1db27dfc89cf95',87,'term','product_cat',NULL,NULL,NULL,NULL,'Solo rosas',NULL,NULL,0,NULL,NULL,NULL,NULL,NULL,NULL,0,NULL,NULL,NULL,NULL,NULL,NULL,NULL,NULL,NULL,NULL,NULL,NULL,NULL,NULL,NULL,NULL,0,2,NULL,'2023-05-29 16:53:07','2023-08-18 20:22:48',1,NULL,NULL,NULL,NULL,0,NULL,2,'2023-07-14 17:26:04','2023-05-27 17:13:47',NULL),(27,'https://floristeriagheraldin.com/categoria/arreglos-florales/sembrados/','71:bcec86c691d4dea0028c02c7414f8f12',88,'term','product_cat',NULL,NULL,NULL,NULL,'Sembrados',NULL,NULL,0,NULL,NULL,NULL,NULL,NULL,NULL,0,NULL,NULL,NULL,NULL,NULL,NULL,NULL,NULL,NULL,NULL,NULL,NULL,NULL,NULL,NULL,NULL,0,4,NULL,'2023-05-29 16:53:07','2023-08-18 20:22:48',1,NULL,NULL,NULL,NULL,0,NULL,2,'2023-07-14 17:47:59','2023-05-27 17:13:47',NULL),(28,'https://floristeriagheraldin.com/categoria/arreglos-florales/de-dos-tiempos/','76:9514fb7ac00136ab71588fa5a2df0600',89,'term','product_cat',NULL,NULL,NULL,NULL,'De dos tiempos',NULL,NULL,0,NULL,NULL,NULL,NULL,NULL,NULL,0,NULL,NULL,NULL,NULL,NULL,NULL,NULL,NULL,NULL,NULL,NULL,NULL,NULL,NULL,NULL,NULL,0,4,NULL,'2023-05-29 16:53:07','2023-08-18 19:27:53',1,NULL,NULL,NULL,NULL,0,NULL,2,'2023-07-14 14:58:09','2023-05-27 17:13:47',NULL),(29,'https://floristeriagheraldin.com/categoria/funebres/','52:4418046a815c0359d738eb497f955da2',90,'term','product_cat',NULL,NULL,NULL,NULL,'Funebres',NULL,NULL,0,NULL,NULL,NULL,'Funebres',36,0,0,NULL,NULL,NULL,NULL,NULL,NULL,NULL,NULL,NULL,NULL,NULL,NULL,NULL,NULL,NULL,NULL,0,10,NULL,'2023-05-29 16:53:07','2023-08-18 20:22:48',1,NULL,NULL,NULL,NULL,0,NULL,2,'2023-07-14 17:50:07','2023-05-27 17:13:47',NULL),(30,'https://floristeriagheraldin.com/categoria/funebres/funebres-pedestal/','70:ab1843a77de16faed3c3507b92bf90a6',91,'term','product_cat',NULL,NULL,NULL,NULL,'Funebres pedestal',NULL,NULL,0,NULL,NULL,NULL,NULL,NULL,NULL,0,NULL,NULL,NULL,NULL,NULL,NULL,NULL,NULL,NULL,NULL,NULL,NULL,NULL,NULL,NULL,NULL,0,10,NULL,'2023-05-29 16:53:07','2023-08-18 20:22:48',1,NULL,NULL,NULL,NULL,0,NULL,2,'2023-07-14 17:50:07','2023-05-27 17:13:47',NULL),(31,'https://floristeriagheraldin.com/categoria/funebres/funebres-pequenos/','70:3f4c3d118475f9482b5fc862d6323eeb',92,'term','product_cat',NULL,NULL,NULL,NULL,'Funebres pequeños',NULL,NULL,0,NULL,NULL,NULL,NULL,NULL,NULL,0,NULL,NULL,NULL,NULL,NULL,NULL,NULL,NULL,NULL,NULL,NULL,NULL,NULL,NULL,NULL,NULL,0,1,NULL,'2023-05-29 16:53:07','2023-07-14 19:32:51',1,NULL,NULL,NULL,NULL,0,NULL,2,'2023-07-14 17:49:23','2023-05-27 17:13:47',NULL),(32,'https://floristeriagheraldin.com/categoria/arreglos-florales/pequenos/','70:cec35b87d373ba576cd1212157f4f020',93,'term','product_cat',NULL,NULL,NULL,NULL,'pequeños',NULL,NULL,0,NULL,NULL,NULL,NULL,NULL,NULL,0,NULL,NULL,NULL,NULL,NULL,NULL,NULL,NULL,NULL,NULL,NULL,NULL,NULL,NULL,NULL,NULL,0,3,NULL,'2023-05-29 16:53:07','2023-08-18 20:22:48',1,NULL,NULL,NULL,NULL,0,NULL,2,'2023-07-14 17:21:16','2023-05-27 17:13:51',NULL),(33,'https://floristeriagheraldin.com/categoria/arreglos-florales/arreglos-florales-con-peluche/','91:16276d4736fad1498b98a64147762a16',94,'term','product_cat',NULL,NULL,NULL,NULL,'Arreglos florales con peluche',NULL,NULL,0,NULL,NULL,NULL,NULL,NULL,NULL,0,NULL,NULL,NULL,NULL,NULL,NULL,NULL,NULL,NULL,NULL,NULL,NULL,NULL,NULL,NULL,NULL,0,3,NULL,'2023-05-29 16:53:07','2023-07-14 21:15:23',1,NULL,NULL,NULL,NULL,0,NULL,2,'2023-05-30 20:06:31','2023-05-27 17:13:51',NULL),(34,'https://floristeriagheraldin.com/categoria/bouquet/','51:b75188eb94b19e79c129eddc6d64d420',95,'term','product_cat',NULL,NULL,NULL,NULL,'Bouquet',NULL,NULL,0,NULL,NULL,NULL,'Bouquet',36,0,0,NULL,NULL,NULL,NULL,NULL,NULL,NULL,NULL,NULL,NULL,NULL,NULL,NULL,NULL,NULL,NULL,0,2,NULL,'2023-05-29 16:53:07','2023-08-18 20:22:48',1,NULL,NULL,NULL,NULL,0,NULL,2,'2023-07-14 17:21:14','2023-05-27 17:13:51',NULL),(35,'https://floristeriagheraldin.com/categoria/bouquet/bouquet-de-rosas/','68:1164ffb2ecef7704dd7230cfd85b2f51',96,'term','product_cat',NULL,NULL,NULL,NULL,'Bouquet de rosas',NULL,NULL,0,NULL,NULL,NULL,NULL,NULL,NULL,0,NULL,NULL,NULL,NULL,NULL,NULL,NULL,NULL,NULL,NULL,NULL,NULL,NULL,NULL,NULL,NULL,0,3,NULL,'2023-05-29 16:53:07','2023-08-18 20:22:48',1,NULL,NULL,NULL,NULL,0,NULL,2,'2023-07-14 17:21:14','2023-05-27 17:13:51',NULL),(36,'https://floristeriagheraldin.com/categoria/arreglos-florales/nacimientos/','73:b762d76bd49d58836ec071566295cb22',97,'term','product_cat',NULL,NULL,NULL,NULL,'Nacimientos',NULL,NULL,0,NULL,NULL,NULL,NULL,NULL,NULL,0,NULL,NULL,NULL,NULL,NULL,NULL,NULL,NULL,NULL,NULL,NULL,NULL,NULL,NULL,NULL,NULL,0,1,NULL,'2023-05-29 16:53:07','2023-08-18 20:22:49',1,NULL,NULL,NULL,NULL,0,NULL,2,'2023-07-14 17:21:11','2023-05-27 17:13:51',NULL),(37,'https://floristeriagheraldin.com/categoria/bouquet/de-rosas-bouquet/','68:9dcb83ddb958428c3f412ab4ddec7304',98,'term','product_cat',NULL,NULL,NULL,NULL,'De rosas',NULL,NULL,0,NULL,NULL,NULL,NULL,NULL,NULL,0,NULL,NULL,NULL,NULL,NULL,NULL,NULL,NULL,NULL,NULL,NULL,NULL,NULL,NULL,NULL,NULL,0,2,NULL,'2023-05-29 16:53:07','2023-08-18 20:22:52',1,NULL,NULL,NULL,NULL,0,NULL,2,'2023-07-14 15:32:18',NULL,NULL),(38,'https://floristeriagheraldin.com/categoria/sembrados-2/','55:a41c27a7e07185c88c77aa4bcc0c4dcc',99,'term','product_cat',NULL,NULL,NULL,NULL,'Sembrados',NULL,NULL,0,NULL,NULL,NULL,'Sembrados',36,0,0,NULL,NULL,NULL,NULL,NULL,NULL,NULL,NULL,NULL,NULL,NULL,NULL,NULL,NULL,NULL,NULL,0,1,NULL,'2023-05-29 16:53:07','2023-08-18 20:22:49',1,NULL,NULL,NULL,NULL,0,NULL,2,'2023-08-16 23:01:24','2023-05-30 20:02:10',NULL),(39,'https://floristeriagheraldin.com/categoria/sembrados-2/de-chocolates-y-rosas/','77:256833ed376ebc0b2b5f00647466b46e',100,'term','product_cat',NULL,NULL,NULL,NULL,'De chocolates y rosas',NULL,NULL,0,NULL,NULL,NULL,NULL,NULL,NULL,0,NULL,NULL,NULL,NULL,NULL,NULL,NULL,NULL,NULL,NULL,NULL,NULL,NULL,NULL,NULL,NULL,0,1,NULL,'2023-05-29 16:53:07','2023-05-30 03:16:54',1,NULL,NULL,NULL,NULL,0,NULL,2,NULL,NULL,NULL),(40,'https://floristeriagheraldin.com/categoria/sembrados-2/de-rosas-sembrados-2/','76:9139f92e5a8c963afbb85c3e171cf083',101,'term','product_cat',NULL,NULL,NULL,NULL,'De rosas',NULL,NULL,0,NULL,NULL,NULL,NULL,NULL,NULL,0,NULL,NULL,NULL,NULL,NULL,NULL,NULL,NULL,NULL,NULL,NULL,NULL,NULL,NULL,NULL,NULL,0,1,NULL,'2023-05-29 16:53:07','2023-05-30 03:16:57',1,NULL,NULL,NULL,NULL,0,NULL,2,NULL,NULL,NULL),(41,'https://floristeriagheraldin.com/categoria/bouquet/girasoles/','61:b9c6e063ab47e055af275bfb994d8dc1',102,'term','product_cat',NULL,NULL,NULL,NULL,'Girasoles',NULL,NULL,0,NULL,NULL,NULL,NULL,NULL,NULL,0,NULL,NULL,NULL,NULL,NULL,NULL,NULL,NULL,NULL,NULL,NULL,NULL,NULL,NULL,NULL,NULL,0,1,NULL,'2023-05-29 16:53:07','2023-05-30 03:15:11',1,NULL,NULL,NULL,NULL,0,NULL,2,NULL,NULL,NULL),(42,'https://floristeriagheraldin.com/categoria/bouquet/girasoles-y-rosas-bouquet/','77:f65868fe0b020ebffdf354712082641f',103,'term','product_cat',NULL,NULL,NULL,NULL,'Girasoles y rosas',NULL,NULL,0,NULL,NULL,NULL,NULL,NULL,NULL,0,NULL,NULL,NULL,NULL,NULL,NULL,NULL,NULL,NULL,NULL,NULL,NULL,NULL,NULL,NULL,NULL,0,1,NULL,'2023-05-29 16:53:07','2023-05-30 03:15:14',1,NULL,NULL,NULL,NULL,0,NULL,2,NULL,NULL,NULL),(43,'https://floristeriagheraldin.com/categoria/cajas-decoradas/','59:915070b10bd5e73fa53a98631671dfc6',104,'term','product_cat',NULL,NULL,NULL,NULL,'Cajas decoradas',NULL,NULL,0,NULL,NULL,NULL,'Cajas decoradas',36,0,0,NULL,NULL,NULL,NULL,NULL,NULL,NULL,NULL,NULL,NULL,NULL,NULL,NULL,NULL,NULL,NULL,0,0,NULL,'2023-05-29 16:53:07','2023-07-14 19:32:53',1,NULL,NULL,NULL,NULL,0,NULL,2,'2023-07-14 16:12:27','2023-06-16 22:30:43',NULL),(44,'https://floristeriagheraldin.com/categoria/cajas-decoradas/de-girasoles/','72:346374cc82efbf38b5e920aaf51ea2df',105,'term','product_cat',NULL,NULL,NULL,NULL,'De girasoles',NULL,NULL,0,NULL,NULL,NULL,NULL,NULL,NULL,0,NULL,NULL,NULL,NULL,NULL,NULL,NULL,NULL,NULL,NULL,NULL,NULL,NULL,NULL,NULL,NULL,0,1,NULL,'2023-05-29 16:53:07','2023-07-14 19:32:53',1,NULL,NULL,NULL,NULL,0,NULL,2,'2023-07-14 16:12:27',NULL,NULL),(45,'https://floristeriagheraldin.com/categoria/cajas-decoradas/de-rosas-cajas-decoradas/','84:a58222f73c16b7e312a332d7ca6a9f02',106,'term','product_cat',NULL,NULL,NULL,NULL,'De rosas',NULL,NULL,0,NULL,NULL,NULL,NULL,NULL,NULL,0,NULL,NULL,NULL,NULL,NULL,NULL,NULL,NULL,NULL,NULL,NULL,NULL,NULL,NULL,NULL,NULL,0,1,NULL,'2023-05-29 16:53:07','2023-05-30 03:16:46',1,NULL,NULL,NULL,NULL,0,NULL,2,NULL,NULL,NULL),(46,'https://floristeriagheraldin.com/?cms_block=about-brand','55:eb60009959aaf844722e553f987456ff',228,'post','cms_block',1,0,NULL,NULL,'About brand','publish',NULL,0,NULL,NULL,NULL,NULL,NULL,0,0,NULL,0,NULL,NULL,NULL,NULL,'http://dummy.xtemos.com/woodmart2/elementor/wp-content/uploads/sites/2/elementor/thumbs/brand-klober-pc6r2vdg0zsydabgt7wkh16ctk696t5itacmcaj69g.png',NULL,NULL,'first-content-image',NULL,NULL,'http://dummy.xtemos.com/woodmart2/elementor/wp-content/uploads/sites/2/elementor/thumbs/brand-klober-pc6r2vdg0zsydabgt7wkh16ctk696t5itacmcaj69g.png',NULL,'first-content-image',NULL,12,NULL,NULL,'2023-05-29 16:53:09','2023-05-31 00:42:17',1,NULL,NULL,NULL,NULL,0,NULL,2,'2021-08-26 14:14:26','2021-08-26 14:14:26',0),(47,'https://floristeriagheraldin.com/author/soporte/','48:0e65e936e48a85358072af1720ed1cf9',1,'user',NULL,NULL,NULL,NULL,NULL,NULL,NULL,NULL,0,NULL,NULL,NULL,NULL,NULL,NULL,0,0,NULL,NULL,NULL,NULL,NULL,'https://secure.gravatar.com/avatar/0e70951eb1cb34c26e2d667b44459d46?s=500&d=mm&r=g',NULL,NULL,'gravatar-image',NULL,NULL,'https://secure.gravatar.com/avatar/0e70951eb1cb34c26e2d667b44459d46?s=500&d=mm&r=g',NULL,'gravatar-image',NULL,NULL,8,NULL,'2023-05-29 16:53:09','2023-08-19 01:22:52',1,NULL,NULL,NULL,NULL,0,NULL,2,'2023-08-18 20:22:50','2021-08-26 12:19:34',NULL),(48,'https://floristeriagheraldin.com/?cms_block=stool-extra-content','63:335d1588eb4e9e0ee029f67a6908b1f1',408,'post','cms_block',1,0,NULL,NULL,'Stool extra content','publish',NULL,0,NULL,NULL,NULL,NULL,NULL,0,0,NULL,0,NULL,NULL,NULL,NULL,'https://floristeriagheraldin.com/wp-content/uploads/2021/08/carry-image.png',NULL,NULL,'first-content-image',NULL,NULL,'https://floristeriagheraldin.com/wp-content/uploads/2021/08/carry-image.png',NULL,'first-content-image',NULL,4,NULL,NULL,'2023-05-29 16:53:09','2023-05-31 00:42:17',1,NULL,NULL,NULL,NULL,0,NULL,2,'2021-08-27 12:16:19','2021-08-27 12:16:19',0),(49,'https://floristeriagheraldin.com/?cms_block=lamp-extra-content','62:d3250bc20d5c1ab0ab4cbe14ce4683cd',420,'post','cms_block',1,0,NULL,NULL,'Lamp extra content','publish',NULL,0,NULL,NULL,NULL,NULL,NULL,0,0,NULL,0,NULL,NULL,NULL,NULL,'https://floristeriagheraldin.com/wp-content/uploads/2021/08/lamp-extra.jpg',NULL,NULL,'first-content-image',NULL,NULL,'https://floristeriagheraldin.com/wp-content/uploads/2021/08/lamp-extra.jpg',NULL,'first-content-image',NULL,9,NULL,NULL,'2023-05-29 16:53:09','2023-05-31 00:42:17',1,NULL,NULL,NULL,NULL,0,NULL,2,'2021-08-27 12:22:11','2021-08-27 12:22:11',0),(50,'https://floristeriagheraldin.com/?cms_block=menu-category','57:40c6cf541fc415018eaa33a2d933a543',671,'post','cms_block',1,0,NULL,NULL,'Menu-category','publish',NULL,0,NULL,NULL,NULL,NULL,NULL,0,0,NULL,0,NULL,NULL,NULL,NULL,'http://dummy.xtemos.com/woodmart2/elementor/wp-content/uploads/sites/2/elementor/thumbs/cat-menu-furniture-1-pcdt0uubhbjhc4uaquigtjufq4ub57whkrhnxyej30.jpg',NULL,NULL,'first-content-image',NULL,NULL,'http://dummy.xtemos.com/woodmart2/elementor/wp-content/uploads/sites/2/elementor/thumbs/cat-menu-furniture-1-pcdt0uubhbjhc4uaquigtjufq4ub57whkrhnxyej30.jpg',NULL,'first-content-image',NULL,4,NULL,NULL,'2023-05-29 16:53:09','2023-05-31 00:42:17',1,NULL,NULL,NULL,NULL,0,NULL,2,'2021-08-30 15:25:02','2021-08-30 15:25:02',0),(51,'https://floristeriagheraldin.com/?cms_block=menu-category-2','59:c5c7bc9cdfa7a2fa9a4866abbf9bc76c',712,'post','cms_block',1,0,NULL,NULL,'Menu-category-2','publish',NULL,0,NULL,NULL,NULL,NULL,NULL,0,0,NULL,0,NULL,NULL,NULL,NULL,NULL,NULL,NULL,NULL,NULL,NULL,NULL,NULL,NULL,NULL,0,NULL,NULL,'2023-05-29 16:53:09','2023-05-31 00:42:17',1,NULL,NULL,NULL,NULL,0,NULL,2,'2021-08-30 15:32:48','2021-08-30 15:32:48',0),(52,'https://floristeriagheraldin.com/?cms_block=menu-category-3','59:e245cc7b769ff52f573c572006ba3ce0',714,'post','cms_block',1,0,NULL,NULL,'Menu-category-3','publish',NULL,0,NULL,NULL,NULL,NULL,NULL,0,0,NULL,0,NULL,NULL,NULL,NULL,'http://dummy.xtemos.com/woodmart2/elementor/wp-content/uploads/sites/2/2021/08/eames-lounge-chair-1-130x149.jpg',NULL,NULL,'first-content-image',NULL,NULL,'http://dummy.xtemos.com/woodmart2/elementor/wp-content/uploads/sites/2/2021/08/eames-lounge-chair-1-130x149.jpg',NULL,'first-content-image',NULL,8,NULL,NULL,'2023-05-29 16:53:09','2023-05-31 00:42:17',1,NULL,NULL,NULL,NULL,0,NULL,2,'2021-08-30 15:33:08','2021-08-30 15:33:08',0),(53,'https://floristeriagheraldin.com/?cms_block=menu-category-4','59:4865907624c6f6f3475e5ce2b69df43a',716,'post','cms_block',1,0,NULL,NULL,'Menu-category-4','publish',NULL,0,NULL,NULL,NULL,NULL,NULL,0,0,NULL,0,NULL,NULL,NULL,NULL,'https://floristeriagheraldin.com/wp-content/uploads/2021/08/cat-menu-fashion-1.svg',NULL,NULL,'first-content-image',NULL,NULL,'https://floristeriagheraldin.com/wp-content/uploads/2021/08/cat-menu-fashion-1.svg',NULL,'first-content-image',NULL,0,NULL,NULL,'2023-05-29 16:53:09','2023-05-31 00:42:17',1,NULL,NULL,NULL,NULL,0,NULL,2,'2021-08-30 15:33:16','2021-08-30 15:33:16',0),(54,'https://floristeriagheraldin.com/?cms_block=menu-category-5','59:9244288d0fb0c4ad912380ddb6ddbd0c',718,'post','cms_block',1,0,NULL,NULL,'Menu-category-5','publish',NULL,0,NULL,NULL,NULL,NULL,NULL,0,0,NULL,0,NULL,NULL,NULL,NULL,'https://floristeriagheraldin.com/wp-content/uploads/2021/08/brand-alessi.png',NULL,NULL,'first-content-image',NULL,NULL,'https://floristeriagheraldin.com/wp-content/uploads/2021/08/brand-alessi.png',NULL,'first-content-image',NULL,4,NULL,NULL,'2023-05-29 16:53:09','2023-05-31 00:42:17',1,NULL,NULL,NULL,NULL,0,NULL,2,'2021-08-30 15:33:26','2021-08-30 15:33:26',0),(55,'https://floristeriagheraldin.com/?cms_block=menu-category-6','59:f752400d09b308fbb162c8d55e3875c0',720,'post','cms_block',1,0,NULL,NULL,'Menu-category-6','publish',NULL,0,NULL,NULL,NULL,NULL,NULL,0,0,NULL,0,NULL,NULL,NULL,NULL,NULL,NULL,NULL,NULL,NULL,NULL,NULL,NULL,NULL,NULL,0,NULL,NULL,'2023-05-29 16:53:09','2023-05-31 00:42:17',1,NULL,NULL,NULL,NULL,0,NULL,2,'2021-08-30 15:33:41','2021-08-30 15:33:41',0),(56,'https://floristeriagheraldin.com/?cms_block=menu-category-7','59:b9560fc0abf1ba76034fe75afb5246fa',722,'post','cms_block',1,0,NULL,NULL,'Menu-category-7','publish',NULL,0,NULL,NULL,NULL,NULL,NULL,0,0,NULL,0,NULL,NULL,NULL,NULL,'http://dummy.xtemos.com/woodmart2/elementor/wp-content/uploads/sites/2/elementor/thumbs/wooden-single-drawer-1-pc6whknyk533tadgevfxhvfuznk3o5jyeq9c8nqslg.jpg',NULL,NULL,'first-content-image',NULL,NULL,'http://dummy.xtemos.com/woodmart2/elementor/wp-content/uploads/sites/2/elementor/thumbs/wooden-single-drawer-1-pc6whknyk533tadgevfxhvfuznk3o5jyeq9c8nqslg.jpg',NULL,'first-content-image',NULL,8,NULL,NULL,'2023-05-29 16:53:09','2023-05-31 00:42:17',1,NULL,NULL,NULL,NULL,0,NULL,2,'2021-08-30 15:33:49','2021-08-30 15:33:49',0),(57,'https://floristeriagheraldin.com/?cms_block=promo-popup','55:c5f47063283beef823ac4398d8446bb1',724,'post','cms_block',1,0,NULL,NULL,'Promo popup','publish',NULL,0,NULL,NULL,NULL,NULL,NULL,0,0,NULL,0,NULL,NULL,NULL,NULL,NULL,NULL,NULL,NULL,NULL,NULL,NULL,NULL,NULL,NULL,0,NULL,NULL,'2023-05-29 16:53:09','2023-05-31 00:42:17',1,NULL,NULL,NULL,NULL,0,NULL,2,'2021-08-30 15:39:28','2021-08-30 15:39:28',0),(58,'https://floristeriagheraldin.com/?cms_block=shipping-delivery','61:1c62fdb309e28bb1c973883f870a51b1',726,'post','cms_block',1,0,NULL,NULL,'Shipping &#038; Delivery','publish',NULL,0,NULL,NULL,NULL,NULL,NULL,0,0,NULL,0,NULL,NULL,NULL,NULL,'http://dummy.xtemos.com/woodmart2/elementor/wp-content/uploads/sites/2/elementor/thumbs/wd-ship-1-pcdt5tfqdl520epfjxzyewq86m7mqh151d6jnr3ncw.jpg',NULL,NULL,'first-content-image',NULL,NULL,'http://dummy.xtemos.com/woodmart2/elementor/wp-content/uploads/sites/2/elementor/thumbs/wd-ship-1-pcdt5tfqdl520epfjxzyewq86m7mqh151d6jnr3ncw.jpg',NULL,'first-content-image',NULL,0,NULL,NULL,'2023-05-29 16:53:09','2023-05-31 00:42:17',1,NULL,NULL,NULL,NULL,0,NULL,2,'2021-08-30 15:40:09','2021-08-30 15:40:09',0),(59,'https://floristeriagheraldin.com/?cms_block=prefooter','53:db14fe35006cfc2cab2406a1967970d7',728,'post','cms_block',1,0,NULL,NULL,'Prefooter','publish',NULL,0,NULL,NULL,NULL,NULL,NULL,0,0,NULL,0,NULL,NULL,NULL,NULL,'https://floristeriagheraldin.com/wp-content/uploads/2021/08/brand-Eva-Solo.png',NULL,NULL,'first-content-image',NULL,NULL,'https://floristeriagheraldin.com/wp-content/uploads/2021/08/brand-Eva-Solo.png',NULL,'first-content-image',NULL,9,NULL,NULL,'2023-05-29 16:53:09','2023-05-31 00:42:17',1,NULL,NULL,NULL,NULL,0,NULL,2,'2021-08-30 15:41:57','2021-08-30 15:41:57',0),(60,'https://floristeriagheraldin.com/?cms_block=category-banner','59:129ec9cc288f2c03514ba1c31144be0f',730,'post','cms_block',1,0,NULL,NULL,'Category banner','publish',NULL,0,NULL,NULL,NULL,NULL,NULL,0,0,NULL,0,NULL,NULL,NULL,NULL,'https://floristeriagheraldin.com/wp-content/uploads/2021/08/wd-cat-banner-furniture.jpg',NULL,NULL,'first-content-image',NULL,NULL,'https://floristeriagheraldin.com/wp-content/uploads/2021/08/wd-cat-banner-furniture.jpg',NULL,'first-content-image',NULL,0,NULL,NULL,'2023-05-29 16:53:09','2023-05-31 00:42:17',1,NULL,NULL,NULL,NULL,0,NULL,2,'2021-08-30 15:42:38','2021-08-30 15:42:38',0),(61,'https://floristeriagheraldin.com/?cms_block=menu-home','53:88e8c94e0a056ab0f830bf6c189d0f03',732,'post','cms_block',1,0,NULL,NULL,'Menu home','publish',NULL,0,NULL,NULL,NULL,NULL,NULL,0,0,NULL,0,NULL,NULL,NULL,NULL,'https://floristeriagheraldin.com/wp-content/uploads/2021/08/default-1.jpg',NULL,NULL,'first-content-image',NULL,NULL,'https://floristeriagheraldin.com/wp-content/uploads/2021/08/default-1.jpg',NULL,'first-content-image',NULL,0,NULL,NULL,'2023-05-29 16:53:09','2023-05-31 00:42:17',1,NULL,NULL,NULL,NULL,0,NULL,2,'2021-08-30 15:43:37','2021-08-30 15:43:37',0),(62,'https://floristeriagheraldin.com/?cms_block=open-pop-up','55:a3a108b40dc68c8d7ec65a95a7e598b9',808,'post','cms_block',1,0,NULL,NULL,'Open pop-up','publish',NULL,0,NULL,NULL,NULL,NULL,NULL,0,0,NULL,0,NULL,NULL,NULL,NULL,'https://floristeriagheraldin.com/wp-content/uploads/2021/08/carry-popup-image.png',NULL,NULL,'first-content-image',NULL,NULL,'https://floristeriagheraldin.com/wp-content/uploads/2021/08/carry-popup-image.png',NULL,'first-content-image',NULL,0,NULL,NULL,'2023-05-29 16:53:09','2023-05-31 00:42:17',1,NULL,NULL,NULL,NULL,0,NULL,2,'2021-08-31 13:30:58','2021-08-31 13:30:58',0),(63,'https://floristeriagheraldin.com/?cms_block=footer-1-column-darck','65:bbe8ae05b39e2cd7cb8a5217d8203623',818,'post','cms_block',1,0,NULL,NULL,'Footer 1 column Dark','publish',NULL,0,NULL,NULL,NULL,NULL,NULL,0,0,NULL,0,NULL,NULL,NULL,NULL,'https://floristeriagheraldin.com/wp-content/uploads/2021/08/wood-logo-dark.svg',NULL,NULL,'first-content-image',NULL,NULL,'https://floristeriagheraldin.com/wp-content/uploads/2021/08/wood-logo-dark.svg',NULL,'first-content-image',NULL,0,NULL,NULL,'2023-05-29 16:53:09','2023-05-31 00:42:17',1,NULL,NULL,NULL,NULL,0,NULL,2,'2021-08-31 13:41:48','2021-08-31 13:41:48',0),(64,'https://floristeriagheraldin.com/?cms_block=size-and-packaging-guidelines','73:4f86c4bd418d9554f151d56fad965e32',827,'post','cms_block',1,0,NULL,NULL,'Size and packaging guidelines','publish',NULL,0,NULL,NULL,NULL,NULL,NULL,0,0,NULL,0,NULL,NULL,NULL,NULL,'https://floristeriagheraldin.com/wp-content/uploads/2021/08/furniture-sizes.jpg',NULL,NULL,'first-content-image',NULL,NULL,'https://floristeriagheraldin.com/wp-content/uploads/2021/08/furniture-sizes.jpg',NULL,'first-content-image',NULL,0,NULL,NULL,'2023-05-29 16:53:09','2023-05-31 00:42:17',1,NULL,NULL,NULL,NULL,0,NULL,2,'2021-08-31 13:49:09','2021-08-31 13:49:09',0),(65,'https://floristeriagheraldin.com/?cms_block=contact-us-infobox','62:b798e467bb9db4e76232d8969a1d0c17',4452,'post','cms_block',1,0,NULL,NULL,'Contact us infobox','publish',NULL,0,NULL,NULL,NULL,NULL,NULL,0,0,NULL,0,NULL,NULL,NULL,NULL,NULL,NULL,NULL,NULL,NULL,NULL,NULL,NULL,NULL,NULL,0,NULL,NULL,'2023-05-29 16:53:09','2023-05-31 00:42:17',1,NULL,NULL,NULL,NULL,0,NULL,2,'2021-10-12 16:31:20','2021-10-12 16:31:20',0),(66,'https://floristeriagheraldin.com/?cms_block=footer-flowers','58:60ef57fc463ec0fd4d674919f85282ab',6046,'post','cms_block',1,0,NULL,NULL,'Footer','publish',NULL,0,NULL,NULL,NULL,NULL,NULL,90,0,NULL,0,NULL,NULL,NULL,NULL,'https://floristeriagheraldin.com/wp-content/uploads/2023/05/logo.png',NULL,NULL,'first-content-image',NULL,NULL,'https://floristeriagheraldin.com/wp-content/uploads/2023/05/logo.png',NULL,'first-content-image',NULL,6,NULL,NULL,'2023-05-29 16:53:09','2023-08-17 03:50:14',1,NULL,NULL,NULL,NULL,0,1,2,'2023-08-16 22:50:14','2021-10-21 16:54:37',0),(67,'https://floristeriagheraldin.com/?cms_block=menu-shop','53:6f2d3899a95dc68ccc5539427f9ce17a',8364,'post','cms_block',1,0,NULL,NULL,'Menu Shop','publish',NULL,0,NULL,NULL,NULL,NULL,NULL,0,0,NULL,0,NULL,NULL,NULL,NULL,NULL,NULL,NULL,NULL,NULL,NULL,NULL,NULL,NULL,NULL,58,NULL,NULL,'2023-05-29 16:53:09','2023-05-31 00:42:17',1,NULL,NULL,NULL,NULL,0,NULL,2,'2021-11-03 14:23:59','2021-11-03 14:23:59',0),(68,'https://floristeriagheraldin.com/?cms_block=menu-blog','53:35a7aa5ee2047cc6cdc133faf18dd08f',8371,'post','cms_block',1,0,NULL,NULL,'Menu Blog','publish',NULL,0,NULL,NULL,NULL,NULL,NULL,0,0,NULL,0,NULL,NULL,NULL,NULL,NULL,NULL,NULL,NULL,NULL,NULL,NULL,NULL,NULL,NULL,19,NULL,NULL,'2023-05-29 16:53:10','2023-05-31 00:42:17',1,NULL,NULL,NULL,NULL,0,NULL,2,'2021-11-03 14:38:47','2021-11-03 14:38:47',0),(69,'https://floristeriagheraldin.com/?cms_block=menu-shop-pages','59:44f2db55b80544371f0f49da6bda7bc6',15484,'post','cms_block',1,0,NULL,NULL,'Arreglos Florales','publish',NULL,0,NULL,NULL,NULL,NULL,NULL,0,0,NULL,0,NULL,NULL,NULL,NULL,'https://floristeriagheraldin.com/wp-content/uploads/2023/05/ramo_18_rosas.jpg-800x800.jpeg',NULL,NULL,'first-content-image',NULL,NULL,'https://floristeriagheraldin.com/wp-content/uploads/2023/05/ramo_18_rosas.jpg-800x800.jpeg',NULL,'first-content-image',NULL,42,NULL,NULL,'2023-05-29 16:53:10','2023-05-31 00:42:17',1,NULL,NULL,NULL,NULL,0,NULL,2,'2023-05-29 14:59:59','2023-04-28 08:18:58',0),(70,'https://floristeriagheraldin.com/?cms_block=menu-shop-product-loop','66:52e19e2070f8b2edd25ca2a34486089f',15491,'post','cms_block',1,0,NULL,NULL,'Bouquet','publish',NULL,0,NULL,NULL,NULL,NULL,NULL,0,0,NULL,0,NULL,NULL,NULL,NULL,'https://floristeriagheraldin.com/wp-content/uploads/2023/05/Bouquet_-60_rosas.jpg-800x800.jpeg',NULL,NULL,'first-content-image',NULL,NULL,'https://floristeriagheraldin.com/wp-content/uploads/2023/05/Bouquet_-60_rosas.jpg-800x800.jpeg',NULL,'first-content-image',NULL,8,NULL,NULL,'2023-05-29 16:53:10','2023-05-31 00:42:17',1,NULL,NULL,NULL,NULL,0,NULL,2,'2023-05-29 15:00:15','2023-04-28 08:29:26',0),(71,'https://floristeriagheraldin.com/?cms_block=menu-shop-single-product','68:995b5d05db865635cbdddf9102e10787',15500,'post','cms_block',1,0,NULL,NULL,'Funebres','publish',NULL,0,NULL,NULL,NULL,NULL,NULL,0,0,NULL,0,NULL,NULL,NULL,NULL,'https://floristeriagheraldin.com/wp-content/uploads/2023/05/Funebre_rosas_y_margaritas_003.jpg-800x800.jpeg',NULL,NULL,'first-content-image',NULL,NULL,'https://floristeriagheraldin.com/wp-content/uploads/2023/05/Funebre_rosas_y_margaritas_003.jpg-800x800.jpeg',NULL,'first-content-image',NULL,34,NULL,NULL,'2023-05-29 16:53:10','2023-05-31 00:42:17',1,NULL,NULL,NULL,NULL,0,NULL,2,'2023-05-29 15:00:28','2023-04-28 08:43:54',0),(72,'https://floristeriagheraldin.com/?cms_block=menu-shop-features','62:571f0e5119a330cd93a6f1819e3f0d78',15508,'post','cms_block',1,0,NULL,NULL,'Cajas Decoradas','publish',NULL,0,NULL,NULL,NULL,NULL,NULL,0,0,NULL,0,NULL,NULL,NULL,NULL,NULL,NULL,NULL,NULL,NULL,NULL,NULL,NULL,NULL,NULL,2,NULL,NULL,'2023-05-29 16:53:13','2023-05-31 01:17:09',1,NULL,NULL,NULL,NULL,0,NULL,2,'2023-05-29 15:03:51','2023-04-28 08:57:18',0),(73,'https://floristeriagheraldin.com/?cms_block=sembrados','53:4ebab0005b709c0591960b2177b80f62',15911,'post','cms_block',1,0,NULL,NULL,'Sembrados','publish',NULL,0,NULL,NULL,NULL,NULL,NULL,0,0,NULL,0,NULL,NULL,NULL,NULL,'https://floristeriagheraldin.com/wp-content/uploads/2023/05/Sembrado_12_rosas_y_globo.jpg-800x800.jpeg',NULL,NULL,'first-content-image',NULL,NULL,'https://floristeriagheraldin.com/wp-content/uploads/2023/05/Sembrado_12_rosas_y_globo.jpg-800x800.jpeg',NULL,'first-content-image',NULL,10,NULL,NULL,'2023-05-29 16:53:13','2023-05-31 01:17:09',1,NULL,NULL,NULL,NULL,0,NULL,2,'2023-05-29 15:25:36','2023-05-29 15:22:34',0),(74,'https://floristeriagheraldin.com/blog/','38:3bf4e03e54051ff98be89555ed67304d',38,'post','page',1,0,NULL,NULL,'Blog','publish',NULL,0,NULL,NULL,NULL,NULL,NULL,0,0,NULL,0,NULL,NULL,NULL,NULL,NULL,NULL,NULL,NULL,NULL,NULL,NULL,NULL,NULL,NULL,0,9,NULL,'2023-05-29 16:53:13','2023-05-30 03:17:21',1,NULL,NULL,NULL,NULL,0,NULL,2,'2023-05-27 15:11:37','2021-08-26 12:19:34',0),(75,'https://floristeriagheraldin.com/compare/','41:1f6a1696731f483f51c6718738b81cc0',45,'post','page',1,0,NULL,NULL,'Compare','publish',NULL,0,NULL,NULL,NULL,NULL,NULL,0,0,NULL,0,NULL,NULL,NULL,NULL,NULL,NULL,NULL,NULL,NULL,NULL,NULL,NULL,NULL,NULL,0,NULL,NULL,'2023-05-29 16:53:13','2023-05-31 01:17:09',1,NULL,NULL,NULL,NULL,0,NULL,2,'2023-05-27 15:11:37','2021-08-26 12:21:44',0),(76,'https://floristeriagheraldin.com/shop/','38:ad91838e7580e5c7854e4b6570dcdbdc',47,'post','page',1,0,NULL,NULL,'Tienda','publish',NULL,0,NULL,NULL,NULL,NULL,NULL,0,0,NULL,0,NULL,NULL,NULL,NULL,NULL,NULL,NULL,NULL,NULL,NULL,NULL,NULL,NULL,NULL,0,51,NULL,'2023-05-29 16:53:13','2023-08-18 20:22:48',1,NULL,NULL,NULL,NULL,0,NULL,2,'2023-05-29 16:40:08','2021-08-26 12:22:07',0),(77,'https://floristeriagheraldin.com/portafolio/','44:b048dd6aba2a139921ae52f1d2922830',51,'post','page',1,0,NULL,NULL,'Portafolio','publish',NULL,0,NULL,NULL,NULL,NULL,NULL,0,0,NULL,0,NULL,NULL,NULL,NULL,NULL,NULL,NULL,NULL,NULL,NULL,NULL,NULL,NULL,NULL,0,NULL,NULL,'2023-05-29 16:53:13','2023-05-31 01:17:09',1,NULL,NULL,NULL,NULL,0,NULL,2,'2023-05-29 16:39:56','2021-08-26 12:22:55',0),(78,'https://floristeriagheraldin.com/nosotros/','42:fe61429b6e9b719bf3f3c80dbe9af309',4400,'post','page',1,0,NULL,NULL,'Nosotros','publish',NULL,0,NULL,NULL,NULL,NULL,NULL,90,0,NULL,0,NULL,NULL,NULL,NULL,'https://floristeriagheraldin.com/wp-content/uploads/2023/07/IMG-20230714-WA0044.jpg',NULL,NULL,'first-content-image',NULL,NULL,'https://floristeriagheraldin.com/wp-content/uploads/2023/07/IMG-20230714-WA0044.jpg',NULL,'first-content-image',NULL,10,NULL,NULL,'2023-05-29 16:53:13','2023-08-11 19:15:08',1,NULL,NULL,NULL,NULL,0,3,2,'2023-08-11 14:15:07','2021-10-12 15:51:09',0),(79,'https://floristeriagheraldin.com/contactanos/','45:6496d14f887a4329bad8e8ac6fdfa7d2',4439,'post','page',1,0,NULL,NULL,'Contáctanos','publish',NULL,0,NULL,NULL,NULL,NULL,NULL,90,0,NULL,0,NULL,NULL,NULL,NULL,NULL,NULL,NULL,NULL,NULL,NULL,NULL,NULL,NULL,NULL,0,NULL,NULL,'2023-05-29 16:53:13','2023-08-19 00:28:16',1,NULL,NULL,NULL,NULL,0,2,2,'2023-08-18 19:28:16','2021-10-12 16:27:24',0),(80,'https://floristeriagheraldin.com/','33:15dc4f75fb3229d4f544363f0937093a',6014,'post','page',1,0,'%%sitename%% %%sep%% %%sitedesc%%','Arreglos florales para todo tipo de ocasión: cumpleaños, aniversario, grados, detalle, meses, agradecimiento, recuperación, nacimiento, día de la madre, día de la mujer, día de la secretaria, condolencias.','Inicio','publish',NULL,0,NULL,NULL,NULL,NULL,NULL,90,0,NULL,0,NULL,NULL,NULL,NULL,'https://floristeriagheraldin.com/wp-content/uploads/2023/05/favicon.png',NULL,'15949','featured-image',NULL,NULL,'https://floristeriagheraldin.com/wp-content/uploads/2023/05/favicon.png','15949','featured-image','{\"width\":500,\"height\":500,\"filesize\":58924,\"url\":\"https://floristeriagheraldin.com/wp-content/uploads/2023/05/favicon.png\",\"path\":\"/var/www/vhosts/floristeriagheraldin.com/public_html/wp-content/uploads/2023/05/favicon.png\",\"size\":\"full\",\"id\":15949,\"alt\":\"\",\"pixels\":250000,\"type\":\"image/png\"}',106,NULL,NULL,'2023-05-29 16:53:13','2023-08-19 01:22:52',1,NULL,NULL,NULL,NULL,0,13,2,'2023-08-18 20:22:50','2021-10-21 16:36:46',0),(81,'https://floristeriagheraldin.com/carrito/','41:b397ec4a0e8ef6217825b7c767faace0',10,'post','page',1,0,NULL,NULL,'Carrito','publish',NULL,0,NULL,NULL,NULL,NULL,NULL,0,0,NULL,0,NULL,NULL,NULL,NULL,'https://floristeriagheraldin.com/wp-content/uploads/2023/07/descarga.png',NULL,NULL,'first-content-image',NULL,NULL,'https://floristeriagheraldin.com/wp-content/uploads/2023/07/descarga.png',NULL,'first-content-image',NULL,6,NULL,NULL,'2023-05-29 16:53:13','2023-07-14 17:59:32',1,NULL,NULL,NULL,NULL,0,1,2,'2023-07-14 13:59:27','2023-05-27 15:05:53',0),(82,'https://floristeriagheraldin.com/finalizar-compra/','50:059caa480a22e4216f048c248361dc08',11,'post','page',1,0,NULL,NULL,'Finalizar compra','publish',NULL,0,NULL,NULL,NULL,NULL,NULL,0,0,NULL,0,NULL,NULL,NULL,NULL,'https://floristeriagheraldin.com/wp-content/uploads/2023/07/descarga.png',NULL,NULL,'first-content-image',NULL,NULL,'https://floristeriagheraldin.com/wp-content/uploads/2023/07/descarga.png',NULL,'first-content-image',NULL,2,2,NULL,'2023-05-29 16:53:13','2023-07-14 13:59:27',1,NULL,NULL,NULL,NULL,0,1,2,'2023-07-14 13:59:08','2023-05-27 15:05:53',0),(83,'https://floristeriagheraldin.com/mi-cuenta/','43:de74ec02777a1bd98932650f8d72f172',12,'post','page',1,0,NULL,NULL,'Mi cuenta','publish',NULL,0,NULL,NULL,NULL,NULL,NULL,0,0,NULL,0,NULL,NULL,NULL,NULL,NULL,NULL,NULL,NULL,NULL,NULL,NULL,NULL,NULL,NULL,0,NULL,NULL,'2023-05-29 16:53:13','2023-05-31 01:17:09',1,NULL,NULL,NULL,NULL,0,NULL,2,'2023-05-27 15:05:53','2023-05-27 15:05:53',0),(84,'https://floristeriagheraldin.com/aviso-de-privacidad/','53:d3f66011cdb063d1028f9de27c49ec31',15619,'post','page',1,0,NULL,NULL,'Aviso de Privacidad','publish',NULL,0,NULL,NULL,NULL,NULL,NULL,0,0,NULL,0,NULL,NULL,NULL,NULL,NULL,NULL,NULL,NULL,NULL,NULL,NULL,NULL,NULL,NULL,0,1,NULL,'2023-05-29 16:53:13','2023-05-30 03:19:05',1,NULL,NULL,NULL,NULL,0,NULL,2,'2023-05-27 16:19:36','2023-05-27 16:12:17',0),(85,'https://floristeriagheraldin.com/politicas-de-privacidad/','57:b82131ace644536e6dc0f7cf75ab8b34',15614,'post','page',1,0,NULL,NULL,'Políticas de Privacidad','publish',NULL,0,NULL,NULL,NULL,NULL,NULL,0,0,NULL,0,NULL,NULL,NULL,NULL,NULL,NULL,NULL,NULL,NULL,NULL,NULL,NULL,NULL,NULL,0,1,NULL,'2023-05-29 16:53:13','2023-05-30 03:19:13',1,NULL,NULL,NULL,NULL,0,NULL,2,'2023-05-27 16:24:46','2023-05-27 16:20:28',0),(86,'https://floristeriagheraldin.com/politica-de-cambios-y-devoluciones/','68:02c4e01181adf93482e3db2b0803867e',15615,'post','page',1,0,NULL,NULL,'Política de Cambios y Devoluciones','publish',NULL,0,NULL,NULL,NULL,NULL,NULL,30,0,NULL,0,NULL,NULL,NULL,NULL,NULL,NULL,NULL,NULL,NULL,NULL,NULL,NULL,NULL,NULL,0,1,NULL,'2023-05-29 16:53:13','2023-07-14 01:57:53',1,NULL,NULL,NULL,NULL,0,6,2,'2023-07-13 21:57:50','2023-05-27 16:25:13',0),(87,'https://floristeriagheraldin.com/peticiones-quejas-y-reclamos/','62:49e5a4b5322d056242c60fc77279f06d',15616,'post','page',1,0,NULL,NULL,'Peticiones, Quejas y Reclamos','publish',NULL,0,NULL,NULL,NULL,NULL,NULL,0,0,NULL,0,NULL,NULL,NULL,NULL,NULL,NULL,NULL,NULL,NULL,NULL,NULL,NULL,NULL,NULL,0,1,NULL,'2023-05-29 16:53:13','2023-05-30 03:19:16',1,NULL,NULL,NULL,NULL,0,NULL,2,'2023-05-27 16:33:50','2023-05-27 16:30:34',0),(88,'https://floristeriagheraldin.com/terminos-y-condiciones/','56:8e9e2ff2b548be650c7288c2d7546a54',15617,'post','page',1,0,NULL,NULL,'Términos y Condiciones','publish',NULL,0,NULL,NULL,NULL,NULL,NULL,0,0,NULL,0,NULL,NULL,NULL,NULL,NULL,NULL,NULL,NULL,NULL,NULL,NULL,NULL,NULL,NULL,0,2,NULL,'2023-05-29 16:53:13','2023-07-14 13:59:07',1,NULL,NULL,NULL,NULL,0,NULL,2,'2023-05-27 16:45:42','2023-05-27 16:34:43',0),(89,'https://floristeriagheraldin.com/preguntas-frecuentes/','54:8a12699c912073bfc1f48781b3c8aaa0',15618,'post','page',1,0,NULL,NULL,'Preguntas Frecuentes','publish',NULL,0,NULL,NULL,NULL,NULL,NULL,0,0,NULL,0,NULL,NULL,NULL,NULL,NULL,NULL,NULL,NULL,NULL,NULL,NULL,NULL,NULL,NULL,0,1,NULL,'2023-05-29 16:53:13','2023-07-14 23:24:53',1,NULL,NULL,NULL,NULL,0,NULL,2,'2023-07-14 19:24:53','2023-05-27 16:46:15',0),(94,'https://floristeriagheraldin.com/portfolio/potenti-parturient-parturie/','71:0c5fab1a9d8c66e7ddadde942e108394',471,'post','portfolio',1,0,NULL,NULL,'Potenti parturient parturie','publish',NULL,0,NULL,NULL,NULL,NULL,NULL,0,0,NULL,0,NULL,NULL,NULL,NULL,'https://floristeriagheraldin.com/wp-content/uploads/2021/08/portfolio-9.jpg',NULL,'480','featured-image',NULL,NULL,'https://floristeriagheraldin.com/wp-content/uploads/2021/08/portfolio-9.jpg','480','featured-image','{\"width\":800,\"height\":800,\"filesize\":52505,\"url\":\"https://floristeriagheraldin.com/wp-content/uploads/2021/08/portfolio-9.jpg\",\"path\":\"/var/www/vhosts/floristeriagheraldin.com/public_html/wp-content/uploads/2021/08/portfolio-9.jpg\",\"size\":\"full\",\"id\":480,\"alt\":\"\",\"pixels\":640000,\"type\":\"image/jpeg\"}',4,NULL,NULL,'2023-05-29 16:53:14','2023-05-31 01:17:09',1,NULL,NULL,NULL,NULL,0,NULL,2,'2021-08-27 12:45:07','2021-08-27 12:45:07',0),(95,'https://floristeriagheraldin.com/portfolio/rhoncus-quisque-sollicitudin/','72:19452773cf93d75468d43a601e0fde65',490,'post','portfolio',1,0,NULL,NULL,'Rhoncus quisque sollicitudin','publish',NULL,0,NULL,NULL,NULL,NULL,NULL,0,0,NULL,0,NULL,NULL,NULL,NULL,'https://floristeriagheraldin.com/wp-content/uploads/2021/08/portfolio-8.jpg',NULL,'479','featured-image',NULL,NULL,'https://floristeriagheraldin.com/wp-content/uploads/2021/08/portfolio-8.jpg','479','featured-image','{\"width\":800,\"height\":800,\"filesize\":80173,\"url\":\"https://floristeriagheraldin.com/wp-content/uploads/2021/08/portfolio-8.jpg\",\"path\":\"/var/www/vhosts/floristeriagheraldin.com/public_html/wp-content/uploads/2021/08/portfolio-8.jpg\",\"size\":\"full\",\"id\":479,\"alt\":\"\",\"pixels\":640000,\"type\":\"image/jpeg\"}',2,NULL,NULL,'2023-05-29 16:53:14','2023-05-31 01:17:09',1,NULL,NULL,NULL,NULL,0,NULL,2,'2021-08-27 12:48:36','2021-08-27 12:48:36',0),(96,'https://floristeriagheraldin.com/portfolio/a-lacus-bibendum-pulvinar/','69:65b92a4d1bb9434162e01e95e04e6276',503,'post','portfolio',1,0,NULL,NULL,'A lacus bibendum pulvinar','publish',NULL,0,NULL,NULL,NULL,NULL,NULL,0,0,NULL,0,NULL,NULL,NULL,NULL,'https://floristeriagheraldin.com/wp-content/uploads/2021/08/portfolio-7.jpg',NULL,'478','featured-image',NULL,NULL,'https://floristeriagheraldin.com/wp-content/uploads/2021/08/portfolio-7.jpg','478','featured-image','{\"width\":800,\"height\":800,\"filesize\":17855,\"url\":\"https://floristeriagheraldin.com/wp-content/uploads/2021/08/portfolio-7.jpg\",\"path\":\"/var/www/vhosts/floristeriagheraldin.com/public_html/wp-content/uploads/2021/08/portfolio-7.jpg\",\"size\":\"full\",\"id\":478,\"alt\":\"\",\"pixels\":640000,\"type\":\"image/jpeg\"}',14,NULL,NULL,'2023-05-29 16:53:14','2023-05-31 01:17:09',1,NULL,NULL,NULL,NULL,0,NULL,2,'2021-08-27 12:53:03','2021-08-27 12:53:03',0),(97,'https://floristeriagheraldin.com/portfolio/leo-uteu-ullamcorper/','64:bfdccabbdd9820682c06cbaae89c3fe6',520,'post','portfolio',1,0,NULL,NULL,'Leo uteu ullamcorper','publish',NULL,0,NULL,NULL,NULL,NULL,NULL,0,0,NULL,0,NULL,NULL,NULL,NULL,'https://floristeriagheraldin.com/wp-content/uploads/2021/08/portfolio-6.jpg',NULL,'477','featured-image',NULL,NULL,'https://floristeriagheraldin.com/wp-content/uploads/2021/08/portfolio-6.jpg','477','featured-image','{\"width\":800,\"height\":800,\"filesize\":22454,\"url\":\"https://floristeriagheraldin.com/wp-content/uploads/2021/08/portfolio-6.jpg\",\"path\":\"/var/www/vhosts/floristeriagheraldin.com/public_html/wp-content/uploads/2021/08/portfolio-6.jpg\",\"size\":\"full\",\"id\":477,\"alt\":\"\",\"pixels\":640000,\"type\":\"image/jpeg\"}',2,NULL,NULL,'2023-05-29 16:53:18','2023-05-31 01:17:09',1,NULL,NULL,NULL,NULL,0,NULL,2,'2021-08-27 13:00:27','2021-08-27 13:00:27',0),(98,'https://floristeriagheraldin.com/portfolio/venenatis-nam-phasellus/','67:af57670a833aa892f2f96716e3efd2e4',538,'post','portfolio',1,0,NULL,NULL,'Venenatis nam phasellus','publish',NULL,0,NULL,NULL,NULL,NULL,NULL,0,0,NULL,0,NULL,NULL,NULL,NULL,'https://floristeriagheraldin.com/wp-content/uploads/2021/08/portfolio-5.jpg',NULL,'476','featured-image',NULL,NULL,'https://floristeriagheraldin.com/wp-content/uploads/2021/08/portfolio-5.jpg','476','featured-image','{\"width\":800,\"height\":800,\"filesize\":26575,\"url\":\"https://floristeriagheraldin.com/wp-content/uploads/2021/08/portfolio-5.jpg\",\"path\":\"/var/www/vhosts/floristeriagheraldin.com/public_html/wp-content/uploads/2021/08/portfolio-5.jpg\",\"size\":\"full\",\"id\":476,\"alt\":\"\",\"pixels\":640000,\"type\":\"image/jpeg\"}',4,NULL,NULL,'2023-05-29 16:53:18','2023-05-31 01:17:09',1,NULL,NULL,NULL,NULL,0,NULL,2,'2021-08-27 13:27:56','2021-08-27 13:27:56',0),(99,'https://floristeriagheraldin.com/portfolio/imperdiet-mauris-a-nontin/','69:cd2fee777de015940342047f39f20b5c',544,'post','portfolio',1,0,NULL,NULL,'Imperdiet mauris a nontin','publish',NULL,0,NULL,NULL,NULL,NULL,NULL,0,0,NULL,0,NULL,NULL,NULL,NULL,'https://floristeriagheraldin.com/wp-content/uploads/2021/08/portfolio-4.jpg',NULL,'475','featured-image',NULL,NULL,'https://floristeriagheraldin.com/wp-content/uploads/2021/08/portfolio-4.jpg','475','featured-image','{\"width\":800,\"height\":800,\"filesize\":80516,\"url\":\"https://floristeriagheraldin.com/wp-content/uploads/2021/08/portfolio-4.jpg\",\"path\":\"/var/www/vhosts/floristeriagheraldin.com/public_html/wp-content/uploads/2021/08/portfolio-4.jpg\",\"size\":\"full\",\"id\":475,\"alt\":\"\",\"pixels\":640000,\"type\":\"image/jpeg\"}',2,NULL,NULL,'2023-05-29 16:53:18','2023-05-31 01:17:09',1,NULL,NULL,NULL,NULL,0,NULL,2,'2021-08-27 13:28:54','2021-08-27 13:28:54',0),(100,'https://floristeriagheraldin.com/portfolio/et-vestibulum-quis-a-suspendisse/','76:247b86ce38dcc8c8a529d51f950c124e',550,'post','portfolio',1,0,NULL,NULL,'Et vestibulum quis a suspendisse','publish',NULL,0,NULL,NULL,NULL,NULL,NULL,0,0,NULL,0,NULL,NULL,NULL,NULL,'https://floristeriagheraldin.com/wp-content/uploads/2021/08/portfolio-3.jpg',NULL,'474','featured-image',NULL,NULL,'https://floristeriagheraldin.com/wp-content/uploads/2021/08/portfolio-3.jpg','474','featured-image','{\"width\":800,\"height\":800,\"filesize\":34720,\"url\":\"https://floristeriagheraldin.com/wp-content/uploads/2021/08/portfolio-3.jpg\",\"path\":\"/var/www/vhosts/floristeriagheraldin.com/public_html/wp-content/uploads/2021/08/portfolio-3.jpg\",\"size\":\"full\",\"id\":474,\"alt\":\"\",\"pixels\":640000,\"type\":\"image/jpeg\"}',14,NULL,NULL,'2023-05-29 16:53:18','2023-05-31 01:04:50',1,NULL,NULL,NULL,NULL,0,NULL,2,'2021-08-27 13:29:49','2021-08-27 13:29:49',0),(101,'https://floristeriagheraldin.com/portfolio/netus-eu-mollis-hac-dignis/','70:4cedd387572c246a817c344b7b2327c0',556,'post','portfolio',1,0,NULL,NULL,'Netus eu mollis hac dignis','publish',NULL,0,NULL,NULL,NULL,NULL,NULL,0,0,NULL,0,NULL,NULL,NULL,NULL,'https://floristeriagheraldin.com/wp-content/uploads/2021/08/portfolio-2.jpg',NULL,'473','featured-image',NULL,NULL,'https://floristeriagheraldin.com/wp-content/uploads/2021/08/portfolio-2.jpg','473','featured-image','{\"width\":800,\"height\":800,\"filesize\":23833,\"url\":\"https://floristeriagheraldin.com/wp-content/uploads/2021/08/portfolio-2.jpg\",\"path\":\"/var/www/vhosts/floristeriagheraldin.com/public_html/wp-content/uploads/2021/08/portfolio-2.jpg\",\"size\":\"full\",\"id\":473,\"alt\":\"\",\"pixels\":640000,\"type\":\"image/jpeg\"}',6,NULL,NULL,'2023-05-29 16:53:18','2023-05-31 01:17:09',1,NULL,NULL,NULL,NULL,0,NULL,2,'2021-08-27 13:30:46','2021-08-27 13:30:46',0),(102,'https://floristeriagheraldin.com/portfolio/suspendisse-quam-at-vestibulum/','74:9b51a242b4a6ea3ecb5ce1a94dafa7e0',562,'post','portfolio',1,0,NULL,NULL,'Suspendisse quam at vestibulum','publish',NULL,0,NULL,NULL,NULL,NULL,NULL,0,0,NULL,0,NULL,NULL,NULL,NULL,'https://floristeriagheraldin.com/wp-content/uploads/2021/08/portfolio-1.jpg',NULL,'472','featured-image',NULL,NULL,'https://floristeriagheraldin.com/wp-content/uploads/2021/08/portfolio-1.jpg','472','featured-image','{\"width\":800,\"height\":800,\"filesize\":16050,\"url\":\"https://floristeriagheraldin.com/wp-content/uploads/2021/08/portfolio-1.jpg\",\"path\":\"/var/www/vhosts/floristeriagheraldin.com/public_html/wp-content/uploads/2021/08/portfolio-1.jpg\",\"size\":\"full\",\"id\":472,\"alt\":\"\",\"pixels\":640000,\"type\":\"image/jpeg\"}',4,NULL,NULL,'2023-05-29 16:53:18','2023-05-31 01:17:09',1,NULL,NULL,NULL,NULL,0,NULL,2,'2021-08-27 13:32:12','2021-08-27 13:32:12',0),(127,'https://floristeriagheraldin.com/producto/ramo-de-rosas-lirios-y-globos/','72:3da42eb11467e7f74b96bbd9da972f4b',15711,'post','product',1,0,NULL,NULL,'Ramo de rosas lirios y globos','publish',NULL,0,NULL,NULL,NULL,NULL,NULL,90,0,NULL,0,NULL,NULL,NULL,NULL,'https://floristeriagheraldin.com/wp-content/uploads/2023/05/Ramo_de_rosas_lirios_y_globos-1.jpg-2340x2340-1-1.jpg',NULL,'16842','featured-image',NULL,NULL,'https://floristeriagheraldin.com/wp-content/uploads/2023/05/Ramo_de_rosas_lirios_y_globos-1.jpg-2340x2340-1-1.jpg','16842','featured-image','{\"width\":2340,\"height\":2340,\"filesize\":847866,\"url\":\"https://floristeriagheraldin.com/wp-content/uploads/2023/05/Ramo_de_rosas_lirios_y_globos-1.jpg-2340x2340-1-1.jpg\",\"path\":\"/var/www/vhosts/floristeriagheraldin.com/public_html/wp-content/uploads/2023/05/Ramo_de_rosas_lirios_y_globos-1.jpg-2340x2340-1-1.jpg\",\"size\":\"full\",\"id\":16842,\"alt\":\"\",\"pixels\":5475600,\"type\":\"image/jpeg\"}',0,6,NULL,'2023-05-29 16:53:22','2023-08-18 20:22:48',1,NULL,NULL,NULL,NULL,0,1,2,'2023-07-14 17:24:25','2023-05-27 17:13:47',0),(128,'https://floristeriagheraldin.com/producto/jardin-de-rosas-en-tres-colores/','74:ecac0716023c53a589742b11a5031010',15713,'post','product',1,0,NULL,NULL,'Jardin de rosas en tres colores','publish',NULL,0,NULL,NULL,NULL,NULL,NULL,90,0,NULL,0,NULL,NULL,NULL,NULL,'https://floristeriagheraldin.com/wp-content/uploads/2023/05/jardin_de_rosas_3_colores.jpg-1956x1956-1.jpg',NULL,'16843','featured-image',NULL,NULL,'https://floristeriagheraldin.com/wp-content/uploads/2023/05/jardin_de_rosas_3_colores.jpg-1956x1956-1.jpg','16843','featured-image','{\"width\":1956,\"height\":1956,\"filesize\":774503,\"url\":\"https://floristeriagheraldin.com/wp-content/uploads/2023/05/jardin_de_rosas_3_colores.jpg-1956x1956-1.jpg\",\"path\":\"/var/www/vhosts/floristeriagheraldin.com/public_html/wp-content/uploads/2023/05/jardin_de_rosas_3_colores.jpg-1956x1956-1.jpg\",\"size\":\"full\",\"id\":16843,\"alt\":\"\",\"pixels\":3825936,\"type\":\"image/jpeg\"}',0,6,NULL,'2023-05-29 16:53:22','2023-08-18 20:22:48',1,NULL,NULL,NULL,NULL,0,1,2,'2023-07-14 17:26:04','2023-05-27 17:13:47',0),(129,'https://floristeriagheraldin.com/producto/ramo-de-rosas-y-girasoles/','68:c08e7aa0c025821243f9825cce93f077',15715,'post','product',1,0,NULL,NULL,'Ramo de rosas y girasoles','publish',NULL,0,NULL,NULL,NULL,NULL,NULL,0,0,NULL,0,NULL,NULL,NULL,NULL,'https://floristeriagheraldin.com/wp-content/uploads/2023/05/Ramo_de_rosas_y_girasoles.jpg.jpeg',NULL,'15697','featured-image',NULL,NULL,'https://floristeriagheraldin.com/wp-content/uploads/2023/05/Ramo_de_rosas_y_girasoles.jpg.jpeg','15697','featured-image','{\"width\":1512,\"height\":1512,\"filesize\":181868,\"url\":\"https://floristeriagheraldin.com/wp-content/uploads/2023/05/Ramo_de_rosas_y_girasoles.jpg.jpeg\",\"path\":\"/var/www/vhosts/floristeriagheraldin.com/public_html/wp-content/uploads/2023/05/Ramo_de_rosas_y_girasoles.jpg.jpeg\",\"size\":\"full\",\"id\":15697,\"alt\":\"\",\"pixels\":2286144,\"type\":\"image/jpeg\"}',0,4,NULL,'2023-05-29 16:53:22','2023-08-11 14:35:00',1,NULL,NULL,NULL,NULL,0,NULL,2,'2023-05-30 20:06:27','2023-05-27 17:13:47',0),(130,'https://floristeriagheraldin.com/producto/arreglo-floral-jardin-de-rosas-y-lirios/','82:8fae40a5925a5bfbdf34a8e3dd58fd1c',15717,'post','product',1,0,NULL,NULL,'Arreglo floral jardin de rosas y lirios','publish',NULL,0,NULL,NULL,NULL,NULL,NULL,90,0,NULL,0,NULL,NULL,NULL,NULL,'https://floristeriagheraldin.com/wp-content/uploads/2023/05/Jardin_de_rosas_y_lirios.jpg-2544x2544-1.jpg',NULL,'16844','featured-image',NULL,NULL,'https://floristeriagheraldin.com/wp-content/uploads/2023/05/Jardin_de_rosas_y_lirios.jpg-2544x2544-1.jpg','16844','featured-image','{\"width\":2544,\"height\":2544,\"filesize\":766763,\"url\":\"https://floristeriagheraldin.com/wp-content/uploads/2023/05/Jardin_de_rosas_y_lirios.jpg-2544x2544-1.jpg\",\"path\":\"/var/www/vhosts/floristeriagheraldin.com/public_html/wp-content/uploads/2023/05/Jardin_de_rosas_y_lirios.jpg-2544x2544-1.jpg\",\"size\":\"full\",\"id\":16844,\"alt\":\"\",\"pixels\":6471936,\"type\":\"image/jpeg\"}',0,4,NULL,'2023-05-29 16:53:22','2023-08-18 20:20:56',1,NULL,NULL,NULL,NULL,0,1,2,'2023-07-14 17:25:26','2023-05-27 17:13:47',0),(131,'https://floristeriagheraldin.com/producto/sembrado-para-grado/','62:05267c1fbadae149c4e74b19f33af1c3',15719,'post','product',1,0,NULL,NULL,'Sembrado para grado','publish',NULL,0,NULL,NULL,NULL,NULL,NULL,90,0,NULL,0,NULL,NULL,NULL,NULL,'https://floristeriagheraldin.com/wp-content/uploads/2023/05/Sembrado_de_rosas_Grado.jpg.jpeg',NULL,'15710','featured-image',NULL,NULL,'https://floristeriagheraldin.com/wp-content/uploads/2023/05/Sembrado_de_rosas_Grado.jpg.jpeg','15710','featured-image','{\"width\":1512,\"height\":1512,\"filesize\":123833,\"url\":\"https://floristeriagheraldin.com/wp-content/uploads/2023/05/Sembrado_de_rosas_Grado.jpg.jpeg\",\"path\":\"/var/www/vhosts/floristeriagheraldin.com/public_html/wp-content/uploads/2023/05/Sembrado_de_rosas_Grado.jpg.jpeg\",\"size\":\"full\",\"id\":15710,\"alt\":\"\",\"pixels\":2286144,\"type\":\"image/jpeg\"}',0,4,NULL,'2023-05-29 16:53:22','2023-08-18 20:22:48',1,NULL,NULL,NULL,NULL,0,1,2,'2023-06-05 22:36:47','2023-05-27 17:13:47',0),(132,'https://floristeriagheraldin.com/producto/arreglo-floral-redondo-de-rosas/','74:832c0eb36399667d13ffa6a8c56f948e',15721,'post','product',1,0,NULL,NULL,'Arreglo floral redondo de rosas','publish',NULL,0,NULL,NULL,NULL,NULL,NULL,90,0,NULL,0,NULL,NULL,NULL,NULL,'https://floristeriagheraldin.com/wp-content/uploads/2023/05/Ramo_grande_redondo_de_rosas.jpg-2436x2436-1.jpg',NULL,'16848','featured-image',NULL,NULL,'https://floristeriagheraldin.com/wp-content/uploads/2023/05/Ramo_grande_redondo_de_rosas.jpg-2436x2436-1.jpg','16848','featured-image','{\"width\":2436,\"height\":2436,\"filesize\":880912,\"url\":\"https://floristeriagheraldin.com/wp-content/uploads/2023/05/Ramo_grande_redondo_de_rosas.jpg-2436x2436-1.jpg\",\"path\":\"/var/www/vhosts/floristeriagheraldin.com/public_html/wp-content/uploads/2023/05/Ramo_grande_redondo_de_rosas.jpg-2436x2436-1.jpg\",\"size\":\"full\",\"id\":16848,\"alt\":\"\",\"pixels\":5934096,\"type\":\"image/jpeg\"}',0,4,NULL,'2023-05-29 16:53:22','2023-08-18 20:22:48',1,NULL,NULL,NULL,NULL,0,1,2,'2023-07-14 17:26:04','2023-05-27 17:13:47',0),(133,'https://floristeriagheraldin.com/producto/sembrado-de-rosas-y-gerveras/','71:6b695eb81e11aa482827839b4797d175',15723,'post','product',1,0,NULL,NULL,'Sembrado de rosas y gerveras','publish',NULL,0,NULL,NULL,NULL,NULL,NULL,90,0,NULL,0,NULL,NULL,NULL,NULL,'https://floristeriagheraldin.com/wp-content/uploads/2023/05/Sembrado_rosas_y_gerveras.jpg-2916x2916-1-scaled.jpg',NULL,'16852','featured-image',NULL,NULL,'https://floristeriagheraldin.com/wp-content/uploads/2023/05/Sembrado_rosas_y_gerveras.jpg-2916x2916-1-scaled.jpg','16852','featured-image','{\"width\":2560,\"height\":2560,\"filesize\":349638,\"url\":\"https://floristeriagheraldin.com/wp-content/uploads/2023/05/Sembrado_rosas_y_gerveras.jpg-2916x2916-1-scaled.jpg\",\"path\":\"/var/www/vhosts/floristeriagheraldin.com/public_html/wp-content/uploads/2023/05/Sembrado_rosas_y_gerveras.jpg-2916x2916-1-scaled.jpg\",\"size\":\"full\",\"id\":16852,\"alt\":\"\",\"pixels\":6553600,\"type\":\"image/jpeg\"}',0,6,NULL,'2023-05-29 16:53:22','2023-08-18 20:22:48',1,NULL,NULL,NULL,NULL,0,1,2,'2023-07-14 17:47:59','2023-05-27 17:13:47',0),(134,'https://floristeriagheraldin.com/producto/sembrado-12-rosas-y-astromelia/','73:0f39e918a71215d20d1d9b370b20d37b',15725,'post','product',1,0,NULL,NULL,'Sembrado 12 rosas y astromelia','publish',NULL,0,NULL,NULL,NULL,NULL,NULL,90,0,NULL,0,NULL,NULL,NULL,NULL,'https://floristeriagheraldin.com/wp-content/uploads/2023/05/Sembrado_12_rosas_y_globo.jpg-2940x2940-1-scaled.jpg',NULL,'16851','featured-image',NULL,NULL,'https://floristeriagheraldin.com/wp-content/uploads/2023/05/Sembrado_12_rosas_y_globo.jpg-2940x2940-1-scaled.jpg','16851','featured-image','{\"width\":2560,\"height\":2560,\"filesize\":318759,\"url\":\"https://floristeriagheraldin.com/wp-content/uploads/2023/05/Sembrado_12_rosas_y_globo.jpg-2940x2940-1-scaled.jpg\",\"path\":\"/var/www/vhosts/floristeriagheraldin.com/public_html/wp-content/uploads/2023/05/Sembrado_12_rosas_y_globo.jpg-2940x2940-1-scaled.jpg\",\"size\":\"full\",\"id\":16851,\"alt\":\"\",\"pixels\":6553600,\"type\":\"image/jpeg\"}',0,2,NULL,'2023-05-29 16:53:22','2023-07-14 22:05:51',1,NULL,NULL,NULL,NULL,0,1,2,'2023-07-14 17:47:54','2023-05-27 17:13:47',0),(135,'https://floristeriagheraldin.com/producto/arreglo-floral-18-rosas/','66:3881cc2e9116e94a86416591b6c60ce2',15727,'post','product',1,0,NULL,NULL,'Arreglo floral 18 rosas','publish',NULL,0,NULL,NULL,NULL,NULL,NULL,90,0,NULL,0,NULL,NULL,NULL,NULL,'https://floristeriagheraldin.com/wp-content/uploads/2023/05/ramo_18_rosas.jpg-3024x3024-1-scaled.jpg',NULL,'16853','featured-image',NULL,NULL,'https://floristeriagheraldin.com/wp-content/uploads/2023/05/ramo_18_rosas.jpg-3024x3024-1-scaled.jpg','16853','featured-image','{\"width\":2560,\"height\":2560,\"filesize\":369746,\"url\":\"https://floristeriagheraldin.com/wp-content/uploads/2023/05/ramo_18_rosas.jpg-3024x3024-1-scaled.jpg\",\"path\":\"/var/www/vhosts/floristeriagheraldin.com/public_html/wp-content/uploads/2023/05/ramo_18_rosas.jpg-3024x3024-1-scaled.jpg\",\"size\":\"full\",\"id\":16853,\"alt\":\"\",\"pixels\":6553600,\"type\":\"image/jpeg\"}',0,12,NULL,'2023-05-29 16:53:22','2023-08-18 20:22:48',1,NULL,NULL,NULL,NULL,0,1,2,'2023-07-14 17:48:06','2023-05-27 17:13:47',0),(136,'https://floristeriagheraldin.com/producto/arreglo-floral-jardin-surtido/','72:1b3d933a163fcb4e337ffcacb09b9288',15729,'post','product',1,0,NULL,NULL,'Arreglo floral jardin surtido','publish',NULL,0,NULL,NULL,NULL,NULL,NULL,0,0,NULL,0,NULL,NULL,NULL,NULL,'https://floristeriagheraldin.com/wp-content/uploads/2023/05/Jardin_rosas_y-lirios.jpg.jpeg',NULL,'15691','featured-image',NULL,NULL,'https://floristeriagheraldin.com/wp-content/uploads/2023/05/Jardin_rosas_y-lirios.jpg.jpeg','15691','featured-image','{\"width\":1512,\"height\":1512,\"filesize\":272675,\"url\":\"https://floristeriagheraldin.com/wp-content/uploads/2023/05/Jardin_rosas_y-lirios.jpg.jpeg\",\"path\":\"/var/www/vhosts/floristeriagheraldin.com/public_html/wp-content/uploads/2023/05/Jardin_rosas_y-lirios.jpg.jpeg\",\"size\":\"full\",\"id\":15691,\"alt\":\"\",\"pixels\":2286144,\"type\":\"image/jpeg\"}',0,2,NULL,'2023-05-29 16:53:22','2023-08-11 14:35:11',1,NULL,NULL,NULL,NULL,0,NULL,2,'2023-05-30 20:06:28','2023-05-27 17:13:47',0),(137,'https://floristeriagheraldin.com/producto/arreglo-floral-jardin-de-rosas-y-girasoles/','85:8ea561ea1eb7125d98fabd8c3b8ca70b',15731,'post','product',1,0,NULL,NULL,'Arreglo floral jardin de rosas y girasoles','publish',NULL,0,NULL,NULL,NULL,NULL,NULL,90,0,NULL,0,NULL,NULL,NULL,NULL,'https://floristeriagheraldin.com/wp-content/uploads/2023/05/Jardin_rosas_y_girasoles.jpg-2256x2256-1.jpg',NULL,'16863','featured-image',NULL,NULL,'https://floristeriagheraldin.com/wp-content/uploads/2023/05/Jardin_rosas_y_girasoles.jpg-2256x2256-1.jpg','16863','featured-image','{\"width\":2256,\"height\":2256,\"filesize\":747083,\"url\":\"https://floristeriagheraldin.com/wp-content/uploads/2023/05/Jardin_rosas_y_girasoles.jpg-2256x2256-1.jpg\",\"path\":\"/var/www/vhosts/floristeriagheraldin.com/public_html/wp-content/uploads/2023/05/Jardin_rosas_y_girasoles.jpg-2256x2256-1.jpg\",\"size\":\"full\",\"id\":16863,\"alt\":\"\",\"pixels\":5089536,\"type\":\"image/jpeg\"}',0,2,NULL,'2023-05-29 16:53:22','2023-08-11 14:34:59',1,NULL,NULL,NULL,NULL,0,1,2,'2023-07-14 18:12:54','2023-05-27 17:13:47',0),(138,'https://floristeriagheraldin.com/producto/arreglo-floral-jardin-con-chocolates/','79:f3383d03d16352a7a179292f94f596b7',15733,'post','product',1,0,NULL,NULL,'Arreglo floral jardin con chocolates','publish',NULL,0,NULL,NULL,NULL,NULL,NULL,90,0,NULL,0,NULL,NULL,NULL,NULL,'https://floristeriagheraldin.com/wp-content/uploads/2023/05/Jardin_rosas_globos_y_chocolates.jpg-2424x2424-1.jpg',NULL,'16862','featured-image',NULL,NULL,'https://floristeriagheraldin.com/wp-content/uploads/2023/05/Jardin_rosas_globos_y_chocolates.jpg-2424x2424-1.jpg','16862','featured-image','{\"width\":2424,\"height\":2424,\"filesize\":967211,\"url\":\"https://floristeriagheraldin.com/wp-content/uploads/2023/05/Jardin_rosas_globos_y_chocolates.jpg-2424x2424-1.jpg\",\"path\":\"/var/www/vhosts/floristeriagheraldin.com/public_html/wp-content/uploads/2023/05/Jardin_rosas_globos_y_chocolates.jpg-2424x2424-1.jpg\",\"size\":\"full\",\"id\":16862,\"alt\":\"\",\"pixels\":5875776,\"type\":\"image/jpeg\"}',0,2,NULL,'2023-05-29 16:53:22','2023-07-14 21:15:23',1,NULL,NULL,NULL,NULL,0,1,2,'2023-07-14 18:12:48','2023-05-27 17:13:47',0),(139,'https://floristeriagheraldin.com/producto/arreglo-floral-de-solo-rosas-rojas/','77:6c5c86c71e6ccfa6b5ef931fe64f4176',15735,'post','product',1,0,NULL,NULL,'Arreglo floral de solo rosas rojas','publish',NULL,0,NULL,NULL,NULL,NULL,NULL,0,0,NULL,0,NULL,NULL,NULL,NULL,'https://floristeriagheraldin.com/wp-content/uploads/2023/05/Ramo_grande_solo_rosas.jpg-2424x2424-1.jpg',NULL,'16861','featured-image',NULL,NULL,'https://floristeriagheraldin.com/wp-content/uploads/2023/05/Ramo_grande_solo_rosas.jpg-2424x2424-1.jpg','16861','featured-image','{\"width\":2424,\"height\":2424,\"filesize\":710704,\"url\":\"https://floristeriagheraldin.com/wp-content/uploads/2023/05/Ramo_grande_solo_rosas.jpg-2424x2424-1.jpg\",\"path\":\"/var/www/vhosts/floristeriagheraldin.com/public_html/wp-content/uploads/2023/05/Ramo_grande_solo_rosas.jpg-2424x2424-1.jpg\",\"size\":\"full\",\"id\":16861,\"alt\":\"\",\"pixels\":5875776,\"type\":\"image/jpeg\"}',0,2,NULL,'2023-05-29 16:53:22','2023-08-11 14:35:00',1,NULL,NULL,NULL,NULL,0,1,2,'2023-07-14 18:12:45','2023-05-27 17:13:47',0),(140,'https://floristeriagheraldin.com/producto/arreglo-floral-de-2-tiempos/','70:57883de155e76d33e67665154d7acf08',15737,'post','product',1,0,NULL,NULL,'Arreglo floral de 2 tiempos','publish',NULL,0,NULL,NULL,NULL,NULL,NULL,0,0,NULL,0,NULL,NULL,NULL,NULL,'https://floristeriagheraldin.com/wp-content/uploads/2023/05/Ramo_de_2_tiempos.jpg.jpeg',NULL,'15695','featured-image',NULL,NULL,'https://floristeriagheraldin.com/wp-content/uploads/2023/05/Ramo_de_2_tiempos.jpg.jpeg','15695','featured-image','{\"width\":1512,\"height\":1512,\"filesize\":184063,\"url\":\"https://floristeriagheraldin.com/wp-content/uploads/2023/05/Ramo_de_2_tiempos.jpg.jpeg\",\"path\":\"/var/www/vhosts/floristeriagheraldin.com/public_html/wp-content/uploads/2023/05/Ramo_de_2_tiempos.jpg.jpeg\",\"size\":\"full\",\"id\":15695,\"alt\":\"\",\"pixels\":2286144,\"type\":\"image/jpeg\"}',0,6,NULL,'2023-05-29 16:53:22','2023-07-14 21:15:23',1,NULL,NULL,NULL,NULL,0,NULL,2,'2023-05-30 20:06:28','2023-05-27 17:13:47',0),(141,'https://floristeriagheraldin.com/producto/bailarina-de-rosas/','61:32e0e99477767ef69cba627f3f01024b',15739,'post','product',1,0,NULL,NULL,'Bailarina de rosas','publish',NULL,0,NULL,NULL,NULL,NULL,NULL,0,0,NULL,0,NULL,NULL,NULL,NULL,'https://floristeriagheraldin.com/wp-content/uploads/2023/05/Bailarina_de_rosas.jpg.jpeg',NULL,'15676','featured-image',NULL,NULL,'https://floristeriagheraldin.com/wp-content/uploads/2023/05/Bailarina_de_rosas.jpg.jpeg','15676','featured-image','{\"width\":1512,\"height\":1512,\"filesize\":135199,\"url\":\"https://floristeriagheraldin.com/wp-content/uploads/2023/05/Bailarina_de_rosas.jpg.jpeg\",\"path\":\"/var/www/vhosts/floristeriagheraldin.com/public_html/wp-content/uploads/2023/05/Bailarina_de_rosas.jpg.jpeg\",\"size\":\"full\",\"id\":15676,\"alt\":\"\",\"pixels\":2286144,\"type\":\"image/jpeg\"}',0,0,NULL,'2023-05-29 16:53:22','2023-08-11 14:35:03',1,NULL,NULL,NULL,NULL,0,NULL,2,'2023-05-30 20:06:29','2023-05-27 17:13:47',0),(142,'https://floristeriagheraldin.com/producto/funebre-pedestal/','59:d4eb9f5ee18faf5b82b01603ab6997b7',15741,'post','product',1,0,NULL,NULL,'Funebre pedestal','publish',NULL,0,NULL,NULL,NULL,NULL,NULL,0,0,NULL,0,NULL,NULL,NULL,NULL,'https://floristeriagheraldin.com/wp-content/uploads/2023/05/Funebre_pedestal_rosas_y_margaritas.jpg.jpeg',NULL,'15685','featured-image',NULL,NULL,'https://floristeriagheraldin.com/wp-content/uploads/2023/05/Funebre_pedestal_rosas_y_margaritas.jpg.jpeg','15685','featured-image','{\"width\":1512,\"height\":1512,\"filesize\":217105,\"url\":\"https://floristeriagheraldin.com/wp-content/uploads/2023/05/Funebre_pedestal_rosas_y_margaritas.jpg.jpeg\",\"path\":\"/var/www/vhosts/floristeriagheraldin.com/public_html/wp-content/uploads/2023/05/Funebre_pedestal_rosas_y_margaritas.jpg.jpeg\",\"size\":\"full\",\"id\":15685,\"alt\":\"\",\"pixels\":2286144,\"type\":\"image/jpeg\"}',0,2,NULL,'2023-05-29 16:53:22','2023-07-13 23:10:08',1,NULL,NULL,NULL,NULL,0,NULL,2,'2023-05-30 20:06:29','2023-05-27 17:13:47',0),(143,'https://floristeriagheraldin.com/producto/funebre-pedestal-en-rosas/','68:8fee9399b159a3c8942bd6c94ed841db',15743,'post','product',1,0,NULL,NULL,'Funebre pedestal en rosas','publish',NULL,0,NULL,NULL,NULL,NULL,NULL,0,0,NULL,0,NULL,NULL,NULL,NULL,'https://floristeriagheraldin.com/wp-content/uploads/2023/05/Funebre_pedestal_de_rosas.jpg.jpeg',NULL,'15682','featured-image',NULL,NULL,'https://floristeriagheraldin.com/wp-content/uploads/2023/05/Funebre_pedestal_de_rosas.jpg.jpeg','15682','featured-image','{\"width\":1512,\"height\":1512,\"filesize\":191013,\"url\":\"https://floristeriagheraldin.com/wp-content/uploads/2023/05/Funebre_pedestal_de_rosas.jpg.jpeg\",\"path\":\"/var/www/vhosts/floristeriagheraldin.com/public_html/wp-content/uploads/2023/05/Funebre_pedestal_de_rosas.jpg.jpeg\",\"size\":\"full\",\"id\":15682,\"alt\":\"\",\"pixels\":2286144,\"type\":\"image/jpeg\"}',0,2,NULL,'2023-05-29 16:53:22','2023-08-11 14:34:59',1,NULL,NULL,NULL,NULL,0,NULL,2,'2023-05-30 20:06:29','2023-05-27 17:13:47',0),(144,'https://floristeriagheraldin.com/producto/funebre-pedestal-amarillo/','68:d051ddb2bf5902c3b9fb44aef1a93cc0',15745,'post','product',1,0,NULL,NULL,'Funebre pedestal amarillo','publish',NULL,0,NULL,NULL,NULL,NULL,NULL,90,0,NULL,0,NULL,NULL,NULL,NULL,'https://floristeriagheraldin.com/wp-content/uploads/2023/05/Funebre_pedestal_amarillo.jpg-3024x3024-1-scaled.jpg',NULL,'16858','featured-image',NULL,NULL,'https://floristeriagheraldin.com/wp-content/uploads/2023/05/Funebre_pedestal_amarillo.jpg-3024x3024-1-scaled.jpg','16858','featured-image','{\"width\":2560,\"height\":2560,\"filesize\":430733,\"url\":\"https://floristeriagheraldin.com/wp-content/uploads/2023/05/Funebre_pedestal_amarillo.jpg-3024x3024-1-scaled.jpg\",\"path\":\"/var/www/vhosts/floristeriagheraldin.com/public_html/wp-content/uploads/2023/05/Funebre_pedestal_amarillo.jpg-3024x3024-1-scaled.jpg\",\"size\":\"full\",\"id\":16858,\"alt\":\"\",\"pixels\":6553600,\"type\":\"image/jpeg\"}',0,6,NULL,'2023-05-29 16:53:22','2023-08-18 20:22:52',1,NULL,NULL,NULL,NULL,0,1,2,'2023-07-14 17:50:07','2023-05-27 17:13:47',0),(145,'https://floristeriagheraldin.com/producto/funebre-pedestal-rojo-y-blanco/','73:3c34e264507bd2bf9c264b79d3a456a5',15747,'post','product',1,0,NULL,NULL,'Funebre pedestal rojo y blanco','publish',NULL,0,NULL,NULL,NULL,NULL,NULL,0,0,NULL,0,NULL,NULL,NULL,NULL,'https://floristeriagheraldin.com/wp-content/uploads/2023/05/Funebre_pedestal_rojo.jpg.jpeg',NULL,'15683','featured-image',NULL,NULL,'https://floristeriagheraldin.com/wp-content/uploads/2023/05/Funebre_pedestal_rojo.jpg.jpeg','15683','featured-image','{\"width\":1512,\"height\":1512,\"filesize\":196681,\"url\":\"https://floristeriagheraldin.com/wp-content/uploads/2023/05/Funebre_pedestal_rojo.jpg.jpeg\",\"path\":\"/var/www/vhosts/floristeriagheraldin.com/public_html/wp-content/uploads/2023/05/Funebre_pedestal_rojo.jpg.jpeg\",\"size\":\"full\",\"id\":15683,\"alt\":\"\",\"pixels\":2286144,\"type\":\"image/jpeg\"}',0,2,NULL,'2023-05-29 16:53:22','2023-07-12 20:06:30',1,NULL,NULL,NULL,NULL,0,NULL,2,'2023-05-30 20:06:29','2023-05-27 17:13:47',0),(146,'https://floristeriagheraldin.com/producto/funebre-pequeno-blanco/','65:f300d0ebc80ea8c7dc23949d812f0e0f',15749,'post','product',1,0,NULL,NULL,'Funebre pequeño blanco','publish',NULL,0,NULL,NULL,NULL,NULL,NULL,90,0,NULL,0,NULL,NULL,NULL,NULL,'https://floristeriagheraldin.com/wp-content/uploads/2023/05/Funebre_pequeno_blanco.jpg-2100x2100-1.jpg',NULL,'16857','featured-image',NULL,NULL,'https://floristeriagheraldin.com/wp-content/uploads/2023/05/Funebre_pequeno_blanco.jpg-2100x2100-1.jpg','16857','featured-image','{\"width\":2100,\"height\":2100,\"filesize\":611175,\"url\":\"https://floristeriagheraldin.com/wp-content/uploads/2023/05/Funebre_pequeno_blanco.jpg-2100x2100-1.jpg\",\"path\":\"/var/www/vhosts/floristeriagheraldin.com/public_html/wp-content/uploads/2023/05/Funebre_pequeno_blanco.jpg-2100x2100-1.jpg\",\"size\":\"full\",\"id\":16857,\"alt\":\"\",\"pixels\":4410000,\"type\":\"image/jpeg\"}',0,0,NULL,'2023-05-29 16:53:22','2023-07-14 19:32:51',1,NULL,NULL,NULL,NULL,0,1,2,'2023-07-14 17:49:23','2023-05-27 17:13:47',0),(147,'https://floristeriagheraldin.com/producto/ramo-pequeno-rosas/','61:90ef5bfc3cc41c017fa27b1a0903dbb6',15751,'post','product',1,0,NULL,NULL,'Ramo pequeño rosas','publish',NULL,0,NULL,NULL,NULL,NULL,NULL,0,0,NULL,0,NULL,NULL,NULL,NULL,'https://floristeriagheraldin.com/wp-content/uploads/2023/05/Ramo_pequeno_rosas_surtidas.jpg.jpeg',NULL,'15705','featured-image',NULL,NULL,'https://floristeriagheraldin.com/wp-content/uploads/2023/05/Ramo_pequeno_rosas_surtidas.jpg.jpeg','15705','featured-image','{\"width\":1512,\"height\":1512,\"filesize\":135936,\"url\":\"https://floristeriagheraldin.com/wp-content/uploads/2023/05/Ramo_pequeno_rosas_surtidas.jpg.jpeg\",\"path\":\"/var/www/vhosts/floristeriagheraldin.com/public_html/wp-content/uploads/2023/05/Ramo_pequeno_rosas_surtidas.jpg.jpeg\",\"size\":\"full\",\"id\":15705,\"alt\":\"\",\"pixels\":2286144,\"type\":\"image/jpeg\"}',0,0,NULL,'2023-05-29 16:53:25','2023-07-13 22:24:35',1,NULL,NULL,NULL,NULL,0,NULL,2,'2023-05-30 20:06:31','2023-05-27 17:13:51',0),(148,'https://floristeriagheraldin.com/producto/ramo-pequeno-surtido/','63:f180042a61937c923b3e7b1d5631c25e',15753,'post','product',1,0,NULL,NULL,'Ramo pequeño surtido','publish',NULL,0,NULL,NULL,NULL,NULL,NULL,90,0,NULL,0,NULL,NULL,NULL,NULL,'https://floristeriagheraldin.com/wp-content/uploads/2023/05/Ramo_pequeno_surtido.jpg.jpeg',NULL,'15707','featured-image',NULL,NULL,'https://floristeriagheraldin.com/wp-content/uploads/2023/05/Ramo_pequeno_surtido.jpg.jpeg','15707','featured-image','{\"width\":1512,\"height\":1512,\"filesize\":177522,\"url\":\"https://floristeriagheraldin.com/wp-content/uploads/2023/05/Ramo_pequeno_surtido.jpg.jpeg\",\"path\":\"/var/www/vhosts/floristeriagheraldin.com/public_html/wp-content/uploads/2023/05/Ramo_pequeno_surtido.jpg.jpeg\",\"size\":\"full\",\"id\":15707,\"alt\":\"\",\"pixels\":2286144,\"type\":\"image/jpeg\"}',0,8,NULL,'2023-05-29 16:53:25','2023-08-18 20:22:48',1,NULL,NULL,NULL,NULL,0,1,2,'2023-06-05 22:36:45','2023-05-27 17:13:51',0),(149,'https://floristeriagheraldin.com/producto/funebre-pedestal-blanco-y-blanco/','75:63724bd534b2f4bf046d73a3fc273b53',15755,'post','product',1,0,NULL,NULL,'Funebre pedestal blanco y blanco','publish',NULL,0,NULL,NULL,NULL,NULL,NULL,0,0,NULL,0,NULL,NULL,NULL,NULL,'https://floristeriagheraldin.com/wp-content/uploads/2023/05/Funebre_pedestal_con_rosado.jpg.jpeg',NULL,'15680','featured-image',NULL,NULL,'https://floristeriagheraldin.com/wp-content/uploads/2023/05/Funebre_pedestal_con_rosado.jpg.jpeg','15680','featured-image','{\"width\":1512,\"height\":1512,\"filesize\":207449,\"url\":\"https://floristeriagheraldin.com/wp-content/uploads/2023/05/Funebre_pedestal_con_rosado.jpg.jpeg\",\"path\":\"/var/www/vhosts/floristeriagheraldin.com/public_html/wp-content/uploads/2023/05/Funebre_pedestal_con_rosado.jpg.jpeg\",\"size\":\"full\",\"id\":15680,\"alt\":\"\",\"pixels\":2286144,\"type\":\"image/jpeg\"}',0,2,NULL,'2023-05-29 16:53:25','2023-08-18 19:27:53',1,NULL,NULL,NULL,NULL,0,NULL,2,'2023-05-30 20:06:31','2023-05-27 17:13:51',0),(150,'https://floristeriagheraldin.com/producto/arreglos-floral-30-rosas/','67:b0be03f3613b1d0ec0e7cc9d8968f6d3',15757,'post','product',1,0,NULL,NULL,'Arreglos floral 30 rosas','publish',NULL,0,NULL,NULL,NULL,NULL,NULL,90,0,NULL,0,NULL,NULL,NULL,NULL,'https://floristeriagheraldin.com/wp-content/uploads/2023/05/Ramo_con_rosas_y_lirios.jpg.jpeg',NULL,'15694','featured-image',NULL,NULL,'https://floristeriagheraldin.com/wp-content/uploads/2023/05/Ramo_con_rosas_y_lirios.jpg.jpeg','15694','featured-image','{\"width\":1512,\"height\":1512,\"filesize\":189161,\"url\":\"https://floristeriagheraldin.com/wp-content/uploads/2023/05/Ramo_con_rosas_y_lirios.jpg.jpeg\",\"path\":\"/var/www/vhosts/floristeriagheraldin.com/public_html/wp-content/uploads/2023/05/Ramo_con_rosas_y_lirios.jpg.jpeg\",\"size\":\"full\",\"id\":15694,\"alt\":\"\",\"pixels\":2286144,\"type\":\"image/jpeg\"}',0,0,NULL,'2023-05-29 16:53:25','2023-08-18 19:27:52',1,NULL,NULL,NULL,NULL,0,1,2,'2023-05-30 20:06:31','2023-05-27 17:13:51',0),(151,'https://floristeriagheraldin.com/producto/funebre-pedestal-blanco/','66:6c644c994626a7f5d429e6c5cc3c8b1c',15759,'post','product',1,0,NULL,NULL,'Funebre pedestal blanco','publish',NULL,0,NULL,NULL,NULL,NULL,NULL,90,0,NULL,0,NULL,NULL,NULL,NULL,'https://floristeriagheraldin.com/wp-content/uploads/2023/05/Funebre_pedestal_blanco_002.jpg-2400x2400-1.jpg',NULL,'16834','featured-image',NULL,NULL,'https://floristeriagheraldin.com/wp-content/uploads/2023/05/Funebre_pedestal_blanco_002.jpg-2400x2400-1.jpg','16834','featured-image','{\"width\":2400,\"height\":2400,\"filesize\":827463,\"url\":\"https://floristeriagheraldin.com/wp-content/uploads/2023/05/Funebre_pedestal_blanco_002.jpg-2400x2400-1.jpg\",\"path\":\"/var/www/vhosts/floristeriagheraldin.com/public_html/wp-content/uploads/2023/05/Funebre_pedestal_blanco_002.jpg-2400x2400-1.jpg\",\"size\":\"full\",\"id\":16834,\"alt\":\"\",\"pixels\":5760000,\"type\":\"image/jpeg\"}',0,6,NULL,'2023-05-29 16:53:25','2023-08-18 20:22:48',1,NULL,NULL,NULL,NULL,0,1,2,'2023-07-14 17:21:13','2023-05-27 17:13:51',0),(152,'https://floristeriagheraldin.com/producto/arreglo-floral-de-rosas-con-peluche/','78:d79d83be569def8fb7d4bb8edae3f0ea',15761,'post','product',1,0,NULL,NULL,'Arreglo floral de rosas con peluche','publish',NULL,0,NULL,NULL,NULL,NULL,NULL,0,0,NULL,0,NULL,NULL,NULL,NULL,'https://floristeriagheraldin.com/wp-content/uploads/2023/05/Ramo_rosas_con_peluche.jpg.jpeg',NULL,'15708','featured-image',NULL,NULL,'https://floristeriagheraldin.com/wp-content/uploads/2023/05/Ramo_rosas_con_peluche.jpg.jpeg','15708','featured-image','{\"width\":1512,\"height\":1512,\"filesize\":175090,\"url\":\"https://floristeriagheraldin.com/wp-content/uploads/2023/05/Ramo_rosas_con_peluche.jpg.jpeg\",\"path\":\"/var/www/vhosts/floristeriagheraldin.com/public_html/wp-content/uploads/2023/05/Ramo_rosas_con_peluche.jpg.jpeg\",\"size\":\"full\",\"id\":15708,\"alt\":\"\",\"pixels\":2286144,\"type\":\"image/jpeg\"}',0,4,NULL,'2023-05-29 16:53:25','2023-07-14 21:15:23',1,NULL,NULL,NULL,NULL,0,NULL,2,'2023-05-30 20:06:31','2023-05-27 17:13:51',0),(153,'https://floristeriagheraldin.com/producto/funebre-de-rosas-blancas-y-margaritas/','80:549dbdf17a6cd6608034f69f8a39fd89',15763,'post','product',1,0,NULL,NULL,'Funebre de rosas blancas y margaritas','publish',NULL,0,NULL,NULL,NULL,NULL,NULL,90,0,NULL,0,NULL,NULL,NULL,NULL,'https://floristeriagheraldin.com/wp-content/uploads/2023/05/Funebre_rosas_y_margaritas_003.jpg.jpeg',NULL,'15687','featured-image',NULL,NULL,'https://floristeriagheraldin.com/wp-content/uploads/2023/05/Funebre_rosas_y_margaritas_003.jpg.jpeg','15687','featured-image','{\"width\":1512,\"height\":1512,\"filesize\":189088,\"url\":\"https://floristeriagheraldin.com/wp-content/uploads/2023/05/Funebre_rosas_y_margaritas_003.jpg.jpeg\",\"path\":\"/var/www/vhosts/floristeriagheraldin.com/public_html/wp-content/uploads/2023/05/Funebre_rosas_y_margaritas_003.jpg.jpeg\",\"size\":\"full\",\"id\":15687,\"alt\":\"\",\"pixels\":2286144,\"type\":\"image/jpeg\"}',0,2,NULL,'2023-05-29 16:53:25','2023-08-18 19:27:53',1,NULL,NULL,NULL,NULL,0,1,2,'2023-06-05 22:36:45','2023-05-27 17:13:51',0),(154,'https://floristeriagheraldin.com/producto/arreglo-floral-pequeno-bailarina/','75:02536e3d61d697f6e5c861f08023c589',15765,'post','product',1,0,NULL,NULL,'Arreglo floral pequeño bailarina','publish',NULL,0,NULL,NULL,NULL,NULL,NULL,90,0,NULL,0,NULL,NULL,NULL,NULL,'https://floristeriagheraldin.com/wp-content/uploads/2023/05/Ramo_pequeno_bailarina.jpg.jpeg',NULL,'15701','featured-image',NULL,NULL,'https://floristeriagheraldin.com/wp-content/uploads/2023/05/Ramo_pequeno_bailarina.jpg.jpeg','15701','featured-image','{\"width\":1512,\"height\":1512,\"filesize\":161842,\"url\":\"https://floristeriagheraldin.com/wp-content/uploads/2023/05/Ramo_pequeno_bailarina.jpg.jpeg\",\"path\":\"/var/www/vhosts/floristeriagheraldin.com/public_html/wp-content/uploads/2023/05/Ramo_pequeno_bailarina.jpg.jpeg\",\"size\":\"full\",\"id\":15701,\"alt\":\"\",\"pixels\":2286144,\"type\":\"image/jpeg\"}',0,0,NULL,'2023-05-29 16:53:26','2023-07-14 21:15:23',1,NULL,NULL,NULL,NULL,0,1,2,'2023-07-14 17:21:16','2023-05-27 17:13:51',0),(155,'https://floristeriagheraldin.com/producto/bouquet-60-rosas/','59:64e6212eed7d18cd78f4b980fa1f7a71',15767,'post','product',1,0,NULL,NULL,'Bouquet 60 rosas','publish',NULL,0,NULL,NULL,NULL,NULL,NULL,90,0,NULL,0,NULL,NULL,NULL,NULL,'https://floristeriagheraldin.com/wp-content/uploads/2023/05/Bouquet_-60_rosas.jpg.jpeg',NULL,'15677','featured-image',NULL,NULL,'https://floristeriagheraldin.com/wp-content/uploads/2023/05/Bouquet_-60_rosas.jpg.jpeg','15677','featured-image','{\"width\":1512,\"height\":1512,\"filesize\":103962,\"url\":\"https://floristeriagheraldin.com/wp-content/uploads/2023/05/Bouquet_-60_rosas.jpg.jpeg\",\"path\":\"/var/www/vhosts/floristeriagheraldin.com/public_html/wp-content/uploads/2023/05/Bouquet_-60_rosas.jpg.jpeg\",\"size\":\"full\",\"id\":15677,\"alt\":\"\",\"pixels\":2286144,\"type\":\"image/jpeg\"}',0,2,NULL,'2023-05-29 16:53:26','2023-07-14 22:05:50',1,NULL,NULL,NULL,NULL,0,1,2,'2023-07-14 17:21:14','2023-05-27 17:13:51',0),(156,'https://floristeriagheraldin.com/producto/ramo-de-rosas-para-nacimiento/','72:51e2e52669e9b295110d1fb5fb139a8c',15769,'post','product',1,0,NULL,NULL,'Ramo de rosas para nacimiento','publish',NULL,0,NULL,NULL,NULL,NULL,NULL,90,0,NULL,0,NULL,NULL,NULL,NULL,'https://floristeriagheraldin.com/wp-content/uploads/2023/05/Ramo_pequeno_nacimiento.jpg-3024x3024-1-scaled.jpg',NULL,'16832','featured-image',NULL,NULL,'https://floristeriagheraldin.com/wp-content/uploads/2023/05/Ramo_pequeno_nacimiento.jpg-3024x3024-1-scaled.jpg','16832','featured-image','{\"width\":2560,\"height\":2560,\"filesize\":411180,\"url\":\"https://floristeriagheraldin.com/wp-content/uploads/2023/05/Ramo_pequeno_nacimiento.jpg-3024x3024-1-scaled.jpg\",\"path\":\"/var/www/vhosts/floristeriagheraldin.com/public_html/wp-content/uploads/2023/05/Ramo_pequeno_nacimiento.jpg-3024x3024-1-scaled.jpg\",\"size\":\"full\",\"id\":16832,\"alt\":\"\",\"pixels\":6553600,\"type\":\"image/jpeg\"}',0,0,NULL,'2023-05-29 16:53:26','2023-08-18 20:22:49',1,NULL,NULL,NULL,NULL,0,1,2,'2023-07-14 17:21:11','2023-05-27 17:13:51',0),(157,'https://floristeriagheraldin.com/producto/ramo-pequeno-de-36-rosas/','67:da367ed5031787b6fef26608aa4a9ba5',15771,'post','product',1,0,NULL,NULL,'Ramo pequeño de 36 rosas','publish',NULL,0,NULL,NULL,NULL,NULL,NULL,90,0,NULL,0,NULL,NULL,NULL,NULL,'https://floristeriagheraldin.com/wp-content/uploads/2023/05/Ramo_pequeno_36_rosas.jpg-3024x3024-1-scaled.jpg',NULL,'16831','featured-image',NULL,NULL,'https://floristeriagheraldin.com/wp-content/uploads/2023/05/Ramo_pequeno_36_rosas.jpg-3024x3024-1-scaled.jpg','16831','featured-image','{\"width\":2560,\"height\":2560,\"filesize\":409298,\"url\":\"https://floristeriagheraldin.com/wp-content/uploads/2023/05/Ramo_pequeno_36_rosas.jpg-3024x3024-1-scaled.jpg\",\"path\":\"/var/www/vhosts/floristeriagheraldin.com/public_html/wp-content/uploads/2023/05/Ramo_pequeno_36_rosas.jpg-3024x3024-1-scaled.jpg\",\"size\":\"full\",\"id\":16831,\"alt\":\"\",\"pixels\":6553600,\"type\":\"image/jpeg\"}',0,0,NULL,'2023-05-29 16:53:26','2023-08-18 20:22:49',1,NULL,NULL,NULL,NULL,0,1,2,'2023-07-14 17:18:17','2023-05-27 17:13:51',0),(158,'https://floristeriagheraldin.com/producto/ramo-pequeno-corcel-de-rosas/','71:d71ec652ae7553c0f9914a8e99dcc37f',15773,'post','product',1,0,NULL,NULL,'Ramo pequeño corcel de rosas','publish',NULL,0,NULL,NULL,NULL,NULL,NULL,90,0,NULL,0,NULL,NULL,NULL,NULL,'https://floristeriagheraldin.com/wp-content/uploads/2023/05/Ramo_pequeno_corcel_rosas.jpg-3024x3024-1-scaled.jpg',NULL,'16828','featured-image',NULL,NULL,'https://floristeriagheraldin.com/wp-content/uploads/2023/05/Ramo_pequeno_corcel_rosas.jpg-3024x3024-1-scaled.jpg','16828','featured-image','{\"width\":2560,\"height\":2560,\"filesize\":306686,\"url\":\"https://floristeriagheraldin.com/wp-content/uploads/2023/05/Ramo_pequeno_corcel_rosas.jpg-3024x3024-1-scaled.jpg\",\"path\":\"/var/www/vhosts/floristeriagheraldin.com/public_html/wp-content/uploads/2023/05/Ramo_pequeno_corcel_rosas.jpg-3024x3024-1-scaled.jpg\",\"size\":\"full\",\"id\":16828,\"alt\":\"\",\"pixels\":6553600,\"type\":\"image/jpeg\"}',0,0,NULL,'2023-05-29 16:53:26','2023-08-18 20:21:47',1,NULL,NULL,NULL,NULL,0,1,2,'2023-07-14 17:14:41','2023-05-27 17:13:51',0),(159,'https://floristeriagheraldin.com/producto/funebre-pedestal-rosas-rojas-y-chirozos/','82:d3ba44100bae8a1f8bcc400780a0098f',15775,'post','product',1,0,NULL,NULL,'Funebre pedestal rosas rojas y chirozos','publish',NULL,0,NULL,NULL,NULL,NULL,NULL,0,0,NULL,0,NULL,NULL,NULL,NULL,'https://floristeriagheraldin.com/wp-content/uploads/2023/05/Funebre_pedestal_con_rosas_rojas.jpg.jpeg',NULL,'15681','featured-image',NULL,NULL,'https://floristeriagheraldin.com/wp-content/uploads/2023/05/Funebre_pedestal_con_rosas_rojas.jpg.jpeg','15681','featured-image','{\"width\":1512,\"height\":1512,\"filesize\":167228,\"url\":\"https://floristeriagheraldin.com/wp-content/uploads/2023/05/Funebre_pedestal_con_rosas_rojas.jpg.jpeg\",\"path\":\"/var/www/vhosts/floristeriagheraldin.com/public_html/wp-content/uploads/2023/05/Funebre_pedestal_con_rosas_rojas.jpg.jpeg\",\"size\":\"full\",\"id\":15681,\"alt\":\"\",\"pixels\":2286144,\"type\":\"image/jpeg\"}',0,0,NULL,'2023-05-29 16:53:26','2023-08-11 14:35:11',1,NULL,NULL,NULL,NULL,0,NULL,2,'2023-05-30 20:06:32','2023-05-27 17:13:51',0),(160,'https://floristeriagheraldin.com/producto/funebre-en-rosas-blancas/','67:ec93a485ddefc84b0a76041553ca56ba',15777,'post','product',1,0,NULL,NULL,'Funebre en rosas blancas','publish',NULL,0,NULL,NULL,NULL,NULL,NULL,90,0,NULL,0,NULL,NULL,NULL,NULL,'https://floristeriagheraldin.com/wp-content/uploads/2023/05/Funebre_pedestal_rosas_blancas.jpg.jpeg',NULL,'15684','featured-image',NULL,NULL,'https://floristeriagheraldin.com/wp-content/uploads/2023/05/Funebre_pedestal_rosas_blancas.jpg.jpeg','15684','featured-image','{\"width\":1512,\"height\":1512,\"filesize\":150109,\"url\":\"https://floristeriagheraldin.com/wp-content/uploads/2023/05/Funebre_pedestal_rosas_blancas.jpg.jpeg\",\"path\":\"/var/www/vhosts/floristeriagheraldin.com/public_html/wp-content/uploads/2023/05/Funebre_pedestal_rosas_blancas.jpg.jpeg\",\"size\":\"full\",\"id\":15684,\"alt\":\"\",\"pixels\":2286144,\"type\":\"image/jpeg\"}',0,2,NULL,'2023-05-29 16:53:26','2023-08-11 14:35:11',1,NULL,NULL,NULL,NULL,0,1,2,'2023-06-05 22:36:46','2023-05-27 17:13:51',0),(173,'https://floristeriagheraldin.com/?woodmart_sidebar=posts-in-menu','64:e543adf5ded9b1faa69b97386f51207c',8378,'post','woodmart_sidebar',1,0,NULL,NULL,'Posts in menu','publish',NULL,0,NULL,NULL,NULL,NULL,NULL,0,0,NULL,0,NULL,NULL,NULL,NULL,NULL,NULL,NULL,NULL,NULL,NULL,NULL,NULL,NULL,NULL,0,NULL,NULL,'2023-05-29 16:53:31','2023-05-31 01:17:09',1,NULL,NULL,NULL,NULL,0,NULL,2,'2023-05-27 15:11:37','2021-11-03 14:49:14',0),(174,'https://floristeriagheraldin.com/?woodmart_size_guide=size-and-packaging-guidelines','83:420c170418c09e72f9d95a76a0ffd1f4',838,'post','woodmart_size_guide',1,0,NULL,NULL,'Size and packaging guidelines','publish',NULL,0,NULL,NULL,NULL,NULL,NULL,0,0,NULL,0,NULL,NULL,NULL,NULL,NULL,NULL,NULL,NULL,NULL,NULL,NULL,NULL,NULL,NULL,0,NULL,NULL,'2023-05-29 16:53:31','2023-05-31 01:17:09',1,NULL,NULL,NULL,NULL,0,NULL,2,'2023-05-27 15:06:56','2021-08-31 14:01:10',0),(175,'https://floristeriagheraldin.com/woodmart_slide/flowers-slide-1/','64:63a05a3f333e0836b283847718b3aef9',6021,'post','woodmart_slide',1,0,NULL,NULL,'Flowers slide 1','publish',NULL,0,NULL,NULL,NULL,NULL,NULL,90,0,NULL,0,NULL,NULL,NULL,NULL,'https://floristeriagheraldin.com/wp-content/uploads/2021/10/Banner-web-2-100.jpg',NULL,'16889','featured-image',NULL,NULL,'https://floristeriagheraldin.com/wp-content/uploads/2021/10/Banner-web-2-100.jpg','16889','featured-image','{\"width\":1920,\"height\":620,\"filesize\":1453998,\"url\":\"https://floristeriagheraldin.com/wp-content/uploads/2021/10/Banner-web-2-100.jpg\",\"path\":\"/var/www/vhosts/floristeriagheraldin.com/public_html/wp-content/uploads/2021/10/Banner-web-2-100.jpg\",\"size\":\"full\",\"id\":16889,\"alt\":\"\",\"pixels\":1190400,\"type\":\"image/jpeg\"}',1,NULL,NULL,'2023-05-29 16:53:31','2023-08-18 22:29:32',1,NULL,NULL,NULL,NULL,0,1,2,'2023-08-18 17:29:32','2021-10-21 16:40:36',0),(176,'https://floristeriagheraldin.com/woodmart_slide/flowers-slide-1-2/','66:74e04dd4fe5467e3ab1bd0e7df75f17f',6029,'post','woodmart_slide',1,0,NULL,NULL,'Flowers slide 2','publish',NULL,0,NULL,NULL,NULL,NULL,NULL,90,0,NULL,0,NULL,NULL,NULL,NULL,'https://floristeriagheraldin.com/wp-content/uploads/2021/10/Banner-web-1-100.jpg',NULL,'16892','featured-image',NULL,NULL,'https://floristeriagheraldin.com/wp-content/uploads/2021/10/Banner-web-1-100.jpg','16892','featured-image','{\"width\":1920,\"height\":620,\"filesize\":1499445,\"url\":\"https://floristeriagheraldin.com/wp-content/uploads/2021/10/Banner-web-1-100.jpg\",\"path\":\"/var/www/vhosts/floristeriagheraldin.com/public_html/wp-content/uploads/2021/10/Banner-web-1-100.jpg\",\"size\":\"full\",\"id\":16892,\"alt\":\"\",\"pixels\":1190400,\"type\":\"image/jpeg\"}',1,NULL,NULL,'2023-05-29 16:53:32','2023-07-15 00:23:33',1,NULL,NULL,NULL,NULL,0,1,2,'2023-07-14 20:23:33','2021-10-21 16:46:42',0),(177,'https://floristeriagheraldin.com/?post_type=woodmart_slide&p=6039','65:45c716f71bae4a42b0c0d7cb2d1a35ab',6039,'post','woodmart_slide',1,0,NULL,NULL,'Flowers slide 3','draft',0,0,NULL,NULL,NULL,NULL,NULL,90,0,NULL,0,NULL,NULL,NULL,NULL,'https://floristeriagheraldin.com/wp-content/uploads/2021/10/flowers-slider-3-bg.jpg',NULL,'6040','featured-image',NULL,NULL,'https://floristeriagheraldin.com/wp-content/uploads/2021/10/flowers-slider-3-bg.jpg','6040','featured-image','{\"width\":1920,\"height\":740,\"filesize\":188136,\"url\":\"https://floristeriagheraldin.com/wp-content/uploads/2021/10/flowers-slider-3-bg.jpg\",\"path\":\"/var/www/vhosts/floristeriagheraldin.com/public_html/wp-content/uploads/2021/10/flowers-slider-3-bg.jpg\",\"size\":\"full\",\"id\":6040,\"alt\":\"\",\"pixels\":1420800,\"type\":\"image/jpeg\"}',1,NULL,NULL,'2023-05-29 16:53:32','2023-07-14 23:29:39',1,NULL,NULL,NULL,NULL,0,1,2,'2023-07-14 19:29:39','2021-10-21 16:50:23',0),(178,'https://floristeriagheraldin.com/portafolio/','44:b048dd6aba2a139921ae52f1d2922830',NULL,'post-type-archive','portfolio',NULL,NULL,'%%pt_plural%% archivo %%page%% %%sep%% %%sitename%%','','Portfolio',NULL,1,0,NULL,NULL,NULL,NULL,NULL,NULL,0,0,0,0,0,0,NULL,NULL,NULL,NULL,NULL,NULL,NULL,NULL,NULL,NULL,NULL,NULL,NULL,NULL,'2023-05-29 16:53:37','2023-05-30 03:17:18',1,NULL,NULL,NULL,NULL,0,NULL,2,'2021-08-27 13:32:12','2021-08-27 12:45:07',NULL),(179,'https://floristeriagheraldin.com/shop/','38:ad91838e7580e5c7854e4b6570dcdbdc',NULL,'post-type-archive','product',NULL,NULL,'%%pt_plural%% archivo %%page%% %%sep%% %%sitename%%','','Productos',NULL,1,0,NULL,NULL,NULL,NULL,NULL,NULL,0,0,0,0,0,0,NULL,NULL,NULL,NULL,NULL,NULL,NULL,NULL,NULL,NULL,NULL,NULL,NULL,NULL,'2023-05-29 16:53:37','2023-08-19 01:07:57',1,NULL,NULL,NULL,NULL,0,NULL,2,'2023-08-18 20:07:54','2023-05-27 17:13:47',NULL),(180,NULL,NULL,NULL,'system-page','404',NULL,NULL,'Página no encontrada %%sep%% %%sitename%%',NULL,'Error 404: Página no encontrada',NULL,NULL,0,NULL,NULL,NULL,NULL,NULL,NULL,0,1,0,0,0,0,NULL,NULL,NULL,NULL,NULL,NULL,NULL,NULL,NULL,NULL,NULL,NULL,NULL,NULL,'2023-05-29 16:53:40','2023-05-29 22:36:05',1,NULL,NULL,NULL,NULL,0,NULL,1,NULL,NULL,NULL),(181,NULL,NULL,NULL,'system-page','search-result',NULL,NULL,'Has buscado %%searchphrase%% %%page%% %%sep%% %%sitename%%',NULL,NULL,NULL,NULL,0,NULL,NULL,NULL,NULL,NULL,NULL,0,1,0,0,0,0,NULL,NULL,NULL,NULL,NULL,NULL,NULL,NULL,NULL,NULL,NULL,NULL,NULL,NULL,'2023-05-29 16:53:40','2023-05-30 23:02:38',1,NULL,NULL,NULL,NULL,0,NULL,1,NULL,NULL,NULL),(182,NULL,NULL,NULL,'date-archive',NULL,NULL,NULL,'%%date%% %%page%% %%sep%% %%sitename%%','',NULL,NULL,0,0,NULL,NULL,NULL,NULL,NULL,NULL,0,1,0,0,0,0,NULL,NULL,NULL,NULL,NULL,NULL,NULL,NULL,NULL,NULL,NULL,NULL,NULL,NULL,'2023-05-29 16:53:40','2023-05-30 23:02:38',1,NULL,NULL,NULL,NULL,0,NULL,1,NULL,NULL,NULL),(183,'https://floristeriagheraldin.com/','33:15dc4f75fb3229d4f544363f0937093a',NULL,'home-page',NULL,NULL,NULL,'%%sitename%% %%page%% %%sep%% %%sitedesc%%','Flores que alegran tu día','Portada',NULL,NULL,0,NULL,NULL,NULL,NULL,NULL,NULL,0,0,0,0,0,0,NULL,NULL,NULL,NULL,NULL,'%%sitename%%','','','0',NULL,NULL,NULL,5,NULL,'2023-05-29 16:53:58','2023-08-19 01:22:52',1,NULL,NULL,NULL,NULL,0,NULL,2,'2023-08-18 20:22:50','2021-08-26 13:45:40',NULL),(184,'https://floristeriagheraldin.com/?post_type=product&p=15998','59:4b5ad8b5b5689629f41d2cb62798dd49',15998,'post','product',1,0,NULL,NULL,'Bouquet de rosa blancas y rojas','draft',0,0,NULL,NULL,NULL,NULL,NULL,0,0,NULL,0,NULL,NULL,NULL,NULL,NULL,NULL,NULL,NULL,NULL,NULL,NULL,NULL,NULL,NULL,0,NULL,NULL,'2023-05-30 20:02:10','2023-05-31 00:04:44',1,NULL,NULL,NULL,NULL,0,NULL,2,'2023-05-30 20:04:44','2023-05-30 20:02:10',0),(185,'https://floristeriagheraldin.com/producto/corazon-con-rosas-y-chocolates-2/','75:47949165a353445b0d984e967f3240c1',16000,'post','product',1,0,NULL,NULL,'Corazón con rosas y chocolates','publish',NULL,0,NULL,NULL,NULL,NULL,NULL,90,0,NULL,0,NULL,NULL,NULL,NULL,'https://floristeriagheraldin.com/wp-content/uploads/2023/05/Corazon_18_rosas_16_ferrero.jpg',NULL,'15986','featured-image',NULL,NULL,'https://floristeriagheraldin.com/wp-content/uploads/2023/05/Corazon_18_rosas_16_ferrero.jpg','15986','featured-image','{\"width\":1512,\"height\":1512,\"filesize\":151779,\"url\":\"https://floristeriagheraldin.com/wp-content/uploads/2023/05/Corazon_18_rosas_16_ferrero.jpg\",\"path\":\"/var/www/vhosts/floristeriagheraldin.com/public_html/wp-content/uploads/2023/05/Corazon_18_rosas_16_ferrero.jpg\",\"size\":\"full\",\"id\":15986,\"alt\":\"\",\"pixels\":2286144,\"type\":\"image/jpeg\"}',0,0,NULL,'2023-05-30 20:02:11','2023-07-14 22:05:30',1,NULL,NULL,NULL,NULL,0,1,2,'2023-06-05 22:36:44','2023-05-30 20:02:10',0),(186,'https://floristeriagheraldin.com/etiqueta/colores/','50:16e0803daddbe592c56dfb51c2644791',115,'term','product_tag',NULL,NULL,NULL,NULL,'Colores',NULL,NULL,0,NULL,NULL,NULL,NULL,NULL,NULL,0,NULL,NULL,NULL,NULL,NULL,NULL,NULL,NULL,NULL,NULL,NULL,NULL,NULL,NULL,NULL,NULL,0,NULL,NULL,'2023-05-30 20:02:11','2023-07-14 21:48:06',1,NULL,NULL,NULL,NULL,0,NULL,2,'2023-07-14 17:48:06',NULL,NULL),(187,'https://floristeriagheraldin.com/producto/sembrado-en-rosas-rojas-y-blancas-2/','78:1ccf18442cd1366040840ad792024c35',16002,'post','product',1,0,NULL,NULL,'Sembrado en rosas rojas y blancas','publish',NULL,0,NULL,NULL,NULL,NULL,NULL,90,0,NULL,0,NULL,NULL,NULL,NULL,'https://floristeriagheraldin.com/wp-content/uploads/2023/05/Sembrado_24_rosas_blancas_y_rojas.jpg',NULL,'15972','featured-image',NULL,NULL,'https://floristeriagheraldin.com/wp-content/uploads/2023/05/Sembrado_24_rosas_blancas_y_rojas.jpg','15972','featured-image','{\"width\":1280,\"height\":1280,\"filesize\":100159,\"url\":\"https://floristeriagheraldin.com/wp-content/uploads/2023/05/Sembrado_24_rosas_blancas_y_rojas.jpg\",\"path\":\"/var/www/vhosts/floristeriagheraldin.com/public_html/wp-content/uploads/2023/05/Sembrado_24_rosas_blancas_y_rojas.jpg\",\"size\":\"full\",\"id\":15972,\"alt\":\"\",\"pixels\":1638400,\"type\":\"image/jpeg\"}',0,0,NULL,'2023-05-30 20:02:11','2023-08-18 20:22:52',1,NULL,NULL,NULL,NULL,0,1,2,'2023-06-05 22:36:44','2023-05-30 20:02:10',0),(188,'https://floristeriagheraldin.com/producto/sembrado-de-24-rosas-rojas-2/','71:3468b3a41916a1b325c496041299a0bb',16004,'post','product',1,0,NULL,NULL,'Sembrado de 24 rosas rojas','publish',NULL,0,NULL,NULL,NULL,NULL,NULL,90,0,NULL,0,NULL,NULL,NULL,NULL,'https://floristeriagheraldin.com/wp-content/uploads/2023/05/Sembrado_24_rosas_rojas-2560x2560-1.jpg',NULL,'16825','featured-image',NULL,NULL,'https://floristeriagheraldin.com/wp-content/uploads/2023/05/Sembrado_24_rosas_rojas-2560x2560-1.jpg','16825','featured-image','{\"width\":2560,\"height\":2560,\"filesize\":498428,\"url\":\"https://floristeriagheraldin.com/wp-content/uploads/2023/05/Sembrado_24_rosas_rojas-2560x2560-1.jpg\",\"path\":\"/var/www/vhosts/floristeriagheraldin.com/public_html/wp-content/uploads/2023/05/Sembrado_24_rosas_rojas-2560x2560-1.jpg\",\"size\":\"full\",\"id\":16825,\"alt\":\"\",\"pixels\":6553600,\"type\":\"image/jpeg\"}',0,0,NULL,'2023-05-30 20:02:11','2023-07-14 21:14:16',1,NULL,NULL,NULL,NULL,0,1,2,'2023-07-14 17:14:16','2023-05-30 20:02:10',0),(189,'https://floristeriagheraldin.com/producto/corazon-de-rosas-rojas-y-chocolates-ferrero-2/','88:6b281c82c23c50f54b98db85b7f72063',16006,'post','product',1,0,NULL,NULL,'Corazón de rosas rojas y chocolates ferrero','publish',NULL,0,NULL,NULL,NULL,NULL,NULL,90,0,NULL,0,NULL,NULL,NULL,NULL,'https://floristeriagheraldin.com/wp-content/uploads/2023/05/Corazon_24_rosas_y_caja_de_ferrero-2560x2560-1.jpg',NULL,'16811','featured-image',NULL,NULL,'https://floristeriagheraldin.com/wp-content/uploads/2023/05/Corazon_24_rosas_y_caja_de_ferrero-2560x2560-1.jpg','16811','featured-image','{\"width\":2560,\"height\":2560,\"filesize\":607884,\"url\":\"https://floristeriagheraldin.com/wp-content/uploads/2023/05/Corazon_24_rosas_y_caja_de_ferrero-2560x2560-1.jpg\",\"path\":\"/var/www/vhosts/floristeriagheraldin.com/public_html/wp-content/uploads/2023/05/Corazon_24_rosas_y_caja_de_ferrero-2560x2560-1.jpg\",\"size\":\"full\",\"id\":16811,\"alt\":\"\",\"pixels\":6553600,\"type\":\"image/jpeg\"}',0,0,NULL,'2023-05-30 20:02:11','2023-08-18 19:27:52',1,NULL,NULL,NULL,NULL,0,1,2,'2023-07-14 16:59:32','2023-05-30 20:02:10',0),(190,'https://floristeriagheraldin.com/producto/corazon-de-24-rosas-rojas-2/','70:1b3e6a03647aaa7bf2f85ec67eeacf10',16008,'post','product',1,0,NULL,NULL,'Corazon de 24 rosas rojas','publish',NULL,0,NULL,NULL,NULL,NULL,NULL,90,0,NULL,0,NULL,NULL,NULL,NULL,'https://floristeriagheraldin.com/wp-content/uploads/2023/05/Corazon_base_negra_24_rosas-2400x2400-1.jpg',NULL,'16813','featured-image',NULL,NULL,'https://floristeriagheraldin.com/wp-content/uploads/2023/05/Corazon_base_negra_24_rosas-2400x2400-1.jpg','16813','featured-image','{\"width\":2400,\"height\":2400,\"filesize\":545676,\"url\":\"https://floristeriagheraldin.com/wp-content/uploads/2023/05/Corazon_base_negra_24_rosas-2400x2400-1.jpg\",\"path\":\"/var/www/vhosts/floristeriagheraldin.com/public_html/wp-content/uploads/2023/05/Corazon_base_negra_24_rosas-2400x2400-1.jpg\",\"size\":\"full\",\"id\":16813,\"alt\":\"\",\"pixels\":5760000,\"type\":\"image/jpeg\"}',0,0,NULL,'2023-05-30 20:02:11','2023-07-14 22:05:51',1,NULL,NULL,NULL,NULL,0,1,2,'2023-07-14 17:01:26','2023-05-30 20:02:10',0),(191,'https://floristeriagheraldin.com/producto/sembrado-de-12-rosas-2/','65:fe131c80f02bbc36f7f2fec799a6d33f',16010,'post','product',1,0,NULL,NULL,'Sembrado de 12 rosas','publish',NULL,0,NULL,NULL,NULL,NULL,NULL,90,0,NULL,0,NULL,NULL,NULL,NULL,'https://floristeriagheraldin.com/wp-content/uploads/2023/05/Sembrado_12_rosas_base_cuadrada-1554x1554-1.jpg',NULL,'16826','featured-image',NULL,NULL,'https://floristeriagheraldin.com/wp-content/uploads/2023/05/Sembrado_12_rosas_base_cuadrada-1554x1554-1.jpg','16826','featured-image','{\"width\":1554,\"height\":1554,\"filesize\":319770,\"url\":\"https://floristeriagheraldin.com/wp-content/uploads/2023/05/Sembrado_12_rosas_base_cuadrada-1554x1554-1.jpg\",\"path\":\"/var/www/vhosts/floristeriagheraldin.com/public_html/wp-content/uploads/2023/05/Sembrado_12_rosas_base_cuadrada-1554x1554-1.jpg\",\"size\":\"full\",\"id\":16826,\"alt\":\"\",\"pixels\":2414916,\"type\":\"image/jpeg\"}',0,0,NULL,'2023-05-30 20:02:11','2023-07-14 19:58:57',1,NULL,NULL,NULL,NULL,0,1,2,'2023-07-14 17:13:35','2023-05-30 20:02:10',0),(192,'https://floristeriagheraldin.com/producto/bouquet-de-6-girasoles-chocolates-y-globo-burbuja-2/','94:91e15e70648dccea890505b5cc1d5011',16012,'post','product',1,0,NULL,NULL,'Bouquet de 6 girasoles, chocolates y globo burbuja','publish',NULL,0,NULL,NULL,NULL,NULL,NULL,90,0,NULL,0,NULL,NULL,NULL,NULL,'https://floristeriagheraldin.com/wp-content/uploads/2023/05/Bouquet_6_girasoles_ferrero_y_globo_burbuja-2794x2792-1-scaled.jpg',NULL,'16820','featured-image',NULL,NULL,'https://floristeriagheraldin.com/wp-content/uploads/2023/05/Bouquet_6_girasoles_ferrero_y_globo_burbuja-2794x2792-1-scaled.jpg','16820','featured-image','{\"width\":2560,\"height\":2558,\"filesize\":277071,\"url\":\"https://floristeriagheraldin.com/wp-content/uploads/2023/05/Bouquet_6_girasoles_ferrero_y_globo_burbuja-2794x2792-1-scaled.jpg\",\"path\":\"/var/www/vhosts/floristeriagheraldin.com/public_html/wp-content/uploads/2023/05/Bouquet_6_girasoles_ferrero_y_globo_burbuja-2794x2792-1-scaled.jpg\",\"size\":\"full\",\"id\":16820,\"alt\":\"\",\"pixels\":6548480,\"type\":\"image/jpeg\"}',0,0,NULL,'2023-05-30 20:02:12','2023-08-18 20:20:56',1,NULL,NULL,NULL,NULL,0,1,2,'2023-07-14 17:05:54','2023-05-30 20:02:10',0),(193,'https://floristeriagheraldin.com/producto/bouquet-3-girasoles-8-rosas-2/','72:dd63968d9d7e92bc4e52d5ae1908345e',16014,'post','product',1,0,NULL,NULL,'Bouquet 3 girasoles 8 rosas','publish',NULL,0,NULL,NULL,NULL,NULL,NULL,90,0,NULL,0,NULL,NULL,NULL,NULL,'https://floristeriagheraldin.com/wp-content/uploads/2023/05/bouquet_3girasoles_8rosas.jpg',NULL,'15978','featured-image',NULL,NULL,'https://floristeriagheraldin.com/wp-content/uploads/2023/05/bouquet_3girasoles_8rosas.jpg','15978','featured-image','{\"width\":1512,\"height\":1512,\"filesize\":109084,\"url\":\"https://floristeriagheraldin.com/wp-content/uploads/2023/05/bouquet_3girasoles_8rosas.jpg\",\"path\":\"/var/www/vhosts/floristeriagheraldin.com/public_html/wp-content/uploads/2023/05/bouquet_3girasoles_8rosas.jpg\",\"size\":\"full\",\"id\":15978,\"alt\":\"\",\"pixels\":2286144,\"type\":\"image/jpeg\"}',0,0,NULL,'2023-05-30 20:02:12','2023-07-14 19:19:21',1,NULL,NULL,NULL,NULL,0,1,2,'2023-06-05 22:36:42','2023-05-30 20:02:10',0),(194,'https://floristeriagheraldin.com/?post_type=product&p=16016','59:02c414c0920a9cb600549c16073d765a',16016,'post','product',1,0,NULL,NULL,'Sembrado en base cuadrada con 24 rosas','draft',0,0,NULL,NULL,NULL,NULL,NULL,0,0,NULL,0,NULL,NULL,NULL,NULL,NULL,NULL,NULL,NULL,NULL,NULL,NULL,NULL,NULL,NULL,0,NULL,NULL,'2023-05-30 20:02:12','2023-06-06 02:36:42',1,NULL,NULL,NULL,NULL,0,NULL,2,'2023-06-05 22:36:42','2023-05-30 20:02:10',0),(195,'https://floristeriagheraldin.com/producto/ramo-redondo-de-100-rosas-rojas-2/','76:c0a4101d4ff156dbe6ef324bab4c3d97',16018,'post','product',1,0,NULL,NULL,'Ramo redondo de 100 rosas rojas','publish',NULL,0,NULL,NULL,NULL,NULL,NULL,0,0,NULL,0,NULL,NULL,NULL,NULL,'https://floristeriagheraldin.com/wp-content/uploads/2023/05/Ramo_redondo_100_rosas.jpg-2560x2560-1.jpg',NULL,'16816','featured-image',NULL,NULL,'https://floristeriagheraldin.com/wp-content/uploads/2023/05/Ramo_redondo_100_rosas.jpg-2560x2560-1.jpg','16816','featured-image','{\"width\":2560,\"height\":2560,\"filesize\":905552,\"url\":\"https://floristeriagheraldin.com/wp-content/uploads/2023/05/Ramo_redondo_100_rosas.jpg-2560x2560-1.jpg\",\"path\":\"/var/www/vhosts/floristeriagheraldin.com/public_html/wp-content/uploads/2023/05/Ramo_redondo_100_rosas.jpg-2560x2560-1.jpg\",\"size\":\"full\",\"id\":16816,\"alt\":\"\",\"pixels\":6553600,\"type\":\"image/jpeg\"}',0,0,NULL,'2023-05-30 20:02:12','2023-08-18 19:27:53',1,NULL,NULL,NULL,NULL,0,1,2,'2023-07-14 17:02:15','2023-05-30 20:02:10',0),(196,'https://floristeriagheraldin.com/?post_type=product&p=16020','59:8a5eaba3198b97983e0e98ef289a70e3',16020,'post','product',1,0,NULL,NULL,'Caja decorada con tres girasoles','draft',0,0,NULL,NULL,NULL,NULL,NULL,0,0,NULL,0,NULL,NULL,NULL,NULL,NULL,NULL,NULL,NULL,NULL,NULL,NULL,NULL,NULL,NULL,0,NULL,NULL,'2023-05-30 20:02:12','2023-05-31 00:04:44',1,NULL,NULL,NULL,NULL,0,NULL,2,'2023-05-30 20:04:44','2023-05-30 20:02:10',0),(197,'https://floristeriagheraldin.com/?post_type=product&p=16022','59:2e5eccbd395992212294146f40290129',16022,'post','product',1,0,NULL,NULL,'Caja decorada con 24 rosas y chocolates','draft',0,0,NULL,NULL,NULL,NULL,NULL,0,0,NULL,0,NULL,NULL,NULL,NULL,NULL,NULL,NULL,NULL,NULL,NULL,NULL,NULL,NULL,NULL,0,NULL,NULL,'2023-05-30 20:02:13','2023-06-06 02:36:42',1,NULL,NULL,NULL,NULL,0,NULL,2,'2023-06-05 22:36:42','2023-05-30 20:02:10',0),(198,'https://floristeriagheraldin.com/?post_type=product&p=16024','59:d8d85061ac12f7faec09c70d7d87feea',16024,'post','product',1,0,NULL,NULL,'Caja decorada con 24 rosa y peluche mini','draft',0,0,NULL,NULL,NULL,NULL,NULL,0,0,NULL,0,NULL,NULL,NULL,NULL,NULL,NULL,NULL,NULL,NULL,NULL,NULL,NULL,NULL,NULL,0,NULL,NULL,'2023-05-30 20:02:13','2023-06-06 02:36:42',1,NULL,NULL,NULL,NULL,0,NULL,2,'2023-06-05 22:36:42','2023-05-30 20:02:10',0),(199,'https://floristeriagheraldin.com/?post_type=product&p=16026','59:157c6c6a80591d6ca13d8fbaef95506e',16026,'post','product',1,0,NULL,NULL,'Caja decorada con 24 rosas en dos colores','draft',0,0,NULL,NULL,NULL,NULL,NULL,0,0,NULL,0,NULL,NULL,NULL,NULL,NULL,NULL,NULL,NULL,NULL,NULL,NULL,NULL,NULL,NULL,0,NULL,NULL,'2023-05-30 20:02:13','2023-06-06 02:36:42',1,NULL,NULL,NULL,NULL,0,NULL,2,'2023-06-05 22:36:42','2023-05-30 20:02:10',0),(200,'https://floristeriagheraldin.com/?post_type=product&p=16028','59:5b3ae3838fe279d54ff87a3627cc9204',16028,'post','product',1,0,NULL,NULL,'Bouquet de rosas y ferrero','draft',0,0,NULL,NULL,NULL,NULL,NULL,0,0,NULL,0,NULL,NULL,NULL,NULL,NULL,NULL,NULL,NULL,NULL,NULL,NULL,NULL,NULL,NULL,0,NULL,NULL,'2023-05-30 20:02:13','2023-06-06 02:36:43',1,NULL,NULL,NULL,NULL,0,NULL,2,'2023-06-05 22:36:43','2023-05-30 20:02:10',0),(201,'https://floristeriagheraldin.com/producto/florero-cartuchos-y-rosas/','68:cd06197396048c6086dbf48b64306366',16030,'post','product',1,0,NULL,NULL,'Florero cartuchos y rosas','publish',NULL,0,NULL,NULL,NULL,NULL,NULL,0,0,NULL,0,NULL,NULL,NULL,NULL,'https://floristeriagheraldin.com/wp-content/uploads/2023/05/Jarron_cartuchos_rosas.jpg',NULL,'15996','featured-image',NULL,NULL,'https://floristeriagheraldin.com/wp-content/uploads/2023/05/Jarron_cartuchos_rosas.jpg','15996','featured-image','{\"width\":1512,\"height\":1512,\"filesize\":137690,\"url\":\"https://floristeriagheraldin.com/wp-content/uploads/2023/05/Jarron_cartuchos_rosas.jpg\",\"path\":\"/var/www/vhosts/floristeriagheraldin.com/public_html/wp-content/uploads/2023/05/Jarron_cartuchos_rosas.jpg\",\"size\":\"full\",\"id\":15996,\"alt\":\"\",\"pixels\":2286144,\"type\":\"image/jpeg\"}',0,0,NULL,'2023-05-30 20:02:13','2023-07-14 19:32:52',1,NULL,NULL,NULL,NULL,0,NULL,2,'2023-05-30 20:02:13','2023-05-30 20:02:10',0),(202,'https://floristeriagheraldin.com/categoria/floreros-decorados/','62:e4e086a2bf1364ae77b0077bb254cc7e',116,'term','product_cat',NULL,NULL,NULL,NULL,'Floreros decorados',NULL,NULL,0,NULL,NULL,NULL,NULL,NULL,NULL,0,NULL,NULL,NULL,NULL,NULL,NULL,NULL,NULL,NULL,NULL,NULL,NULL,NULL,NULL,NULL,NULL,0,0,NULL,'2023-05-30 20:02:13','2023-07-14 19:32:52',1,NULL,NULL,NULL,NULL,0,NULL,2,'2023-05-30 20:02:13',NULL,NULL),(203,'https://floristeriagheraldin.com/producto/ramo-de-rosas-para-grado/','67:6cd922a93c25e454b862fc1a445311e7',16032,'post','product',1,0,NULL,NULL,'Ramo de rosas para grado','publish',NULL,0,NULL,NULL,NULL,NULL,NULL,90,0,NULL,0,NULL,NULL,NULL,NULL,'https://floristeriagheraldin.com/wp-content/uploads/2023/05/Ramo_rosas_grado-1836x1836-1.jpg',NULL,'16818','featured-image',NULL,NULL,'https://floristeriagheraldin.com/wp-content/uploads/2023/05/Ramo_rosas_grado-1836x1836-1.jpg','16818','featured-image','{\"width\":1836,\"height\":1836,\"filesize\":467529,\"url\":\"https://floristeriagheraldin.com/wp-content/uploads/2023/05/Ramo_rosas_grado-1836x1836-1.jpg\",\"path\":\"/var/www/vhosts/floristeriagheraldin.com/public_html/wp-content/uploads/2023/05/Ramo_rosas_grado-1836x1836-1.jpg\",\"size\":\"full\",\"id\":16818,\"alt\":\"\",\"pixels\":3370896,\"type\":\"image/jpeg\"}',0,0,NULL,'2023-05-30 20:02:13','2023-08-18 20:21:03',1,NULL,NULL,NULL,NULL,0,1,2,'2023-07-14 17:05:17','2023-05-30 20:02:10',0),(204,'https://floristeriagheraldin.com/categoria/ramo/','48:32f69affc5c48ff5bd38925d22f292b9',117,'term','product_cat',NULL,NULL,NULL,NULL,'Ramo',NULL,NULL,0,NULL,NULL,NULL,NULL,NULL,NULL,0,NULL,NULL,NULL,NULL,NULL,NULL,NULL,NULL,NULL,NULL,NULL,NULL,NULL,NULL,NULL,NULL,0,1,NULL,'2023-05-30 20:02:13','2023-08-18 20:21:02',1,NULL,NULL,NULL,NULL,0,NULL,2,'2023-07-14 17:05:17',NULL,NULL),(205,'https://floristeriagheraldin.com/producto/bouquet-3-girasoles-12-rosas/','71:c128a11109f846b0b83d29a6532424d4',16034,'post','product',1,0,NULL,NULL,'Bouquet 3 girasoles 12 rosas','publish',NULL,0,NULL,NULL,NULL,NULL,NULL,90,0,NULL,0,NULL,NULL,NULL,NULL,'https://floristeriagheraldin.com/wp-content/uploads/2023/05/bouquet_3girasoles_12rosas.jpg',NULL,'15979','featured-image',NULL,NULL,'https://floristeriagheraldin.com/wp-content/uploads/2023/05/bouquet_3girasoles_12rosas.jpg','15979','featured-image','{\"width\":1512,\"height\":1512,\"filesize\":134381,\"url\":\"https://floristeriagheraldin.com/wp-content/uploads/2023/05/bouquet_3girasoles_12rosas.jpg\",\"path\":\"/var/www/vhosts/floristeriagheraldin.com/public_html/wp-content/uploads/2023/05/bouquet_3girasoles_12rosas.jpg\",\"size\":\"full\",\"id\":15979,\"alt\":\"\",\"pixels\":2286144,\"type\":\"image/jpeg\"}',0,0,NULL,'2023-05-30 20:02:14','2023-08-11 14:35:03',1,NULL,NULL,NULL,NULL,0,1,2,'2023-06-05 22:36:43','2023-05-30 20:02:10',0),(206,'https://floristeriagheraldin.com/producto/bouquet-72-rosas-en-yute/','67:5b9a3cedaf93d78a222be7eb3583f0b6',16036,'post','product',1,0,NULL,NULL,'Bouquet 72 rosas en yute','publish',NULL,0,NULL,NULL,NULL,NULL,NULL,90,0,NULL,0,NULL,NULL,NULL,NULL,'https://floristeriagheraldin.com/wp-content/uploads/2023/05/Bouquet_72_rosas_en_yute-2454x2454-1.jpg',NULL,'16819','featured-image',NULL,NULL,'https://floristeriagheraldin.com/wp-content/uploads/2023/05/Bouquet_72_rosas_en_yute-2454x2454-1.jpg','16819','featured-image','{\"width\":2454,\"height\":2454,\"filesize\":808542,\"url\":\"https://floristeriagheraldin.com/wp-content/uploads/2023/05/Bouquet_72_rosas_en_yute-2454x2454-1.jpg\",\"path\":\"/var/www/vhosts/floristeriagheraldin.com/public_html/wp-content/uploads/2023/05/Bouquet_72_rosas_en_yute-2454x2454-1.jpg\",\"size\":\"full\",\"id\":16819,\"alt\":\"\",\"pixels\":6022116,\"type\":\"image/jpeg\"}',0,5,NULL,'2023-05-30 20:02:14','2023-08-18 20:22:49',1,NULL,NULL,NULL,NULL,0,1,2,'2023-07-14 17:05:30','2023-05-30 20:02:10',0),(207,'https://floristeriagheraldin.com/producto/corona-pedestal-tapizada/','67:234fcde7ce2f65b7f9497c56adac1a87',16038,'post','product',1,0,NULL,NULL,'Corona pedestal tapizada','publish',NULL,0,NULL,NULL,NULL,NULL,NULL,90,0,NULL,0,NULL,NULL,NULL,NULL,'https://floristeriagheraldin.com/wp-content/uploads/2023/05/Corona_corcel_de_rosas.jpg',NULL,'15991','featured-image',NULL,NULL,'https://floristeriagheraldin.com/wp-content/uploads/2023/05/Corona_corcel_de_rosas.jpg','15991','featured-image','{\"width\":1280,\"height\":1280,\"filesize\":166056,\"url\":\"https://floristeriagheraldin.com/wp-content/uploads/2023/05/Corona_corcel_de_rosas.jpg\",\"path\":\"/var/www/vhosts/floristeriagheraldin.com/public_html/wp-content/uploads/2023/05/Corona_corcel_de_rosas.jpg\",\"size\":\"full\",\"id\":15991,\"alt\":\"\",\"pixels\":1638400,\"type\":\"image/jpeg\"}',0,0,NULL,'2023-05-30 20:02:16','2023-07-14 22:05:51',1,NULL,NULL,NULL,NULL,0,1,2,'2023-07-14 16:53:18','2023-05-30 20:02:16',0),(208,'https://floristeriagheraldin.com/producto/arreglo-floral-grande-rosas-de-colores-globos-y-chocolates-ferrero/','109:f4be596761f8c763a40664a5c3eb53b7',16040,'post','product',1,0,NULL,NULL,'Arreglo floral grande rosas de colores, globos y chocolates ferrero','publish',NULL,0,NULL,NULL,NULL,NULL,NULL,90,0,NULL,0,NULL,NULL,NULL,NULL,'https://floristeriagheraldin.com/wp-content/uploads/2023/05/Ramo_grande_solo_rosas_de_colores-2044x2044-1.jpg',NULL,'16798','featured-image',NULL,NULL,'https://floristeriagheraldin.com/wp-content/uploads/2023/05/Ramo_grande_solo_rosas_de_colores-2044x2044-1.jpg','16798','featured-image','{\"width\":2044,\"height\":2044,\"filesize\":778835,\"url\":\"https://floristeriagheraldin.com/wp-content/uploads/2023/05/Ramo_grande_solo_rosas_de_colores-2044x2044-1.jpg\",\"path\":\"/var/www/vhosts/floristeriagheraldin.com/public_html/wp-content/uploads/2023/05/Ramo_grande_solo_rosas_de_colores-2044x2044-1.jpg\",\"size\":\"full\",\"id\":16798,\"alt\":\"\",\"pixels\":4177936,\"type\":\"image/jpeg\"}',0,0,NULL,'2023-05-30 20:02:17','2023-07-14 19:22:04',1,NULL,NULL,NULL,NULL,0,1,2,'2023-07-14 16:56:46','2023-05-30 20:02:16',0),(209,'https://floristeriagheraldin.com/producto/sembrado-24-rosas-caja-de-chocolates-y-globo/','87:062b9340f73701c10c1a018580bf52f9',16042,'post','product',1,0,NULL,NULL,'Sembrado 24 rosas, caja de chocolates y globo','publish',NULL,0,NULL,NULL,NULL,NULL,NULL,90,0,NULL,0,NULL,NULL,NULL,NULL,'https://floristeriagheraldin.com/wp-content/uploads/2023/05/Sembrado_24_rosas_caja_de_chocolates_ferrero_globo_y_mono-2418x2418-1.jpg',NULL,'16803','featured-image',NULL,NULL,'https://floristeriagheraldin.com/wp-content/uploads/2023/05/Sembrado_24_rosas_caja_de_chocolates_ferrero_globo_y_mono-2418x2418-1.jpg','16803','featured-image','{\"width\":2418,\"height\":2418,\"filesize\":625538,\"url\":\"https://floristeriagheraldin.com/wp-content/uploads/2023/05/Sembrado_24_rosas_caja_de_chocolates_ferrero_globo_y_mono-2418x2418-1.jpg\",\"path\":\"/var/www/vhosts/floristeriagheraldin.com/public_html/wp-content/uploads/2023/05/Sembrado_24_rosas_caja_de_chocolates_ferrero_globo_y_mono-2418x2418-1.jpg\",\"size\":\"full\",\"id\":16803,\"alt\":\"\",\"pixels\":5846724,\"type\":\"image/jpeg\"}',0,0,NULL,'2023-05-30 20:02:17','2023-07-14 22:05:50',1,NULL,NULL,NULL,NULL,0,1,2,'2023-07-14 16:58:40','2023-05-30 20:02:16',0),(210,'https://floristeriagheraldin.com/producto/sembrado-corazon-rosas-rojas-y-blancas/','81:61df1f39e4ec800fa09fb7284978ead8',16044,'post','product',1,0,NULL,NULL,'Sembrado Corazon rosas rojas y blancas','publish',NULL,0,NULL,NULL,NULL,NULL,NULL,90,0,NULL,0,NULL,NULL,NULL,NULL,'https://floristeriagheraldin.com/wp-content/uploads/2023/05/Corazon_rosas_blancas_y_rojas_con_globo-1.jpg',NULL,'16801','featured-image',NULL,NULL,'https://floristeriagheraldin.com/wp-content/uploads/2023/05/Corazon_rosas_blancas_y_rojas_con_globo-1.jpg','16801','featured-image','{\"width\":1788,\"height\":1788,\"filesize\":1135863,\"url\":\"https://floristeriagheraldin.com/wp-content/uploads/2023/05/Corazon_rosas_blancas_y_rojas_con_globo-1.jpg\",\"path\":\"/var/www/vhosts/floristeriagheraldin.com/public_html/wp-content/uploads/2023/05/Corazon_rosas_blancas_y_rojas_con_globo-1.jpg\",\"size\":\"full\",\"id\":16801,\"alt\":\"\",\"pixels\":3196944,\"type\":\"image/jpeg\"}',0,0,NULL,'2023-05-30 20:02:18','2023-07-14 19:32:52',1,NULL,NULL,NULL,NULL,0,1,2,'2023-07-14 16:59:05','2023-05-30 20:02:16',0),(211,'https://floristeriagheraldin.com/producto/sembrado-de-rosas-en-agrupacion/','74:74c994ef50f90f543d8ae92a975d8c65',16046,'post','product',1,0,NULL,NULL,'Sembrado de rosas en agrupacion','publish',NULL,0,NULL,NULL,NULL,NULL,NULL,90,0,NULL,0,NULL,NULL,NULL,NULL,'https://floristeriagheraldin.com/wp-content/uploads/2023/05/Sembrado_rosas_en_agrupacion-1.jpg',NULL,'16804','featured-image',NULL,NULL,'https://floristeriagheraldin.com/wp-content/uploads/2023/05/Sembrado_rosas_en_agrupacion-1.jpg','16804','featured-image','{\"width\":2000,\"height\":2000,\"filesize\":1305605,\"url\":\"https://floristeriagheraldin.com/wp-content/uploads/2023/05/Sembrado_rosas_en_agrupacion-1.jpg\",\"path\":\"/var/www/vhosts/floristeriagheraldin.com/public_html/wp-content/uploads/2023/05/Sembrado_rosas_en_agrupacion-1.jpg\",\"size\":\"full\",\"id\":16804,\"alt\":\"\",\"pixels\":4000000,\"type\":\"image/jpeg\"}',0,NULL,NULL,'2023-05-30 20:02:18','2023-07-14 20:57:44',1,NULL,NULL,NULL,NULL,0,1,2,'2023-07-14 16:57:44','2023-05-30 20:02:16',0),(212,'https://floristeriagheraldin.com/producto/sembrado-de-rosas-y-girasoles-en-agrupacion/','86:7eaa24c3e8951d99de7625c281e152a9',16048,'post','product',1,0,NULL,NULL,'Sembrado de rosas y girasoles en agrupacion','publish',NULL,0,NULL,NULL,NULL,NULL,NULL,90,0,NULL,0,NULL,NULL,NULL,NULL,'https://floristeriagheraldin.com/wp-content/uploads/2023/05/Sembrado_12_rosas_3_girasoles-2644x2644-1-scaled.jpg',NULL,'16807','featured-image',NULL,NULL,'https://floristeriagheraldin.com/wp-content/uploads/2023/05/Sembrado_12_rosas_3_girasoles-2644x2644-1-scaled.jpg','16807','featured-image','{\"width\":2560,\"height\":2560,\"filesize\":528558,\"url\":\"https://floristeriagheraldin.com/wp-content/uploads/2023/05/Sembrado_12_rosas_3_girasoles-2644x2644-1-scaled.jpg\",\"path\":\"/var/www/vhosts/floristeriagheraldin.com/public_html/wp-content/uploads/2023/05/Sembrado_12_rosas_3_girasoles-2644x2644-1-scaled.jpg\",\"size\":\"full\",\"id\":16807,\"alt\":\"\",\"pixels\":6553600,\"type\":\"image/jpeg\"}',0,4,NULL,'2023-05-30 20:02:18','2023-08-18 20:22:52',1,NULL,NULL,NULL,NULL,0,1,2,'2023-07-14 16:57:37','2023-05-30 20:02:16',0),(213,'https://floristeriagheraldin.com/producto/detalle-para-hombre/','62:21cdf50fa47843b9c32203efdf4a96ba',16050,'post','product',1,0,NULL,NULL,'Detalle para hombre','publish',NULL,0,NULL,NULL,NULL,NULL,NULL,90,0,NULL,0,NULL,NULL,NULL,NULL,'https://floristeriagheraldin.com/wp-content/uploads/2023/05/Detalle_para_hombre-1.jpg',NULL,'16796','featured-image',NULL,NULL,'https://floristeriagheraldin.com/wp-content/uploads/2023/05/Detalle_para_hombre-1.jpg','16796','featured-image','{\"width\":1656,\"height\":1656,\"filesize\":659745,\"url\":\"https://floristeriagheraldin.com/wp-content/uploads/2023/05/Detalle_para_hombre-1.jpg\",\"path\":\"/var/www/vhosts/floristeriagheraldin.com/public_html/wp-content/uploads/2023/05/Detalle_para_hombre-1.jpg\",\"size\":\"full\",\"id\":16796,\"alt\":\"\",\"pixels\":2742336,\"type\":\"image/jpeg\"}',0,0,NULL,'2023-05-30 20:02:18','2023-07-14 22:05:54',1,NULL,NULL,NULL,NULL,0,1,2,'2023-07-14 16:51:30','2023-05-30 20:02:16',0),(214,'https://floristeriagheraldin.com/categoria/detalles/','52:1785243bded4d7d7d2c645aa14340896',118,'term','product_cat',NULL,NULL,NULL,NULL,'Detalles',NULL,NULL,0,NULL,NULL,NULL,NULL,NULL,NULL,0,NULL,NULL,NULL,NULL,NULL,NULL,NULL,NULL,NULL,NULL,NULL,NULL,NULL,NULL,NULL,NULL,0,0,NULL,'2023-05-30 20:02:19','2023-07-14 22:05:54',1,NULL,NULL,NULL,NULL,0,NULL,2,'2023-07-14 16:51:30',NULL,NULL),(215,'https://floristeriagheraldin.com/producto/sembrado-12-rosas/','60:c19f702d537ffc9c24e6356a9c1019ed',16052,'post','product',1,0,NULL,NULL,'Sembrado 12 rosas','publish',NULL,0,NULL,NULL,NULL,NULL,NULL,0,0,NULL,0,NULL,NULL,NULL,NULL,'https://floristeriagheraldin.com/wp-content/uploads/2023/05/Sembrado_12_rosas-1.jpg',NULL,'16793','featured-image',NULL,NULL,'https://floristeriagheraldin.com/wp-content/uploads/2023/05/Sembrado_12_rosas-1.jpg','16793','featured-image','{\"width\":1512,\"height\":1512,\"filesize\":1089623,\"url\":\"https://floristeriagheraldin.com/wp-content/uploads/2023/05/Sembrado_12_rosas-1.jpg\",\"path\":\"/var/www/vhosts/floristeriagheraldin.com/public_html/wp-content/uploads/2023/05/Sembrado_12_rosas-1.jpg\",\"size\":\"full\",\"id\":16793,\"alt\":\"\",\"pixels\":2286144,\"type\":\"image/jpeg\"}',0,0,NULL,'2023-05-30 20:02:19','2023-08-18 20:21:47',1,NULL,NULL,NULL,NULL,0,1,2,'2023-07-14 16:46:13','2023-05-30 20:02:16',0),(216,'https://floristeriagheraldin.com/producto/canasta-de-rosas-lirios-orquidea-y-variedades/','88:293914924a286d3418148d193cceb383',16054,'post','product',1,0,NULL,NULL,'Canasta de rosas, lirios, orquidea, y variedades','publish',NULL,0,NULL,NULL,NULL,NULL,NULL,90,0,NULL,0,NULL,NULL,NULL,NULL,'https://floristeriagheraldin.com/wp-content/uploads/2023/05/Canasta_rosas_lirios_orquidea_clavellinas-1770x1770-1.jpg',NULL,'16792','featured-image',NULL,NULL,'https://floristeriagheraldin.com/wp-content/uploads/2023/05/Canasta_rosas_lirios_orquidea_clavellinas-1770x1770-1.jpg','16792','featured-image','{\"width\":1770,\"height\":1770,\"filesize\":411853,\"url\":\"https://floristeriagheraldin.com/wp-content/uploads/2023/05/Canasta_rosas_lirios_orquidea_clavellinas-1770x1770-1.jpg\",\"path\":\"/var/www/vhosts/floristeriagheraldin.com/public_html/wp-content/uploads/2023/05/Canasta_rosas_lirios_orquidea_clavellinas-1770x1770-1.jpg\",\"size\":\"full\",\"id\":16792,\"alt\":\"\",\"pixels\":3132900,\"type\":\"image/jpeg\"}',0,0,NULL,'2023-05-30 20:02:19','2023-07-14 19:22:04',1,NULL,NULL,NULL,NULL,0,1,2,'2023-07-14 16:46:06','2023-05-30 20:02:16',0),(217,'https://floristeriagheraldin.com/categoria/canastas/','52:ad2d6ff14ac6588e92531295cce94e11',119,'term','product_cat',NULL,NULL,NULL,NULL,'Canastas',NULL,NULL,0,NULL,NULL,NULL,NULL,NULL,NULL,0,NULL,NULL,NULL,NULL,NULL,NULL,NULL,NULL,NULL,NULL,NULL,NULL,NULL,NULL,NULL,NULL,0,0,NULL,'2023-05-30 20:02:19','2023-07-14 19:22:04',1,NULL,NULL,NULL,NULL,0,NULL,2,'2023-07-14 16:46:06',NULL,NULL),(218,'https://floristeriagheraldin.com/?post_type=product&p=16056','59:1ebdc0011b14d16980028049c70c195d',16056,'post','product',1,0,NULL,NULL,'Arreglo floral redondo de rosas lirios y clavellinas','draft',0,0,NULL,NULL,NULL,NULL,NULL,0,0,NULL,0,NULL,NULL,NULL,NULL,NULL,NULL,NULL,NULL,NULL,NULL,NULL,NULL,NULL,NULL,0,NULL,NULL,'2023-05-30 20:02:19','2023-05-31 00:04:44',1,NULL,NULL,NULL,NULL,0,NULL,2,'2023-05-30 20:04:44','2023-05-30 20:02:16',0),(220,'https://floristeriagheraldin.com/categoria/sembrados-2/corazon/','63:d507f3f8a5951bd8543bb6e04019842c',120,'term','product_cat',NULL,NULL,NULL,NULL,'Corazon',NULL,NULL,0,NULL,NULL,NULL,NULL,NULL,NULL,0,NULL,NULL,NULL,NULL,NULL,NULL,NULL,NULL,NULL,NULL,NULL,NULL,NULL,NULL,NULL,NULL,0,0,NULL,'2023-06-05 21:18:38','2023-08-18 19:27:52',1,NULL,NULL,NULL,NULL,1,NULL,2,'2023-07-14 15:15:46',NULL,NULL),(224,'https://floristeriagheraldin.com/categoria/funebres/cubrecaja/','62:cd35c33608f0422b33c5e33c1d3cc67e',121,'term','product_cat',NULL,NULL,NULL,NULL,'Cubrecaja',NULL,NULL,0,NULL,NULL,NULL,NULL,NULL,NULL,0,NULL,NULL,NULL,NULL,NULL,NULL,NULL,NULL,NULL,NULL,NULL,NULL,NULL,NULL,NULL,NULL,0,0,NULL,'2023-06-05 21:18:39','2023-08-18 20:22:52',1,NULL,NULL,NULL,NULL,1,NULL,2,'2023-07-14 16:45:07',NULL,NULL),(230,'https://floristeriagheraldin.com/producto/corazon-24-rosas-caja-de-chocolates-y-globos/','87:67a91c6b002d623ad699f2711e2b1f6c',16239,'post','product',1,0,NULL,NULL,'Corazón 24 rosas, caja de chocolates y globos','publish',NULL,0,NULL,NULL,NULL,NULL,NULL,90,0,NULL,0,NULL,NULL,NULL,NULL,'https://floristeriagheraldin.com/wp-content/uploads/2023/06/Corazon_24_rosas_globos_caja_-de_chocolates.jpg',NULL,'16216','featured-image',NULL,NULL,'https://floristeriagheraldin.com/wp-content/uploads/2023/06/Corazon_24_rosas_globos_caja_-de_chocolates.jpg','16216','featured-image','{\"width\":1512,\"height\":1512,\"filesize\":727148,\"url\":\"https://floristeriagheraldin.com/wp-content/uploads/2023/06/Corazon_24_rosas_globos_caja_-de_chocolates.jpg\",\"path\":\"/var/www/vhosts/floristeriagheraldin.com/public_html/wp-content/uploads/2023/06/Corazon_24_rosas_globos_caja_-de_chocolates.jpg\",\"size\":\"full\",\"id\":16216,\"alt\":\"\",\"pixels\":2286144,\"type\":\"image/jpeg\"}',0,0,NULL,'2023-06-05 21:27:52','2023-08-18 19:27:52',1,NULL,NULL,NULL,NULL,0,1,2,'2023-06-05 22:36:39','2023-06-05 21:27:52',0),(231,'https://floristeriagheraldin.com/producto/arreglo-floral-redondo-30-rosas/','74:5d7e79872a5513e32269b57ee56fefef',16241,'post','product',1,0,NULL,NULL,'Arreglo floral redondo 30 rosas','publish',NULL,0,NULL,NULL,NULL,NULL,NULL,90,0,NULL,0,NULL,NULL,NULL,NULL,'https://floristeriagheraldin.com/wp-content/uploads/2023/06/Arreglo_redondo_30_-rosas-2520x2520-1.jpg',NULL,'16777','featured-image',NULL,NULL,'https://floristeriagheraldin.com/wp-content/uploads/2023/06/Arreglo_redondo_30_-rosas-2520x2520-1.jpg','16777','featured-image','{\"width\":2520,\"height\":2520,\"filesize\":882185,\"url\":\"https://floristeriagheraldin.com/wp-content/uploads/2023/06/Arreglo_redondo_30_-rosas-2520x2520-1.jpg\",\"path\":\"/var/www/vhosts/floristeriagheraldin.com/public_html/wp-content/uploads/2023/06/Arreglo_redondo_30_-rosas-2520x2520-1.jpg\",\"size\":\"full\",\"id\":16777,\"alt\":\"\",\"pixels\":6350400,\"type\":\"image/jpeg\"}',0,0,NULL,'2023-06-05 21:27:53','2023-08-11 14:35:00',1,NULL,NULL,NULL,NULL,0,1,2,'2023-07-14 16:41:31','2023-06-05 21:27:52',0),(232,'https://floristeriagheraldin.com/producto/arreglo-floral-redondo-60-rosas/','74:9132e42a5718916750f9431bd7433aa4',16243,'post','product',1,0,NULL,NULL,'Arreglo floral redondo 60 rosas','publish',NULL,0,NULL,NULL,NULL,NULL,NULL,90,0,NULL,0,NULL,NULL,NULL,NULL,'https://floristeriagheraldin.com/wp-content/uploads/2023/06/Arreglo_redondo_60_rosas-3024x3024-1-scaled.jpg',NULL,'16778','featured-image',NULL,NULL,'https://floristeriagheraldin.com/wp-content/uploads/2023/06/Arreglo_redondo_60_rosas-3024x3024-1-scaled.jpg','16778','featured-image','{\"width\":2560,\"height\":2560,\"filesize\":393899,\"url\":\"https://floristeriagheraldin.com/wp-content/uploads/2023/06/Arreglo_redondo_60_rosas-3024x3024-1-scaled.jpg\",\"path\":\"/var/www/vhosts/floristeriagheraldin.com/public_html/wp-content/uploads/2023/06/Arreglo_redondo_60_rosas-3024x3024-1-scaled.jpg\",\"size\":\"full\",\"id\":16778,\"alt\":\"\",\"pixels\":6553600,\"type\":\"image/jpeg\"}',0,0,NULL,'2023-06-05 21:27:53','2023-08-18 19:27:53',1,NULL,NULL,NULL,NULL,0,1,2,'2023-07-14 16:41:36','2023-06-05 21:27:52',0),(233,'https://floristeriagheraldin.com/producto/cubrecaja-de-50-rosas-blancas/','72:e15b7baeed8ffaa52e30f3c84189c6b6',16245,'post','product',1,0,NULL,NULL,'Cubrecaja de 50 rosas blancas','publish',NULL,0,NULL,NULL,NULL,NULL,NULL,90,0,NULL,0,NULL,NULL,NULL,NULL,'https://floristeriagheraldin.com/wp-content/uploads/2023/06/Cubrecaja_50_rosas-2856x2856-1-scaled.jpg',NULL,'16779','featured-image',NULL,NULL,'https://floristeriagheraldin.com/wp-content/uploads/2023/06/Cubrecaja_50_rosas-2856x2856-1-scaled.jpg','16779','featured-image','{\"width\":2560,\"height\":2560,\"filesize\":334964,\"url\":\"https://floristeriagheraldin.com/wp-content/uploads/2023/06/Cubrecaja_50_rosas-2856x2856-1-scaled.jpg\",\"path\":\"/var/www/vhosts/floristeriagheraldin.com/public_html/wp-content/uploads/2023/06/Cubrecaja_50_rosas-2856x2856-1-scaled.jpg\",\"size\":\"full\",\"id\":16779,\"alt\":\"\",\"pixels\":6553600,\"type\":\"image/jpeg\"}',0,0,NULL,'2023-06-05 21:27:53','2023-08-11 14:35:11',1,NULL,NULL,NULL,NULL,0,1,2,'2023-07-14 16:41:35','2023-06-05 21:27:52',0),(234,'https://floristeriagheraldin.com/producto/cubrecaja-rosas-y-lirios/','67:eb49049d0afe73b91b2c618fe788ff6f',16247,'post','product',1,0,NULL,NULL,'Cubrecaja rosas y lirios','publish',NULL,0,NULL,NULL,NULL,NULL,NULL,0,0,NULL,0,NULL,NULL,NULL,NULL,'https://floristeriagheraldin.com/wp-content/uploads/2023/06/Cubrecaja_rosas_lirios_y_perla.jpeg',NULL,'16211','featured-image',NULL,NULL,'https://floristeriagheraldin.com/wp-content/uploads/2023/06/Cubrecaja_rosas_lirios_y_perla.jpeg','16211','featured-image','{\"width\":1512,\"height\":1512,\"filesize\":108293,\"url\":\"https://floristeriagheraldin.com/wp-content/uploads/2023/06/Cubrecaja_rosas_lirios_y_perla.jpeg\",\"path\":\"/var/www/vhosts/floristeriagheraldin.com/public_html/wp-content/uploads/2023/06/Cubrecaja_rosas_lirios_y_perla.jpeg\",\"size\":\"full\",\"id\":16211,\"alt\":\"\",\"pixels\":2286144,\"type\":\"image/jpeg\"}',0,0,NULL,'2023-06-05 21:27:53','2023-08-18 20:21:14',1,NULL,NULL,NULL,NULL,0,1,2,'2023-07-14 16:43:49','2023-06-05 21:27:52',0),(235,'https://floristeriagheraldin.com/producto/cubrecaja-rosas-y-crisantemos/','72:bf552faed0ed5df58cec495321e0d5a5',16249,'post','product',1,0,NULL,NULL,'Cubrecaja rosas y crisantemos','publish',NULL,0,NULL,NULL,NULL,NULL,NULL,0,0,NULL,0,NULL,NULL,NULL,NULL,'https://floristeriagheraldin.com/wp-content/uploads/2023/06/Cubrecaja_rosa_-y_crisantemos-2076x2076-1.jpg',NULL,'16787','featured-image',NULL,NULL,'https://floristeriagheraldin.com/wp-content/uploads/2023/06/Cubrecaja_rosa_-y_crisantemos-2076x2076-1.jpg','16787','featured-image','{\"width\":2076,\"height\":2076,\"filesize\":447472,\"url\":\"https://floristeriagheraldin.com/wp-content/uploads/2023/06/Cubrecaja_rosa_-y_crisantemos-2076x2076-1.jpg\",\"path\":\"/var/www/vhosts/floristeriagheraldin.com/public_html/wp-content/uploads/2023/06/Cubrecaja_rosa_-y_crisantemos-2076x2076-1.jpg\",\"size\":\"full\",\"id\":16787,\"alt\":\"\",\"pixels\":4309776,\"type\":\"image/jpeg\"}',0,0,NULL,'2023-06-05 21:27:53','2023-08-18 20:21:02',1,NULL,NULL,NULL,NULL,0,1,2,'2023-07-14 16:44:53','2023-06-05 21:27:52',0),(236,'https://floristeriagheraldin.com/?post_type=product&p=16251','59:1b2f70bca728a525ae4babeb2ab8ee5a',16251,'post','product',1,0,NULL,NULL,'Cubrecaja margaritas y rosas','draft',0,0,NULL,NULL,NULL,NULL,NULL,0,0,NULL,0,NULL,NULL,NULL,NULL,NULL,NULL,NULL,NULL,NULL,NULL,NULL,NULL,NULL,NULL,0,NULL,NULL,'2023-06-05 21:27:54','2023-06-06 02:41:41',1,NULL,NULL,NULL,NULL,0,NULL,2,'2023-06-05 22:41:41','2023-06-05 21:27:52',0),(237,'https://floristeriagheraldin.com/?post_type=product&p=16253','59:7f2cbb0e40883ae74f6a71fc4add0cae',16253,'post','product',1,0,NULL,NULL,'Cubrecaja de crisantemos','draft',0,0,NULL,NULL,NULL,NULL,NULL,0,0,NULL,0,NULL,NULL,NULL,NULL,NULL,NULL,NULL,NULL,NULL,NULL,NULL,NULL,NULL,NULL,0,NULL,NULL,'2023-06-05 21:27:54','2023-06-06 02:41:26',1,NULL,NULL,NULL,NULL,0,NULL,2,'2023-06-05 22:41:26','2023-06-05 21:27:52',0),(238,'https://floristeriagheraldin.com/producto/cubrecaja-ortensias-y-girasoles/','74:54ef1e3c07470c537be0083e5571e1d3',16255,'post','product',1,0,NULL,NULL,'Cubrecaja ortensias y girasoles','publish',NULL,0,NULL,NULL,NULL,NULL,NULL,90,0,NULL,0,NULL,NULL,NULL,NULL,'https://floristeriagheraldin.com/wp-content/uploads/2023/06/Cubrecaja-girasoles-2070x2070-1.jpg',NULL,'16789','featured-image',NULL,NULL,'https://floristeriagheraldin.com/wp-content/uploads/2023/06/Cubrecaja-girasoles-2070x2070-1.jpg','16789','featured-image','{\"width\":2070,\"height\":2070,\"filesize\":435757,\"url\":\"https://floristeriagheraldin.com/wp-content/uploads/2023/06/Cubrecaja-girasoles-2070x2070-1.jpg\",\"path\":\"/var/www/vhosts/floristeriagheraldin.com/public_html/wp-content/uploads/2023/06/Cubrecaja-girasoles-2070x2070-1.jpg\",\"size\":\"full\",\"id\":16789,\"alt\":\"\",\"pixels\":4284900,\"type\":\"image/jpeg\"}',0,0,NULL,'2023-06-05 21:27:54','2023-08-18 20:22:52',1,NULL,NULL,NULL,NULL,0,1,2,'2023-07-14 16:45:07','2023-06-05 21:27:52',0),(239,'https://floristeriagheraldin.com/producto/cubrecaja-de-ortensias-y-rosas/','73:0a9413960f7fe27a9353a0aceacbb557',16404,'post','product',1,0,NULL,NULL,'Cubrecaja de ortensias y rosas','publish',NULL,0,NULL,NULL,NULL,NULL,NULL,90,0,NULL,0,NULL,NULL,NULL,NULL,'https://floristeriagheraldin.com/wp-content/uploads/2023/06/Cubrecaja_ortensias_y_rosas-1872x1872-1.jpg',NULL,'16756','featured-image',NULL,NULL,'https://floristeriagheraldin.com/wp-content/uploads/2023/06/Cubrecaja_ortensias_y_rosas-1872x1872-1.jpg','16756','featured-image','{\"width\":1872,\"height\":1872,\"filesize\":453206,\"url\":\"https://floristeriagheraldin.com/wp-content/uploads/2023/06/Cubrecaja_ortensias_y_rosas-1872x1872-1.jpg\",\"path\":\"/var/www/vhosts/floristeriagheraldin.com/public_html/wp-content/uploads/2023/06/Cubrecaja_ortensias_y_rosas-1872x1872-1.jpg\",\"size\":\"full\",\"id\":16756,\"alt\":\"\",\"pixels\":3504384,\"type\":\"image/jpeg\"}',0,0,NULL,'2023-06-07 22:59:34','2023-08-18 20:22:52',1,NULL,NULL,NULL,NULL,0,1,2,'2023-07-14 16:24:10','2023-06-07 22:59:33',0),(240,'https://floristeriagheraldin.com/producto/bouquet-cascada-12-rosas/','67:3a49e945dd677d2edea54b20a01e9d1c',16406,'post','product',1,0,NULL,NULL,'Bouquet cascada 12 rosas','publish',NULL,0,NULL,NULL,NULL,NULL,NULL,90,0,NULL,0,NULL,NULL,NULL,NULL,'https://floristeriagheraldin.com/wp-content/uploads/2023/06/Bouquet_12_rosas_y_globo-2560x2560-1.jpg',NULL,'16759','featured-image',NULL,NULL,'https://floristeriagheraldin.com/wp-content/uploads/2023/06/Bouquet_12_rosas_y_globo-2560x2560-1.jpg','16759','featured-image','{\"width\":2560,\"height\":2560,\"filesize\":495993,\"url\":\"https://floristeriagheraldin.com/wp-content/uploads/2023/06/Bouquet_12_rosas_y_globo-2560x2560-1.jpg\",\"path\":\"/var/www/vhosts/floristeriagheraldin.com/public_html/wp-content/uploads/2023/06/Bouquet_12_rosas_y_globo-2560x2560-1.jpg\",\"size\":\"full\",\"id\":16759,\"alt\":\"\",\"pixels\":6553600,\"type\":\"image/jpeg\"}',0,0,NULL,'2023-06-07 22:59:35','2023-07-14 20:26:05',1,NULL,NULL,NULL,NULL,0,1,2,'2023-07-14 16:26:04','2023-06-07 22:59:33',0),(241,'https://floristeriagheraldin.com/producto/bouquet-24-rosas-globo-burbuja/','73:ff88733e5fd19a794784ba5f39ed8af7',16408,'post','product',1,0,NULL,NULL,'Bouquet 24 rosas, globo burbuja','publish',NULL,0,NULL,NULL,NULL,NULL,NULL,0,0,NULL,0,NULL,NULL,NULL,NULL,'https://floristeriagheraldin.com/wp-content/uploads/2023/06/Bouquet_24-rosas_y_globo_burbuja-2116x2116-1.jpg',NULL,'16761','featured-image',NULL,NULL,'https://floristeriagheraldin.com/wp-content/uploads/2023/06/Bouquet_24-rosas_y_globo_burbuja-2116x2116-1.jpg','16761','featured-image','{\"width\":2116,\"height\":2116,\"filesize\":433901,\"url\":\"https://floristeriagheraldin.com/wp-content/uploads/2023/06/Bouquet_24-rosas_y_globo_burbuja-2116x2116-1.jpg\",\"path\":\"/var/www/vhosts/floristeriagheraldin.com/public_html/wp-content/uploads/2023/06/Bouquet_24-rosas_y_globo_burbuja-2116x2116-1.jpg\",\"size\":\"full\",\"id\":16761,\"alt\":\"\",\"pixels\":4477456,\"type\":\"image/jpeg\"}',0,0,NULL,'2023-06-07 22:59:35','2023-07-14 19:19:12',1,NULL,NULL,NULL,NULL,0,0,2,'2023-07-14 16:25:48','2023-06-07 22:59:33',0),(242,'https://floristeriagheraldin.com/producto/bouquet-12-rosas-1-girasol/','69:7edb02d02802a330febea89f0fd5c084',16410,'post','product',1,0,NULL,NULL,'Bouquet 12 rosas 1 girasol','publish',NULL,0,NULL,NULL,NULL,NULL,NULL,0,0,NULL,0,NULL,NULL,NULL,NULL,'https://floristeriagheraldin.com/wp-content/uploads/2023/06/Bouquet_12_rosas_1_girasol-1864x1864-1.jpg',NULL,'16764','featured-image',NULL,NULL,'https://floristeriagheraldin.com/wp-content/uploads/2023/06/Bouquet_12_rosas_1_girasol-1864x1864-1.jpg','16764','featured-image','{\"width\":1864,\"height\":1864,\"filesize\":379436,\"url\":\"https://floristeriagheraldin.com/wp-content/uploads/2023/06/Bouquet_12_rosas_1_girasol-1864x1864-1.jpg\",\"path\":\"/var/www/vhosts/floristeriagheraldin.com/public_html/wp-content/uploads/2023/06/Bouquet_12_rosas_1_girasol-1864x1864-1.jpg\",\"size\":\"full\",\"id\":16764,\"alt\":\"\",\"pixels\":3474496,\"type\":\"image/jpeg\"}',0,0,NULL,'2023-06-07 22:59:35','2023-07-14 22:05:54',1,NULL,NULL,NULL,NULL,0,0,2,'2023-07-14 16:27:11','2023-06-07 22:59:33',0),(243,'https://floristeriagheraldin.com/producto/bouquet-36-rosas/','59:5cf7976600880a36dfd6f7f0b23650ac',16412,'post','product',1,0,NULL,NULL,'Bouquet 36 rosas','publish',NULL,0,NULL,NULL,NULL,NULL,NULL,0,0,NULL,0,NULL,NULL,NULL,NULL,'https://floristeriagheraldin.com/wp-content/uploads/2023/06/Bouquet_36_rosas.jpeg',NULL,'16394','featured-image',NULL,NULL,'https://floristeriagheraldin.com/wp-content/uploads/2023/06/Bouquet_36_rosas.jpeg','16394','featured-image','{\"width\":1280,\"height\":1280,\"filesize\":87014,\"url\":\"https://floristeriagheraldin.com/wp-content/uploads/2023/06/Bouquet_36_rosas.jpeg\",\"path\":\"/var/www/vhosts/floristeriagheraldin.com/public_html/wp-content/uploads/2023/06/Bouquet_36_rosas.jpeg\",\"size\":\"full\",\"id\":16394,\"alt\":\"\",\"pixels\":1638400,\"type\":\"image/jpeg\"}',0,4,NULL,'2023-06-07 22:59:36','2023-08-18 20:22:52',1,NULL,NULL,NULL,NULL,0,0,2,'2023-07-14 16:28:36','2023-06-07 22:59:33',0),(244,'https://floristeriagheraldin.com/producto/bouquet-24-rosas-y-perla/','67:3c8416f8bd39822373977f83d8ae5925',16414,'post','product',1,0,NULL,NULL,'Bouquet 24 rosas y perla','publish',NULL,0,NULL,NULL,NULL,NULL,NULL,0,0,NULL,0,NULL,NULL,NULL,NULL,'https://floristeriagheraldin.com/wp-content/uploads/2023/06/Bouquet_24_rosas_y_perla-2412x2412-1.jpg',NULL,'16774','featured-image',NULL,NULL,'https://floristeriagheraldin.com/wp-content/uploads/2023/06/Bouquet_24_rosas_y_perla-2412x2412-1.jpg','16774','featured-image','{\"width\":2412,\"height\":2412,\"filesize\":512820,\"url\":\"https://floristeriagheraldin.com/wp-content/uploads/2023/06/Bouquet_24_rosas_y_perla-2412x2412-1.jpg\",\"path\":\"/var/www/vhosts/floristeriagheraldin.com/public_html/wp-content/uploads/2023/06/Bouquet_24_rosas_y_perla-2412x2412-1.jpg\",\"size\":\"full\",\"id\":16774,\"alt\":\"\",\"pixels\":5817744,\"type\":\"image/jpeg\"}',0,0,NULL,'2023-06-07 22:59:36','2023-08-18 20:21:14',1,NULL,NULL,NULL,NULL,0,0,2,'2023-07-14 16:35:19','2023-06-07 22:59:33',0),(245,'https://floristeriagheraldin.com/producto/bouqueth-24-rosas-tipo-regalo/','72:bdd9a2a7d8c54fb88f37be5b454e3516',16416,'post','product',1,0,NULL,NULL,'Bouqueth 24 rosas tipo regalo','publish',NULL,0,NULL,NULL,NULL,NULL,NULL,0,0,NULL,0,NULL,NULL,NULL,NULL,'https://floristeriagheraldin.com/wp-content/uploads/2023/06/Bouquet_24_rosas_tipo_regalo-2712x2714-1-scaled.jpg',NULL,'16768','featured-image',NULL,NULL,'https://floristeriagheraldin.com/wp-content/uploads/2023/06/Bouquet_24_rosas_tipo_regalo-2712x2714-1-scaled.jpg','16768','featured-image','{\"width\":2558,\"height\":2560,\"filesize\":331219,\"url\":\"https://floristeriagheraldin.com/wp-content/uploads/2023/06/Bouquet_24_rosas_tipo_regalo-2712x2714-1-scaled.jpg\",\"path\":\"/var/www/vhosts/floristeriagheraldin.com/public_html/wp-content/uploads/2023/06/Bouquet_24_rosas_tipo_regalo-2712x2714-1-scaled.jpg\",\"size\":\"full\",\"id\":16768,\"alt\":\"\",\"pixels\":6548480,\"type\":\"image/jpeg\"}',0,0,NULL,'2023-06-07 22:59:36','2023-07-14 19:19:37',1,NULL,NULL,NULL,NULL,0,0,2,'2023-07-14 16:30:58','2023-06-07 22:59:33',0),(246,'https://floristeriagheraldin.com/producto/bouquet-12-rosas/','59:f45507632a187e50c2da5f2f30a003e0',16418,'post','product',1,0,NULL,NULL,'Bouquet 12 rosas','publish',NULL,0,NULL,NULL,NULL,NULL,NULL,0,0,NULL,0,NULL,NULL,NULL,NULL,'https://floristeriagheraldin.com/wp-content/uploads/2023/06/Bouquet_12_rosas-2772x2770-1-scaled.jpg',NULL,'16770','featured-image',NULL,NULL,'https://floristeriagheraldin.com/wp-content/uploads/2023/06/Bouquet_12_rosas-2772x2770-1-scaled.jpg','16770','featured-image','{\"width\":2560,\"height\":2558,\"filesize\":307522,\"url\":\"https://floristeriagheraldin.com/wp-content/uploads/2023/06/Bouquet_12_rosas-2772x2770-1-scaled.jpg\",\"path\":\"/var/www/vhosts/floristeriagheraldin.com/public_html/wp-content/uploads/2023/06/Bouquet_12_rosas-2772x2770-1-scaled.jpg\",\"size\":\"full\",\"id\":16770,\"alt\":\"\",\"pixels\":6548480,\"type\":\"image/jpeg\"}',0,0,NULL,'2023-06-07 22:59:36','2023-08-18 20:22:49',1,NULL,NULL,NULL,NULL,0,0,2,'2023-07-14 16:33:47','2023-06-07 22:59:33',0),(247,'https://floristeriagheraldin.com/producto/bouquet-expresion-24-rosas/','69:901f618e9c3e599a50594e1c6f41928f',16420,'post','product',1,0,NULL,NULL,'Bouquet expresion 24 rosas','publish',NULL,0,NULL,NULL,NULL,NULL,NULL,0,0,NULL,0,NULL,NULL,NULL,NULL,'https://floristeriagheraldin.com/wp-content/uploads/2023/06/bouquet_expresion_24_rosas-1-1.jpeg',NULL,'16771','featured-image',NULL,NULL,'https://floristeriagheraldin.com/wp-content/uploads/2023/06/bouquet_expresion_24_rosas-1-1.jpeg','16771','featured-image','{\"width\":1416,\"height\":1416,\"filesize\":480375,\"url\":\"https://floristeriagheraldin.com/wp-content/uploads/2023/06/bouquet_expresion_24_rosas-1-1.jpeg\",\"path\":\"/var/www/vhosts/floristeriagheraldin.com/public_html/wp-content/uploads/2023/06/bouquet_expresion_24_rosas-1-1.jpeg\",\"size\":\"full\",\"id\":16771,\"alt\":\"\",\"pixels\":2005056,\"type\":\"image/jpeg\"}',0,0,NULL,'2023-06-07 22:59:37','2023-07-14 19:32:52',1,NULL,NULL,NULL,NULL,0,0,2,'2023-07-14 16:33:43','2023-06-07 22:59:33',0),(248,'https://floristeriagheraldin.com/producto/bouquet-24rosas-chocolates-y-licor/','77:b0005569590fe93805c316df6ebb0ade',16422,'post','product',1,0,NULL,NULL,'Bouquet 24rosas chocolates y licor.','publish',NULL,0,NULL,NULL,NULL,NULL,NULL,0,0,NULL,0,NULL,NULL,NULL,NULL,'https://floristeriagheraldin.com/wp-content/uploads/2023/06/Bouquet_24_rosas_chocolates_licor-3024x3024-1-scaled.jpg',NULL,'16776','featured-image',NULL,NULL,'https://floristeriagheraldin.com/wp-content/uploads/2023/06/Bouquet_24_rosas_chocolates_licor-3024x3024-1-scaled.jpg','16776','featured-image','{\"width\":2560,\"height\":2560,\"filesize\":232216,\"url\":\"https://floristeriagheraldin.com/wp-content/uploads/2023/06/Bouquet_24_rosas_chocolates_licor-3024x3024-1-scaled.jpg\",\"path\":\"/var/www/vhosts/floristeriagheraldin.com/public_html/wp-content/uploads/2023/06/Bouquet_24_rosas_chocolates_licor-3024x3024-1-scaled.jpg\",\"size\":\"full\",\"id\":16776,\"alt\":\"\",\"pixels\":6553600,\"type\":\"image/jpeg\"}',0,0,NULL,'2023-06-07 22:59:37','2023-07-14 20:41:29',1,NULL,NULL,NULL,NULL,0,0,2,'2023-07-14 16:41:27','2023-06-07 22:59:33',0),(249,'https://floristeriagheraldin.com/producto/bouquet-12-rosas-y-lirios/','68:3c1a8a35aba20ff8a8bf0fac4040d87f',16451,'post','product',1,0,NULL,NULL,'Bouquet 12 rosas y lirios','publish',NULL,0,NULL,NULL,NULL,NULL,NULL,0,0,NULL,0,NULL,NULL,NULL,NULL,'https://floristeriagheraldin.com/wp-content/uploads/2023/06/Bouquet_12_rosas_y_lirios-3024x3024-1-scaled.jpg',NULL,'16735','featured-image',NULL,NULL,'https://floristeriagheraldin.com/wp-content/uploads/2023/06/Bouquet_12_rosas_y_lirios-3024x3024-1-scaled.jpg','16735','featured-image','{\"width\":2560,\"height\":2560,\"filesize\":326218,\"url\":\"https://floristeriagheraldin.com/wp-content/uploads/2023/06/Bouquet_12_rosas_y_lirios-3024x3024-1-scaled.jpg\",\"path\":\"/var/www/vhosts/floristeriagheraldin.com/public_html/wp-content/uploads/2023/06/Bouquet_12_rosas_y_lirios-3024x3024-1-scaled.jpg\",\"size\":\"full\",\"id\":16735,\"alt\":\"\",\"pixels\":6553600,\"type\":\"image/jpeg\"}',0,0,NULL,'2023-06-16 22:30:43','2023-07-14 20:12:32',1,NULL,NULL,NULL,NULL,0,0,2,'2023-07-14 16:12:31','2023-06-16 22:30:43',0),(250,'https://floristeriagheraldin.com/producto/bouquet-18-rosas-y-flores-surtidas/','77:84a7d2d9cfd7d903871179fee9c37ed0',16453,'post','product',1,0,NULL,NULL,'Bouquet 18 rosas y flores surtidas','publish',NULL,0,NULL,NULL,NULL,NULL,NULL,0,0,NULL,0,NULL,NULL,NULL,NULL,'https://floristeriagheraldin.com/wp-content/uploads/2023/06/Bouquet_18_rosas_y_flores_surtidas.jpg',NULL,'16442','featured-image',NULL,NULL,'https://floristeriagheraldin.com/wp-content/uploads/2023/06/Bouquet_18_rosas_y_flores_surtidas.jpg','16442','featured-image','{\"width\":1512,\"height\":1512,\"filesize\":711631,\"url\":\"https://floristeriagheraldin.com/wp-content/uploads/2023/06/Bouquet_18_rosas_y_flores_surtidas.jpg\",\"path\":\"/var/www/vhosts/floristeriagheraldin.com/public_html/wp-content/uploads/2023/06/Bouquet_18_rosas_y_flores_surtidas.jpg\",\"size\":\"full\",\"id\":16442,\"alt\":\"\",\"pixels\":2286144,\"type\":\"image/jpeg\"}',0,0,NULL,'2023-06-16 22:30:43','2023-08-18 19:27:53',1,NULL,NULL,NULL,NULL,0,0,2,'2023-07-14 16:16:25','2023-06-16 22:30:43',0),(251,'https://floristeriagheraldin.com/producto/bouquet-12-rosas-de-colores/','70:2ab315b8fe0464017a741dc566ddca82',16455,'post','product',1,0,NULL,NULL,'Bouquet 12 rosas de colores','publish',NULL,0,NULL,NULL,NULL,NULL,NULL,0,0,NULL,0,NULL,NULL,NULL,NULL,'https://floristeriagheraldin.com/wp-content/uploads/2023/06/Bouquet_12_rosas_de_colores-2904x2904-1-scaled.jpg',NULL,'16741','featured-image',NULL,NULL,'https://floristeriagheraldin.com/wp-content/uploads/2023/06/Bouquet_12_rosas_de_colores-2904x2904-1-scaled.jpg','16741','featured-image','{\"width\":2560,\"height\":2560,\"filesize\":257833,\"url\":\"https://floristeriagheraldin.com/wp-content/uploads/2023/06/Bouquet_12_rosas_de_colores-2904x2904-1-scaled.jpg\",\"path\":\"/var/www/vhosts/floristeriagheraldin.com/public_html/wp-content/uploads/2023/06/Bouquet_12_rosas_de_colores-2904x2904-1-scaled.jpg\",\"size\":\"full\",\"id\":16741,\"alt\":\"\",\"pixels\":6553600,\"type\":\"image/jpeg\"}',0,0,NULL,'2023-06-16 22:30:43','2023-08-18 20:22:52',1,NULL,NULL,NULL,NULL,0,0,2,'2023-07-14 16:14:37','2023-06-16 22:30:43',0),(252,'https://floristeriagheraldin.com/producto/caja-3-girasoles-y-chocolates-ferrero/','80:926dd926521b8d5a4d30f5a82ece2731',16457,'post','product',1,0,NULL,NULL,'Caja 3 girasoles y chocolates ferrero','publish',NULL,0,NULL,NULL,NULL,NULL,NULL,0,0,NULL,0,NULL,NULL,NULL,NULL,'https://floristeriagheraldin.com/wp-content/uploads/2023/06/Caja_3_girasoles_y_chocolates-3024x3024-1-scaled.jpg',NULL,'16733','featured-image',NULL,NULL,'https://floristeriagheraldin.com/wp-content/uploads/2023/06/Caja_3_girasoles_y_chocolates-3024x3024-1-scaled.jpg','16733','featured-image','{\"width\":2560,\"height\":2560,\"filesize\":259240,\"url\":\"https://floristeriagheraldin.com/wp-content/uploads/2023/06/Caja_3_girasoles_y_chocolates-3024x3024-1-scaled.jpg\",\"path\":\"/var/www/vhosts/floristeriagheraldin.com/public_html/wp-content/uploads/2023/06/Caja_3_girasoles_y_chocolates-3024x3024-1-scaled.jpg\",\"size\":\"full\",\"id\":16733,\"alt\":\"\",\"pixels\":6553600,\"type\":\"image/jpeg\"}',0,0,NULL,'2023-06-16 22:30:43','2023-07-14 19:32:53',1,NULL,NULL,NULL,NULL,0,0,2,'2023-07-14 16:12:27','2023-06-16 22:30:43',0),(253,'https://floristeriagheraldin.com/producto/arreglo-redondo-36-rosas/','67:db5bebab4c0793cac0376c3040358f6b',16459,'post','product',1,0,NULL,NULL,'Arreglo redondo 36 rosas','publish',NULL,0,NULL,NULL,NULL,NULL,NULL,0,0,NULL,0,NULL,NULL,NULL,NULL,'https://floristeriagheraldin.com/wp-content/uploads/2023/06/Arreglo_redondo_36-rosas-2688x2688-1-scaled.jpg',NULL,'16732','featured-image',NULL,NULL,'https://floristeriagheraldin.com/wp-content/uploads/2023/06/Arreglo_redondo_36-rosas-2688x2688-1-scaled.jpg','16732','featured-image','{\"width\":2560,\"height\":2560,\"filesize\":348759,\"url\":\"https://floristeriagheraldin.com/wp-content/uploads/2023/06/Arreglo_redondo_36-rosas-2688x2688-1-scaled.jpg\",\"path\":\"/var/www/vhosts/floristeriagheraldin.com/public_html/wp-content/uploads/2023/06/Arreglo_redondo_36-rosas-2688x2688-1-scaled.jpg\",\"size\":\"full\",\"id\":16732,\"alt\":\"\",\"pixels\":6553600,\"type\":\"image/jpeg\"}',0,0,NULL,'2023-06-16 22:30:44','2023-07-14 22:05:50',1,NULL,NULL,NULL,NULL,0,0,2,'2023-07-14 16:11:30','2023-06-16 22:30:43',0),(254,'https://floristeriagheraldin.com/producto/diseno-tipo-arco-con-variedad-de-flores/','82:322f47cb2898cb153cbd4786bc91e155',16461,'post','product',1,0,NULL,NULL,'Diseño tipo arco, con variedad de flores','publish',NULL,0,NULL,NULL,NULL,NULL,NULL,0,0,NULL,0,NULL,NULL,NULL,NULL,'https://floristeriagheraldin.com/wp-content/uploads/2023/06/Diseno_tipo_arco.jpg',NULL,'16437','featured-image',NULL,NULL,'https://floristeriagheraldin.com/wp-content/uploads/2023/06/Diseno_tipo_arco.jpg','16437','featured-image','{\"width\":1512,\"height\":1512,\"filesize\":830727,\"url\":\"https://floristeriagheraldin.com/wp-content/uploads/2023/06/Diseno_tipo_arco.jpg\",\"path\":\"/var/www/vhosts/floristeriagheraldin.com/public_html/wp-content/uploads/2023/06/Diseno_tipo_arco.jpg\",\"size\":\"full\",\"id\":16437,\"alt\":\"\",\"pixels\":2286144,\"type\":\"image/jpeg\"}',0,0,NULL,'2023-06-16 22:30:44','2023-08-18 20:20:56',1,NULL,NULL,NULL,NULL,0,NULL,2,'2023-06-16 22:30:44','2023-06-16 22:30:43',0),(255,'https://floristeriagheraldin.com/categoria/arreglos-florales/disenos/','69:e3b7704ae6f1c1df0326d9bb0f92e5e5',122,'term','product_cat',NULL,NULL,NULL,NULL,'Diseños',NULL,NULL,0,NULL,NULL,NULL,NULL,NULL,NULL,0,NULL,NULL,NULL,NULL,NULL,NULL,NULL,NULL,NULL,NULL,NULL,NULL,NULL,NULL,NULL,NULL,0,0,NULL,'2023-06-16 22:30:44','2023-08-18 20:22:52',1,NULL,NULL,NULL,NULL,1,NULL,2,'2023-08-18 20:07:54',NULL,NULL),(256,'https://floristeriagheraldin.com/producto/diseno-mini-arco/','59:b643909655cd5d588890d786114d0000',16463,'post','product',1,0,NULL,NULL,'Diseño mini arco','publish',NULL,0,NULL,NULL,NULL,NULL,NULL,0,0,NULL,0,NULL,NULL,NULL,NULL,'https://floristeriagheraldin.com/wp-content/uploads/2023/06/Diseno_mini_arco.jpg',NULL,'16448','featured-image',NULL,NULL,'https://floristeriagheraldin.com/wp-content/uploads/2023/06/Diseno_mini_arco.jpg','16448','featured-image','{\"width\":1512,\"height\":1512,\"filesize\":696115,\"url\":\"https://floristeriagheraldin.com/wp-content/uploads/2023/06/Diseno_mini_arco.jpg\",\"path\":\"/var/www/vhosts/floristeriagheraldin.com/public_html/wp-content/uploads/2023/06/Diseno_mini_arco.jpg\",\"size\":\"full\",\"id\":16448,\"alt\":\"\",\"pixels\":2286144,\"type\":\"image/jpeg\"}',0,0,NULL,'2023-06-16 22:30:44','2023-07-14 19:22:09',1,NULL,NULL,NULL,NULL,0,NULL,2,'2023-06-16 22:30:44','2023-06-16 22:30:43',0),(257,'https://floristeriagheraldin.com/producto/diseno-rosas-en-ilera/','64:8620ebec0c8f2b931bb65f83ebefa094',16465,'post','product',1,0,NULL,NULL,'Diseño rosas en ilera','publish',NULL,0,NULL,NULL,NULL,NULL,NULL,0,0,NULL,0,NULL,NULL,NULL,NULL,'https://floristeriagheraldin.com/wp-content/uploads/2023/06/Diseno_rosas_en_ilera-3024x3024-2-scaled.jpg',NULL,'16744','featured-image',NULL,NULL,'https://floristeriagheraldin.com/wp-content/uploads/2023/06/Diseno_rosas_en_ilera-3024x3024-2-scaled.jpg','16744','featured-image','{\"width\":2560,\"height\":2560,\"filesize\":576455,\"url\":\"https://floristeriagheraldin.com/wp-content/uploads/2023/06/Diseno_rosas_en_ilera-3024x3024-2-scaled.jpg\",\"path\":\"/var/www/vhosts/floristeriagheraldin.com/public_html/wp-content/uploads/2023/06/Diseno_rosas_en_ilera-3024x3024-2-scaled.jpg\",\"size\":\"full\",\"id\":16744,\"alt\":\"\",\"pixels\":6553600,\"type\":\"image/jpeg\"}',0,0,NULL,'2023-06-16 22:30:44','2023-08-18 20:21:14',1,NULL,NULL,NULL,NULL,0,0,2,'2023-07-14 16:16:28','2023-06-16 22:30:43',0),(258,'https://floristeriagheraldin.com/producto/diseno-en-flores-exoticas/','68:99dd0032774fde267b09973ba04859c3',16467,'post','product',1,0,NULL,NULL,'Diseño en flores exoticas','publish',NULL,0,NULL,NULL,NULL,NULL,NULL,0,0,NULL,0,NULL,NULL,NULL,NULL,'https://floristeriagheraldin.com/wp-content/uploads/2023/06/Diseno_flores_exoticas-3024x3024-1-scaled.jpg',NULL,'16747','featured-image',NULL,NULL,'https://floristeriagheraldin.com/wp-content/uploads/2023/06/Diseno_flores_exoticas-3024x3024-1-scaled.jpg','16747','featured-image','{\"width\":2560,\"height\":2560,\"filesize\":411030,\"url\":\"https://floristeriagheraldin.com/wp-content/uploads/2023/06/Diseno_flores_exoticas-3024x3024-1-scaled.jpg\",\"path\":\"/var/www/vhosts/floristeriagheraldin.com/public_html/wp-content/uploads/2023/06/Diseno_flores_exoticas-3024x3024-1-scaled.jpg\",\"size\":\"full\",\"id\":16747,\"alt\":\"\",\"pixels\":6553600,\"type\":\"image/jpeg\"}',0,0,NULL,'2023-06-16 22:30:45','2023-07-14 19:58:46',1,NULL,NULL,NULL,NULL,0,0,2,'2023-07-14 16:22:17','2023-06-16 22:30:43',0),(259,'https://floristeriagheraldin.com/producto/diseno-en-rosas-amarillas/','68:23f9d70270a0b252c22724bd51c7a957',16469,'post','product',1,0,NULL,NULL,'Diseño en rosas amarillas','publish',NULL,0,NULL,NULL,NULL,NULL,NULL,0,0,NULL,0,NULL,NULL,NULL,NULL,'https://floristeriagheraldin.com/wp-content/uploads/2023/06/Diseno_24_rosas_3_girasoles-3024x3024-1-scaled.jpg',NULL,'16753','featured-image',NULL,NULL,'https://floristeriagheraldin.com/wp-content/uploads/2023/06/Diseno_24_rosas_3_girasoles-3024x3024-1-scaled.jpg','16753','featured-image','{\"width\":2560,\"height\":2560,\"filesize\":495943,\"url\":\"https://floristeriagheraldin.com/wp-content/uploads/2023/06/Diseno_24_rosas_3_girasoles-3024x3024-1-scaled.jpg\",\"path\":\"/var/www/vhosts/floristeriagheraldin.com/public_html/wp-content/uploads/2023/06/Diseno_24_rosas_3_girasoles-3024x3024-1-scaled.jpg\",\"size\":\"full\",\"id\":16753,\"alt\":\"\",\"pixels\":6553600,\"type\":\"image/jpeg\"}',0,0,NULL,'2023-06-16 22:30:45','2023-08-18 20:22:52',1,NULL,NULL,NULL,NULL,0,0,2,'2023-07-14 16:24:15','2023-06-16 22:30:43',0),(260,'https://floristeriagheraldin.com/producto/diseno-en-rosas-y-gerveras/','69:3cf59a8c74f595099b441c36994de517',16471,'post','product',1,0,NULL,NULL,'Diseño en rosas y gerveras','publish',NULL,0,NULL,NULL,NULL,NULL,NULL,0,0,NULL,0,NULL,NULL,NULL,NULL,'https://floristeriagheraldin.com/wp-content/uploads/2023/06/Diseno_rosas_gerveras_con_globo-2508x2508-1.jpg',NULL,'16748','featured-image',NULL,NULL,'https://floristeriagheraldin.com/wp-content/uploads/2023/06/Diseno_rosas_gerveras_con_globo-2508x2508-1.jpg','16748','featured-image','{\"width\":2508,\"height\":2508,\"filesize\":714301,\"url\":\"https://floristeriagheraldin.com/wp-content/uploads/2023/06/Diseno_rosas_gerveras_con_globo-2508x2508-1.jpg\",\"path\":\"/var/www/vhosts/floristeriagheraldin.com/public_html/wp-content/uploads/2023/06/Diseno_rosas_gerveras_con_globo-2508x2508-1.jpg\",\"size\":\"full\",\"id\":16748,\"alt\":\"\",\"pixels\":6290064,\"type\":\"image/jpeg\"}',0,0,NULL,'2023-06-16 22:30:45','2023-08-18 20:20:56',1,NULL,NULL,NULL,NULL,0,0,2,'2023-07-14 16:18:12','2023-06-16 22:30:43',0),(261,'https://floristeriagheraldin.com/producto/diseno-con-orquideas/','63:7c9362189a60a5d2ac5e6b7cfe51c023',16473,'post','product',1,0,NULL,NULL,'Diseño con orquideas','publish',NULL,0,NULL,NULL,NULL,NULL,NULL,0,0,NULL,0,NULL,NULL,NULL,NULL,'https://floristeriagheraldin.com/wp-content/uploads/2023/06/Diseno_con_orquideas.jpeg',NULL,'16446','featured-image',NULL,NULL,'https://floristeriagheraldin.com/wp-content/uploads/2023/06/Diseno_con_orquideas.jpeg','16446','featured-image','{\"width\":1280,\"height\":1280,\"filesize\":88593,\"url\":\"https://floristeriagheraldin.com/wp-content/uploads/2023/06/Diseno_con_orquideas.jpeg\",\"path\":\"/var/www/vhosts/floristeriagheraldin.com/public_html/wp-content/uploads/2023/06/Diseno_con_orquideas.jpeg\",\"size\":\"full\",\"id\":16446,\"alt\":\"\",\"pixels\":1638400,\"type\":\"image/jpeg\"}',0,0,NULL,'2023-06-16 22:30:45','2023-08-18 20:21:14',1,NULL,NULL,NULL,NULL,0,0,2,'2023-07-14 16:20:40','2023-06-16 22:30:43',0),(262,'https://floristeriagheraldin.com/producto/diseno-24-rosas-y-girasoles/','70:37d293981aa2280fd052f919ad521c09',16475,'post','product',1,0,NULL,NULL,'Diseño 24 rosas y girasoles','publish',NULL,0,NULL,NULL,NULL,NULL,NULL,0,0,NULL,0,NULL,NULL,NULL,NULL,'https://floristeriagheraldin.com/wp-content/uploads/2023/06/Diseno_24_rosas_y_girasoles-3168x3168-1-scaled.jpg',NULL,'16750','featured-image',NULL,NULL,'https://floristeriagheraldin.com/wp-content/uploads/2023/06/Diseno_24_rosas_y_girasoles-3168x3168-1-scaled.jpg','16750','featured-image','{\"width\":2560,\"height\":2560,\"filesize\":412542,\"url\":\"https://floristeriagheraldin.com/wp-content/uploads/2023/06/Diseno_24_rosas_y_girasoles-3168x3168-1-scaled.jpg\",\"path\":\"/var/www/vhosts/floristeriagheraldin.com/public_html/wp-content/uploads/2023/06/Diseno_24_rosas_y_girasoles-3168x3168-1-scaled.jpg\",\"size\":\"full\",\"id\":16750,\"alt\":\"\",\"pixels\":6553600,\"type\":\"image/jpeg\"}',0,0,NULL,'2023-06-16 22:30:45','2023-08-18 20:21:14',1,NULL,NULL,NULL,NULL,0,0,2,'2023-07-14 16:20:24','2023-06-16 22:30:43',0),(263,'https://floristeriagheraldin.com/?post_type=product&p=16477','59:4cf9018c1caeab21c6b42a37a9d8d19e',16477,'post','product',1,0,NULL,NULL,'Diseño en agrupaciones','draft',0,0,NULL,NULL,NULL,NULL,NULL,0,0,NULL,0,NULL,NULL,NULL,NULL,NULL,NULL,NULL,NULL,NULL,NULL,NULL,NULL,NULL,NULL,0,NULL,NULL,'2023-06-16 22:30:45','2023-06-17 02:34:26',1,NULL,NULL,NULL,NULL,0,0,2,'2023-06-16 22:34:26','2023-06-16 22:30:43',0),(264,'https://floristeriagheraldin.com/producto/arreglo-floral-tipo-sembrado-24-rosas-en-cilindro/','92:7b468cdc62d785c5dcd75576089879a6',16530,'post','product',1,0,NULL,NULL,'Arreglo floral tipo sembrado 24 rosas en cilindro','publish',NULL,0,NULL,NULL,NULL,NULL,NULL,0,0,NULL,0,NULL,NULL,NULL,NULL,'https://floristeriagheraldin.com/wp-content/uploads/2023/07/Sembrado_24_rosas_en_cilindro-3024x3024-1-scaled.jpg',NULL,'16730','featured-image',NULL,NULL,'https://floristeriagheraldin.com/wp-content/uploads/2023/07/Sembrado_24_rosas_en_cilindro-3024x3024-1-scaled.jpg','16730','featured-image','{\"width\":2560,\"height\":2560,\"filesize\":322645,\"url\":\"https://floristeriagheraldin.com/wp-content/uploads/2023/07/Sembrado_24_rosas_en_cilindro-3024x3024-1-scaled.jpg\",\"path\":\"/var/www/vhosts/floristeriagheraldin.com/public_html/wp-content/uploads/2023/07/Sembrado_24_rosas_en_cilindro-3024x3024-1-scaled.jpg\",\"size\":\"full\",\"id\":16730,\"alt\":\"\",\"pixels\":6553600,\"type\":\"image/jpeg\"}',0,0,NULL,'2023-07-05 21:57:30','2023-07-14 19:32:53',1,NULL,NULL,NULL,NULL,0,0,2,'2023-07-14 15:37:17','2023-07-05 21:57:30',0),(265,'https://floristeriagheraldin.com/producto/bouquet-con-mensaje-en-el-empaque/','76:d56523ac6fb381f15bfe7ab3cda19319',16532,'post','product',1,0,NULL,NULL,'Bouquet con mensaje en el empaque','publish',NULL,0,NULL,NULL,NULL,NULL,NULL,90,0,NULL,0,NULL,NULL,NULL,NULL,'https://floristeriagheraldin.com/wp-content/uploads/2023/07/Bouquet_con_mensaje-3024x3024-1-scaled.jpg',NULL,'16718','featured-image',NULL,NULL,'https://floristeriagheraldin.com/wp-content/uploads/2023/07/Bouquet_con_mensaje-3024x3024-1-scaled.jpg','16718','featured-image','{\"width\":2560,\"height\":2560,\"filesize\":407860,\"url\":\"https://floristeriagheraldin.com/wp-content/uploads/2023/07/Bouquet_con_mensaje-3024x3024-1-scaled.jpg\",\"path\":\"/var/www/vhosts/floristeriagheraldin.com/public_html/wp-content/uploads/2023/07/Bouquet_con_mensaje-3024x3024-1-scaled.jpg\",\"size\":\"full\",\"id\":16718,\"alt\":\"\",\"pixels\":6553600,\"type\":\"image/jpeg\"}',0,0,NULL,'2023-07-05 21:57:31','2023-08-11 14:35:00',1,NULL,NULL,NULL,NULL,0,1,2,'2023-07-14 15:21:41','2023-07-05 21:57:30',0),(266,'https://floristeriagheraldin.com/categoria/bouquet/de-rosas-y-girasoles/','72:ca623d62985a3b61bb4b622502fba261',123,'term','product_cat',NULL,NULL,NULL,NULL,'De rosas y girasoles',NULL,NULL,0,NULL,NULL,NULL,NULL,NULL,NULL,0,NULL,NULL,NULL,NULL,NULL,NULL,NULL,NULL,NULL,NULL,NULL,NULL,NULL,NULL,NULL,NULL,0,0,NULL,'2023-07-05 21:57:32','2023-08-11 14:35:00',1,NULL,NULL,NULL,NULL,1,NULL,2,'2023-07-14 15:21:41',NULL,NULL),(267,'https://floristeriagheraldin.com/producto/bouquet-de-40-rosas-rojas/','68:2f060fab010d940f8e8a899ddbf7c66f',16534,'post','product',1,0,NULL,NULL,'Bouquet de 40 rosas rojas','publish',NULL,0,NULL,NULL,NULL,NULL,NULL,90,0,NULL,0,NULL,NULL,NULL,NULL,'https://floristeriagheraldin.com/wp-content/uploads/2023/07/Bouquet_40_rosas.jpg',NULL,'16503','featured-image',NULL,NULL,'https://floristeriagheraldin.com/wp-content/uploads/2023/07/Bouquet_40_rosas.jpg','16503','featured-image','{\"width\":1512,\"height\":1512,\"filesize\":539140,\"url\":\"https://floristeriagheraldin.com/wp-content/uploads/2023/07/Bouquet_40_rosas.jpg\",\"path\":\"/var/www/vhosts/floristeriagheraldin.com/public_html/wp-content/uploads/2023/07/Bouquet_40_rosas.jpg\",\"size\":\"full\",\"id\":16503,\"alt\":\"\",\"pixels\":2286144,\"type\":\"image/jpeg\"}',0,0,NULL,'2023-07-05 21:57:32','2023-07-14 19:32:52',1,NULL,NULL,NULL,NULL,0,1,2,'2023-07-14 15:18:37','2023-07-05 21:57:30',0),(268,'https://floristeriagheraldin.com/producto/sembrado-corazon-de-48-rosas/','71:56841246c568771971ec4383f4c3c7b6',16536,'post','product',1,0,NULL,NULL,'Sembrado corazon de 48 rosas','publish',NULL,0,NULL,NULL,NULL,NULL,NULL,90,0,NULL,0,NULL,NULL,NULL,NULL,'https://floristeriagheraldin.com/wp-content/uploads/2023/07/Corazon_mediano_de_rosas-3024x3024-1-scaled.jpg',NULL,'16715','featured-image',NULL,NULL,'https://floristeriagheraldin.com/wp-content/uploads/2023/07/Corazon_mediano_de_rosas-3024x3024-1-scaled.jpg','16715','featured-image','{\"width\":2560,\"height\":2560,\"filesize\":243220,\"url\":\"https://floristeriagheraldin.com/wp-content/uploads/2023/07/Corazon_mediano_de_rosas-3024x3024-1-scaled.jpg\",\"path\":\"/var/www/vhosts/floristeriagheraldin.com/public_html/wp-content/uploads/2023/07/Corazon_mediano_de_rosas-3024x3024-1-scaled.jpg\",\"size\":\"full\",\"id\":16715,\"alt\":\"\",\"pixels\":6553600,\"type\":\"image/jpeg\"}',0,0,NULL,'2023-07-05 21:57:34','2023-07-14 22:05:51',1,NULL,NULL,NULL,NULL,0,1,2,'2023-07-14 15:15:46','2023-07-05 21:57:30',0),(269,'https://floristeriagheraldin.com/producto/arreglo-floral-10-girasoles-24-rosas/','79:c993e6e77a3d8deac20481a33a2fccbc',16538,'post','product',1,0,NULL,NULL,'Arreglo floral 10 girasoles 24 rosas','publish',NULL,0,NULL,NULL,NULL,NULL,NULL,90,0,NULL,0,NULL,NULL,NULL,NULL,'https://floristeriagheraldin.com/wp-content/uploads/2023/07/Arreglo_floral_10_girasoles_24_rosas-3024x3024-1-scaled.jpg',NULL,'16714','featured-image',NULL,NULL,'https://floristeriagheraldin.com/wp-content/uploads/2023/07/Arreglo_floral_10_girasoles_24_rosas-3024x3024-1-scaled.jpg','16714','featured-image','{\"width\":2560,\"height\":2560,\"filesize\":515718,\"url\":\"https://floristeriagheraldin.com/wp-content/uploads/2023/07/Arreglo_floral_10_girasoles_24_rosas-3024x3024-1-scaled.jpg\",\"path\":\"/var/www/vhosts/floristeriagheraldin.com/public_html/wp-content/uploads/2023/07/Arreglo_floral_10_girasoles_24_rosas-3024x3024-1-scaled.jpg\",\"size\":\"full\",\"id\":16714,\"alt\":\"\",\"pixels\":6553600,\"type\":\"image/jpeg\"}',0,0,NULL,'2023-07-05 21:57:34','2023-07-14 19:58:57',1,NULL,NULL,NULL,NULL,0,1,2,'2023-07-14 15:11:07','2023-07-05 21:57:30',0),(270,'https://floristeriagheraldin.com/categoria/arreglos-florales/de-girasoles-y-rosas/','82:cb60447321353e524d4e515611146f12',124,'term','product_cat',NULL,NULL,NULL,NULL,'De girasoles y rosas',NULL,NULL,0,NULL,NULL,NULL,NULL,NULL,NULL,0,NULL,NULL,NULL,NULL,NULL,NULL,NULL,NULL,NULL,NULL,NULL,NULL,NULL,NULL,NULL,NULL,0,0,NULL,'2023-07-05 21:57:34','2023-07-14 19:58:57',1,NULL,NULL,NULL,NULL,1,NULL,2,'2023-07-14 15:11:07',NULL,NULL),(271,'https://floristeriagheraldin.com/producto/jardin-de-rosas-lirios-y-frutas/','74:12a58ac0241f7db4d37c8213e02b783f',16540,'post','product',1,0,NULL,NULL,'Jardin de rosas, lirios y frutas','publish',NULL,0,NULL,NULL,NULL,NULL,NULL,90,0,NULL,0,NULL,NULL,NULL,NULL,'https://floristeriagheraldin.com/wp-content/uploads/2023/07/Jardin_rosas_lirios_y_frutas-3024x3024-1-scaled.jpg',NULL,'16713','featured-image',NULL,NULL,'https://floristeriagheraldin.com/wp-content/uploads/2023/07/Jardin_rosas_lirios_y_frutas-3024x3024-1-scaled.jpg','16713','featured-image','{\"width\":2560,\"height\":2560,\"filesize\":463004,\"url\":\"https://floristeriagheraldin.com/wp-content/uploads/2023/07/Jardin_rosas_lirios_y_frutas-3024x3024-1-scaled.jpg\",\"path\":\"/var/www/vhosts/floristeriagheraldin.com/public_html/wp-content/uploads/2023/07/Jardin_rosas_lirios_y_frutas-3024x3024-1-scaled.jpg\",\"size\":\"full\",\"id\":16713,\"alt\":\"\",\"pixels\":6553600,\"type\":\"image/jpeg\"}',0,0,NULL,'2023-07-05 21:57:34','2023-08-11 14:35:03',1,NULL,NULL,NULL,NULL,0,1,2,'2023-07-14 15:06:18','2023-07-05 21:57:30',0),(272,'https://floristeriagheraldin.com/producto/canasta-de-flores-y-frutas/','69:2177eb27125b81f197e2aca8c14da97b',16542,'post','product',1,0,NULL,NULL,'Canasta de flores y frutas','publish',NULL,0,NULL,NULL,NULL,NULL,NULL,90,0,NULL,0,NULL,NULL,NULL,NULL,'https://floristeriagheraldin.com/wp-content/uploads/2023/07/Canasta_de_frutas_y_flores-3024x3024-1-scaled.jpg',NULL,'16709','featured-image',NULL,NULL,'https://floristeriagheraldin.com/wp-content/uploads/2023/07/Canasta_de_frutas_y_flores-3024x3024-1-scaled.jpg','16709','featured-image','{\"width\":2560,\"height\":2560,\"filesize\":491039,\"url\":\"https://floristeriagheraldin.com/wp-content/uploads/2023/07/Canasta_de_frutas_y_flores-3024x3024-1-scaled.jpg\",\"path\":\"/var/www/vhosts/floristeriagheraldin.com/public_html/wp-content/uploads/2023/07/Canasta_de_frutas_y_flores-3024x3024-1-scaled.jpg\",\"size\":\"full\",\"id\":16709,\"alt\":\"\",\"pixels\":6553600,\"type\":\"image/jpeg\"}',0,0,NULL,'2023-07-05 21:57:34','2023-08-18 20:21:47',1,NULL,NULL,NULL,NULL,0,1,2,'2023-07-14 14:59:08','2023-07-05 21:57:30',0),(273,'https://floristeriagheraldin.com/categoria/canastas/canastas-de-frutas/','71:23ce25553149b3ea3414c25babc8a3a2',125,'term','product_cat',NULL,NULL,NULL,NULL,'Canastas de frutas',NULL,NULL,0,NULL,NULL,NULL,'Canastas de frutas',36,0,0,NULL,NULL,NULL,NULL,NULL,NULL,NULL,NULL,NULL,NULL,NULL,NULL,NULL,NULL,NULL,NULL,0,0,NULL,'2023-07-05 21:57:35','2023-08-18 20:21:47',1,NULL,NULL,NULL,NULL,1,NULL,2,'2023-08-16 22:52:51','2023-07-05 21:57:30',NULL),(274,'https://floristeriagheraldin.com/producto/canasta-frutera-con-flores-exoticas/','78:551e8a9d3f0e2cf162d82cddd268ee26',16544,'post','product',1,0,NULL,NULL,'Canasta frutera con flores exoticas','publish',NULL,0,NULL,NULL,NULL,NULL,NULL,90,0,NULL,0,NULL,NULL,NULL,NULL,'https://floristeriagheraldin.com/wp-content/uploads/2023/07/Canasta_frutera_con_exoticas-3024x3024-1-scaled.jpg',NULL,'16710','featured-image',NULL,NULL,'https://floristeriagheraldin.com/wp-content/uploads/2023/07/Canasta_frutera_con_exoticas-3024x3024-1-scaled.jpg','16710','featured-image','{\"width\":2560,\"height\":2560,\"filesize\":378395,\"url\":\"https://floristeriagheraldin.com/wp-content/uploads/2023/07/Canasta_frutera_con_exoticas-3024x3024-1-scaled.jpg\",\"path\":\"/var/www/vhosts/floristeriagheraldin.com/public_html/wp-content/uploads/2023/07/Canasta_frutera_con_exoticas-3024x3024-1-scaled.jpg\",\"size\":\"full\",\"id\":16710,\"alt\":\"\",\"pixels\":6553600,\"type\":\"image/jpeg\"}',0,0,NULL,'2023-07-05 21:57:35','2023-08-17 03:52:51',1,NULL,NULL,NULL,NULL,0,1,2,'2023-07-14 14:59:33','2023-07-05 21:57:30',0),(275,'https://floristeriagheraldin.com/producto/canasta-frutera-con-gerveras/','71:2dd08587869c59ff074ce084469e1b92',16546,'post','product',1,0,NULL,NULL,'Canasta frutera con gerveras','publish',NULL,0,NULL,NULL,NULL,NULL,NULL,90,0,NULL,0,NULL,NULL,NULL,NULL,'https://floristeriagheraldin.com/wp-content/uploads/2023/07/Canasta_frutera_con_gerveras-3024x3024-1-scaled.jpg',NULL,'16711','featured-image',NULL,NULL,'https://floristeriagheraldin.com/wp-content/uploads/2023/07/Canasta_frutera_con_gerveras-3024x3024-1-scaled.jpg','16711','featured-image','{\"width\":2560,\"height\":2560,\"filesize\":368005,\"url\":\"https://floristeriagheraldin.com/wp-content/uploads/2023/07/Canasta_frutera_con_gerveras-3024x3024-1-scaled.jpg\",\"path\":\"/var/www/vhosts/floristeriagheraldin.com/public_html/wp-content/uploads/2023/07/Canasta_frutera_con_gerveras-3024x3024-1-scaled.jpg\",\"size\":\"full\",\"id\":16711,\"alt\":\"\",\"pixels\":6553600,\"type\":\"image/jpeg\"}',0,0,NULL,'2023-07-05 21:57:35','2023-08-18 20:21:02',1,NULL,NULL,NULL,NULL,0,1,2,'2023-07-14 15:01:56','2023-07-05 21:57:30',0),(276,'https://floristeriagheraldin.com/producto/canasta-frutera-recuperacion/','71:0353faf121dcb09f9bb2b43533d273b5',16548,'post','product',1,0,NULL,NULL,'Canasta frutera recuperacion','publish',NULL,0,NULL,NULL,NULL,NULL,NULL,90,0,NULL,0,NULL,NULL,NULL,NULL,'https://floristeriagheraldin.com/wp-content/uploads/2023/07/Canasta_-frutera_recuperacion-2560x2560-1.jpg',NULL,'16731','featured-image',NULL,NULL,'https://floristeriagheraldin.com/wp-content/uploads/2023/07/Canasta_-frutera_recuperacion-2560x2560-1.jpg','16731','featured-image','{\"width\":2560,\"height\":2560,\"filesize\":761889,\"url\":\"https://floristeriagheraldin.com/wp-content/uploads/2023/07/Canasta_-frutera_recuperacion-2560x2560-1.jpg\",\"path\":\"/var/www/vhosts/floristeriagheraldin.com/public_html/wp-content/uploads/2023/07/Canasta_-frutera_recuperacion-2560x2560-1.jpg\",\"size\":\"full\",\"id\":16731,\"alt\":\"\",\"pixels\":6553600,\"type\":\"image/jpeg\"}',0,0,NULL,'2023-07-05 21:57:35','2023-08-17 03:52:51',1,NULL,NULL,NULL,NULL,0,1,2,'2023-07-14 16:07:02','2023-07-05 21:57:30',0),(277,'https://floristeriagheraldin.com/producto/canasta-frutera-con-flores-vino-chocolates-ferrero-y-globos/','102:79918ac7d002ac418d865ecf083c4ad3',16550,'post','product',1,0,NULL,NULL,'Canasta frutera con flores, vino, chocolates ferrero y globos','publish',NULL,0,NULL,NULL,NULL,NULL,NULL,90,0,NULL,0,NULL,NULL,NULL,NULL,'https://floristeriagheraldin.com/wp-content/uploads/2023/07/Canasta_frutas_flores_vino_chocolates_globo-1992x1992-1.jpg',NULL,'16720','featured-image',NULL,NULL,'https://floristeriagheraldin.com/wp-content/uploads/2023/07/Canasta_frutas_flores_vino_chocolates_globo-1992x1992-1.jpg','16720','featured-image','{\"width\":1992,\"height\":1992,\"filesize\":445465,\"url\":\"https://floristeriagheraldin.com/wp-content/uploads/2023/07/Canasta_frutas_flores_vino_chocolates_globo-1992x1992-1.jpg\",\"path\":\"/var/www/vhosts/floristeriagheraldin.com/public_html/wp-content/uploads/2023/07/Canasta_frutas_flores_vino_chocolates_globo-1992x1992-1.jpg\",\"size\":\"full\",\"id\":16720,\"alt\":\"\",\"pixels\":3968064,\"type\":\"image/jpeg\"}',0,0,NULL,'2023-07-05 21:57:35','2023-08-17 03:52:51',1,NULL,NULL,NULL,NULL,0,1,2,'2023-07-14 15:22:39','2023-07-05 21:57:30',0),(278,'https://floristeriagheraldin.com/producto/bouquet-10-girasoles/','63:ab093be6037fb8a8f30412a8da14d14b',16552,'post','product',1,0,NULL,NULL,'Bouquet 10 girasoles','publish',NULL,0,NULL,NULL,NULL,NULL,NULL,90,0,NULL,0,NULL,NULL,NULL,NULL,'https://floristeriagheraldin.com/wp-content/uploads/2023/07/Bouquet_10_girasoles-1.jpg',NULL,'16721','featured-image',NULL,NULL,'https://floristeriagheraldin.com/wp-content/uploads/2023/07/Bouquet_10_girasoles-1.jpg','16721','featured-image','{\"width\":2000,\"height\":2000,\"filesize\":996183,\"url\":\"https://floristeriagheraldin.com/wp-content/uploads/2023/07/Bouquet_10_girasoles-1.jpg\",\"path\":\"/var/www/vhosts/floristeriagheraldin.com/public_html/wp-content/uploads/2023/07/Bouquet_10_girasoles-1.jpg\",\"size\":\"full\",\"id\":16721,\"alt\":\"\",\"pixels\":4000000,\"type\":\"image/jpeg\"}',0,0,NULL,'2023-07-05 21:57:35','2023-07-14 19:32:53',1,NULL,NULL,NULL,NULL,0,1,2,'2023-07-14 15:24:20','2023-07-05 21:57:30',0),(279,'https://floristeriagheraldin.com/categoria/bouquet/de-girasoles-bouquet/','72:7a93dbbe0c39e84e0232eb75749d1969',126,'term','product_cat',NULL,NULL,NULL,NULL,'De girasoles',NULL,NULL,0,NULL,NULL,NULL,NULL,NULL,NULL,0,NULL,NULL,NULL,NULL,NULL,NULL,NULL,NULL,NULL,NULL,NULL,NULL,NULL,NULL,NULL,NULL,0,0,NULL,'2023-07-05 21:57:36','2023-07-14 22:05:50',1,NULL,NULL,NULL,NULL,1,NULL,2,'2023-07-14 15:33:18',NULL,NULL),(280,'https://floristeriagheraldin.com/producto/bouquet-6-rosas/','58:b2bfda9cfcdc11258868ca73ec85e582',16554,'post','product',1,0,NULL,NULL,'Bouquet 6 rosas','publish',NULL,0,NULL,NULL,NULL,NULL,NULL,0,0,NULL,0,NULL,NULL,NULL,NULL,'https://floristeriagheraldin.com/wp-content/uploads/2023/07/Bouquet_6_rosas.jpg',NULL,'16510','featured-image',NULL,NULL,'https://floristeriagheraldin.com/wp-content/uploads/2023/07/Bouquet_6_rosas.jpg','16510','featured-image','{\"width\":1512,\"height\":1512,\"filesize\":534005,\"url\":\"https://floristeriagheraldin.com/wp-content/uploads/2023/07/Bouquet_6_rosas.jpg\",\"path\":\"/var/www/vhosts/floristeriagheraldin.com/public_html/wp-content/uploads/2023/07/Bouquet_6_rosas.jpg\",\"size\":\"full\",\"id\":16510,\"alt\":\"\",\"pixels\":2286144,\"type\":\"image/jpeg\"}',0,0,NULL,'2023-07-05 21:57:36','2023-07-14 22:05:54',1,NULL,NULL,NULL,NULL,0,NULL,2,'2023-07-05 21:57:36','2023-07-05 21:57:30',0),(281,'https://floristeriagheraldin.com/producto/bouquet-12-rosas-y-bomba/','67:54d7fdd976c5f7ea9ba34d46127c8d18',16556,'post','product',1,0,NULL,NULL,'Bouquet 12 rosas y bomba','publish',NULL,0,NULL,NULL,NULL,NULL,NULL,90,0,NULL,0,NULL,NULL,NULL,NULL,'https://floristeriagheraldin.com/wp-content/uploads/2023/07/Bouquet_12_rosas_y_bomba-3024x3024-1-scaled.jpg',NULL,'16716','featured-image',NULL,NULL,'https://floristeriagheraldin.com/wp-content/uploads/2023/07/Bouquet_12_rosas_y_bomba-3024x3024-1-scaled.jpg','16716','featured-image','{\"width\":2560,\"height\":2560,\"filesize\":306385,\"url\":\"https://floristeriagheraldin.com/wp-content/uploads/2023/07/Bouquet_12_rosas_y_bomba-3024x3024-1-scaled.jpg\",\"path\":\"/var/www/vhosts/floristeriagheraldin.com/public_html/wp-content/uploads/2023/07/Bouquet_12_rosas_y_bomba-3024x3024-1-scaled.jpg\",\"size\":\"full\",\"id\":16716,\"alt\":\"\",\"pixels\":6553600,\"type\":\"image/jpeg\"}',0,0,NULL,'2023-07-05 21:57:36','2023-08-11 14:35:03',1,NULL,NULL,NULL,NULL,0,1,2,'2023-07-14 15:17:07','2023-07-05 21:57:30',0),(282,'https://floristeriagheraldin.com/producto/bouquet-24-rosas-2-globos/','68:11c5f3eb2c8be4d065cba616994d077b',16558,'post','product',1,0,NULL,NULL,'Bouquet 24 rosas 2 globos','publish',NULL,0,NULL,NULL,NULL,NULL,NULL,0,0,NULL,0,NULL,NULL,NULL,NULL,'https://floristeriagheraldin.com/wp-content/uploads/2023/07/Bouquet_24_rosas_2_globos.jpg',NULL,'16517','featured-image',NULL,NULL,'https://floristeriagheraldin.com/wp-content/uploads/2023/07/Bouquet_24_rosas_2_globos.jpg','16517','featured-image','{\"width\":1512,\"height\":1512,\"filesize\":608791,\"url\":\"https://floristeriagheraldin.com/wp-content/uploads/2023/07/Bouquet_24_rosas_2_globos.jpg\",\"path\":\"/var/www/vhosts/floristeriagheraldin.com/public_html/wp-content/uploads/2023/07/Bouquet_24_rosas_2_globos.jpg\",\"size\":\"full\",\"id\":16517,\"alt\":\"\",\"pixels\":2286144,\"type\":\"image/jpeg\"}',0,5,NULL,'2023-07-05 21:57:36','2023-08-18 20:22:52',1,NULL,NULL,NULL,NULL,0,NULL,2,'2023-07-05 21:57:36','2023-07-05 21:57:30',0),(283,'https://floristeriagheraldin.com/producto/bouquet-12-rosas-con-estampado/','73:8d8b77eda13b250c6f13a807e72b42ed',16560,'post','product',1,0,NULL,NULL,'Bouquet 12 rosas con estampado','publish',NULL,0,NULL,NULL,NULL,NULL,NULL,90,0,NULL,0,NULL,NULL,NULL,NULL,'https://floristeriagheraldin.com/wp-content/uploads/2023/07/Bouquet_12_rosas_con_estampado-1.jpg',NULL,'16722','featured-image',NULL,NULL,'https://floristeriagheraldin.com/wp-content/uploads/2023/07/Bouquet_12_rosas_con_estampado-1.jpg','16722','featured-image','{\"width\":1512,\"height\":1512,\"filesize\":382264,\"url\":\"https://floristeriagheraldin.com/wp-content/uploads/2023/07/Bouquet_12_rosas_con_estampado-1.jpg\",\"path\":\"/var/www/vhosts/floristeriagheraldin.com/public_html/wp-content/uploads/2023/07/Bouquet_12_rosas_con_estampado-1.jpg\",\"size\":\"full\",\"id\":16722,\"alt\":\"\",\"pixels\":2286144,\"type\":\"image/jpeg\"}',0,0,NULL,'2023-07-05 21:57:37','2023-07-14 19:07:48',1,NULL,NULL,NULL,NULL,0,1,2,'2023-07-14 15:26:09','2023-07-05 21:57:30',0),(284,'https://floristeriagheraldin.com/producto/bouquet-50-rosas-1-girasol/','69:ccfae5a2fa28cb982afd207b7da0304d',16562,'post','product',1,0,NULL,NULL,'Bouquet 50 rosas 1 girasol','publish',NULL,0,NULL,NULL,NULL,NULL,NULL,90,0,NULL,0,NULL,NULL,NULL,NULL,'https://floristeriagheraldin.com/wp-content/uploads/2023/07/Bouquet_50_rosas_1_girasol-2588x2588-1-scaled.jpg',NULL,'16723','featured-image',NULL,NULL,'https://floristeriagheraldin.com/wp-content/uploads/2023/07/Bouquet_50_rosas_1_girasol-2588x2588-1-scaled.jpg','16723','featured-image','{\"width\":2560,\"height\":2560,\"filesize\":351614,\"url\":\"https://floristeriagheraldin.com/wp-content/uploads/2023/07/Bouquet_50_rosas_1_girasol-2588x2588-1-scaled.jpg\",\"path\":\"/var/www/vhosts/floristeriagheraldin.com/public_html/wp-content/uploads/2023/07/Bouquet_50_rosas_1_girasol-2588x2588-1-scaled.jpg\",\"size\":\"full\",\"id\":16723,\"alt\":\"\",\"pixels\":6553600,\"type\":\"image/jpeg\"}',0,0,NULL,'2023-07-05 21:57:37','2023-08-18 20:21:47',1,NULL,NULL,NULL,NULL,0,1,2,'2023-07-14 15:30:45','2023-07-05 21:57:30',0),(285,'https://floristeriagheraldin.com/producto/bouquet-24-rosas-y-globo/','67:609fa9674e44c7123e21e10058fa7124',16564,'post','product',1,0,NULL,NULL,'Bouquet 24 rosas y globo','publish',NULL,0,NULL,NULL,NULL,NULL,NULL,90,0,NULL,0,NULL,NULL,NULL,NULL,'https://floristeriagheraldin.com/wp-content/uploads/2023/07/Bouquet_24_rosas_y_globo_2-3024x3024-1-scaled.jpg',NULL,'16725','featured-image',NULL,NULL,'https://floristeriagheraldin.com/wp-content/uploads/2023/07/Bouquet_24_rosas_y_globo_2-3024x3024-1-scaled.jpg','16725','featured-image','{\"width\":2560,\"height\":2560,\"filesize\":313257,\"url\":\"https://floristeriagheraldin.com/wp-content/uploads/2023/07/Bouquet_24_rosas_y_globo_2-3024x3024-1-scaled.jpg\",\"path\":\"/var/www/vhosts/floristeriagheraldin.com/public_html/wp-content/uploads/2023/07/Bouquet_24_rosas_y_globo_2-3024x3024-1-scaled.jpg\",\"size\":\"full\",\"id\":16725,\"alt\":\"\",\"pixels\":6553600,\"type\":\"image/jpeg\"}',0,0,NULL,'2023-07-05 21:57:37','2023-08-11 14:35:00',1,NULL,NULL,NULL,NULL,0,1,2,'2023-07-14 15:32:18','2023-07-05 21:57:30',0),(286,'https://floristeriagheraldin.com/producto/bouquet-6-girasoles-en-papel-craft/','77:9b2847b73df133b1247a3e508ba163f5',16566,'post','product',1,0,NULL,NULL,'Bouquet 6 girasoles en papel craft','publish',NULL,0,NULL,NULL,NULL,NULL,NULL,90,0,NULL,0,NULL,NULL,NULL,NULL,'https://floristeriagheraldin.com/wp-content/uploads/2023/07/Bouquet_6_girasoles_en_papel_craft-3024x3024-1-scaled.jpg',NULL,'16727','featured-image',NULL,NULL,'https://floristeriagheraldin.com/wp-content/uploads/2023/07/Bouquet_6_girasoles_en_papel_craft-3024x3024-1-scaled.jpg','16727','featured-image','{\"width\":2560,\"height\":2560,\"filesize\":292919,\"url\":\"https://floristeriagheraldin.com/wp-content/uploads/2023/07/Bouquet_6_girasoles_en_papel_craft-3024x3024-1-scaled.jpg\",\"path\":\"/var/www/vhosts/floristeriagheraldin.com/public_html/wp-content/uploads/2023/07/Bouquet_6_girasoles_en_papel_craft-3024x3024-1-scaled.jpg\",\"size\":\"full\",\"id\":16727,\"alt\":\"\",\"pixels\":6553600,\"type\":\"image/jpeg\"}',0,0,NULL,'2023-07-05 21:57:38','2023-07-14 22:05:50',1,NULL,NULL,NULL,NULL,0,1,2,'2023-07-14 15:33:18','2023-07-05 21:57:30',0),(287,'https://floristeriagheraldin.com/producto/bouquet-de-12-rosas/','62:2f1e191c4e40d09a4544f977e5d49df2',16568,'post','product',1,0,NULL,NULL,'Bouquet de 12 rosas','publish',NULL,0,NULL,NULL,NULL,NULL,NULL,90,0,NULL,0,NULL,NULL,NULL,NULL,'https://floristeriagheraldin.com/wp-content/uploads/2023/07/Bouquet_12_rosas-2472x2472-1.jpg',NULL,'16728','featured-image',NULL,NULL,'https://floristeriagheraldin.com/wp-content/uploads/2023/07/Bouquet_12_rosas-2472x2472-1.jpg','16728','featured-image','{\"width\":2472,\"height\":2472,\"filesize\":623587,\"url\":\"https://floristeriagheraldin.com/wp-content/uploads/2023/07/Bouquet_12_rosas-2472x2472-1.jpg\",\"path\":\"/var/www/vhosts/floristeriagheraldin.com/public_html/wp-content/uploads/2023/07/Bouquet_12_rosas-2472x2472-1.jpg\",\"size\":\"full\",\"id\":16728,\"alt\":\"\",\"pixels\":6110784,\"type\":\"image/jpeg\"}',0,0,NULL,'2023-07-05 21:57:38','2023-07-14 19:35:41',1,NULL,NULL,NULL,NULL,0,1,2,'2023-07-14 15:35:41','2023-07-05 21:57:30',0),(288,'https://floristeriagheraldin.com/producto/diseno-floral-con-orquidea-sinvidio-y-lirios/','87:6459f1a8d2b9fb41a1c5b8e302647c0f',16570,'post','product',1,0,NULL,NULL,'Diseño floral, con orquidea sinvidio y lirios','publish',NULL,0,NULL,NULL,NULL,NULL,NULL,90,0,NULL,0,NULL,NULL,NULL,NULL,'https://floristeriagheraldin.com/wp-content/uploads/2023/07/Diseno_orquidea_sinvidio_y_lirios-3024x3024-1-scaled.jpg',NULL,'16698','featured-image',NULL,NULL,'https://floristeriagheraldin.com/wp-content/uploads/2023/07/Diseno_orquidea_sinvidio_y_lirios-3024x3024-1-scaled.jpg','16698','featured-image','{\"width\":2560,\"height\":2560,\"filesize\":465958,\"url\":\"https://floristeriagheraldin.com/wp-content/uploads/2023/07/Diseno_orquidea_sinvidio_y_lirios-3024x3024-1-scaled.jpg\",\"path\":\"/var/www/vhosts/floristeriagheraldin.com/public_html/wp-content/uploads/2023/07/Diseno_orquidea_sinvidio_y_lirios-3024x3024-1-scaled.jpg\",\"size\":\"full\",\"id\":16698,\"alt\":\"\",\"pixels\":6553600,\"type\":\"image/jpeg\"}',0,0,NULL,'2023-07-05 21:57:40','2023-08-19 01:07:57',1,NULL,NULL,NULL,NULL,0,1,2,'2023-08-18 20:07:54','2023-07-05 21:57:40',0),(289,'https://floristeriagheraldin.com/producto/diseno-floral-con-orquidea-sinvidio-y-girasoles/','90:ceb8ce5e68a124a35fd7f4aa04c93290',16572,'post','product',1,0,NULL,NULL,'Diseño floral, con orquidea sinvidio y Girasoles','publish',NULL,0,NULL,NULL,NULL,NULL,NULL,90,0,NULL,0,NULL,NULL,NULL,NULL,'https://floristeriagheraldin.com/wp-content/uploads/2023/07/Diseno_orquidea_sinvidio_y_variedades-3024x3024-1-scaled.jpg',NULL,'16699','featured-image',NULL,NULL,'https://floristeriagheraldin.com/wp-content/uploads/2023/07/Diseno_orquidea_sinvidio_y_variedades-3024x3024-1-scaled.jpg','16699','featured-image','{\"width\":2560,\"height\":2560,\"filesize\":465549,\"url\":\"https://floristeriagheraldin.com/wp-content/uploads/2023/07/Diseno_orquidea_sinvidio_y_variedades-3024x3024-1-scaled.jpg\",\"path\":\"/var/www/vhosts/floristeriagheraldin.com/public_html/wp-content/uploads/2023/07/Diseno_orquidea_sinvidio_y_variedades-3024x3024-1-scaled.jpg\",\"size\":\"full\",\"id\":16699,\"alt\":\"\",\"pixels\":6553600,\"type\":\"image/jpeg\"}',0,0,NULL,'2023-07-05 21:57:40','2023-08-11 14:34:59',1,NULL,NULL,NULL,NULL,0,1,2,'2023-07-14 14:46:03','2023-07-05 21:57:40',0),(290,'https://floristeriagheraldin.com/producto/canasta-de-frutas-cartuchos-y-lirios/','79:c1300b3c2803aab7f1a62208cc1368f9',16574,'post','product',1,0,NULL,NULL,'Canasta de frutas cartuchos y lirios','publish',NULL,0,NULL,NULL,NULL,NULL,NULL,90,0,NULL,0,NULL,NULL,NULL,NULL,'https://floristeriagheraldin.com/wp-content/uploads/2023/07/Canasta_de_frutas_y_cartuchos-2048x2560-1.jpg',NULL,'16701','featured-image',NULL,NULL,'https://floristeriagheraldin.com/wp-content/uploads/2023/07/Canasta_de_frutas_y_cartuchos-2048x2560-1.jpg','16701','featured-image','{\"width\":2560,\"height\":2560,\"filesize\":1088410,\"url\":\"https://floristeriagheraldin.com/wp-content/uploads/2023/07/Canasta_de_frutas_y_cartuchos-2048x2560-1.jpg\",\"path\":\"/var/www/vhosts/floristeriagheraldin.com/public_html/wp-content/uploads/2023/07/Canasta_de_frutas_y_cartuchos-2048x2560-1.jpg\",\"size\":\"full\",\"id\":16701,\"alt\":\"\",\"pixels\":6553600,\"type\":\"image/jpeg\"}',0,0,NULL,'2023-07-05 21:57:40','2023-08-17 03:52:51',1,NULL,NULL,NULL,NULL,0,1,2,'2023-07-14 14:50:54','2023-07-05 21:57:40',0),(291,'https://floristeriagheraldin.com/producto/canasta-flores-peluche-y-globo-bubuja/','80:7ada6c20b5de314e63c804e302c95c37',16576,'post','product',1,0,NULL,NULL,'Canasta flores peluche y globo bubuja','publish',NULL,0,NULL,NULL,NULL,NULL,NULL,90,0,NULL,0,NULL,NULL,NULL,NULL,'https://floristeriagheraldin.com/wp-content/uploads/2023/07/Canasta_flores_peluche_y_globo.jpg',NULL,'16523','featured-image',NULL,NULL,'https://floristeriagheraldin.com/wp-content/uploads/2023/07/Canasta_flores_peluche_y_globo.jpg','16523','featured-image','{\"width\":1512,\"height\":1512,\"filesize\":617063,\"url\":\"https://floristeriagheraldin.com/wp-content/uploads/2023/07/Canasta_flores_peluche_y_globo.jpg\",\"path\":\"/var/www/vhosts/floristeriagheraldin.com/public_html/wp-content/uploads/2023/07/Canasta_flores_peluche_y_globo.jpg\",\"size\":\"full\",\"id\":16523,\"alt\":\"\",\"pixels\":2286144,\"type\":\"image/jpeg\"}',0,0,NULL,'2023-07-05 21:57:40','2023-07-14 22:05:50',1,NULL,NULL,NULL,NULL,0,1,2,'2023-07-14 14:52:28','2023-07-05 21:57:40',0),(292,'https://floristeriagheraldin.com/producto/arreglo-floral-pequeno-con-frutas-y-globo/','84:906bb9b5eae51ce2374914372c6ce874',16578,'post','product',1,0,NULL,NULL,'Arreglo floral pequeño con frutas y globo','publish',NULL,0,NULL,NULL,NULL,NULL,NULL,90,0,NULL,0,NULL,NULL,NULL,NULL,'https://floristeriagheraldin.com/wp-content/uploads/2023/07/Arreglo_floral_pequeno_con_frutas-3024x3024-2-scaled.jpg',NULL,'16705','featured-image',NULL,NULL,'https://floristeriagheraldin.com/wp-content/uploads/2023/07/Arreglo_floral_pequeno_con_frutas-3024x3024-2-scaled.jpg','16705','featured-image','{\"width\":2560,\"height\":2560,\"filesize\":394779,\"url\":\"https://floristeriagheraldin.com/wp-content/uploads/2023/07/Arreglo_floral_pequeno_con_frutas-3024x3024-2-scaled.jpg\",\"path\":\"/var/www/vhosts/floristeriagheraldin.com/public_html/wp-content/uploads/2023/07/Arreglo_floral_pequeno_con_frutas-3024x3024-2-scaled.jpg\",\"size\":\"full\",\"id\":16705,\"alt\":\"\",\"pixels\":6553600,\"type\":\"image/jpeg\"}',0,0,NULL,'2023-07-05 21:57:40','2023-07-14 22:05:23',1,NULL,NULL,NULL,NULL,0,1,2,'2023-07-14 14:54:38','2023-07-05 21:57:40',0),(293,'https://floristeriagheraldin.com/producto/arreglo-floral-14-girasoles/','70:88aed94b12e600a72f1022c52527a217',16580,'post','product',1,0,NULL,NULL,'Arreglo floral 14 girasoles','publish',NULL,0,NULL,NULL,NULL,NULL,NULL,90,0,NULL,0,NULL,NULL,NULL,NULL,'https://floristeriagheraldin.com/wp-content/uploads/2023/07/Arreglo_floral_14_girasoles-3024x3024-1-scaled.jpg',NULL,'16704','featured-image',NULL,NULL,'https://floristeriagheraldin.com/wp-content/uploads/2023/07/Arreglo_floral_14_girasoles-3024x3024-1-scaled.jpg','16704','featured-image','{\"width\":2560,\"height\":2560,\"filesize\":478066,\"url\":\"https://floristeriagheraldin.com/wp-content/uploads/2023/07/Arreglo_floral_14_girasoles-3024x3024-1-scaled.jpg\",\"path\":\"/var/www/vhosts/floristeriagheraldin.com/public_html/wp-content/uploads/2023/07/Arreglo_floral_14_girasoles-3024x3024-1-scaled.jpg\",\"size\":\"full\",\"id\":16704,\"alt\":\"\",\"pixels\":6553600,\"type\":\"image/jpeg\"}',0,NULL,NULL,'2023-07-05 21:57:40','2023-07-14 18:54:32',1,NULL,NULL,NULL,NULL,0,1,2,'2023-07-14 14:54:32','2023-07-05 21:57:40',0),(294,'https://floristeriagheraldin.com/categoria/arreglos-florales/de-girasoles-arreglos-florales/','92:9c62e3002b8a2e6e8adde2a81316b877',127,'term','product_cat',NULL,NULL,NULL,NULL,'De girasoles',NULL,NULL,0,NULL,NULL,NULL,NULL,NULL,NULL,0,NULL,NULL,NULL,NULL,NULL,NULL,NULL,NULL,NULL,NULL,NULL,NULL,NULL,NULL,NULL,NULL,0,NULL,NULL,'2023-07-05 21:57:41','2023-07-14 18:54:32',1,NULL,NULL,NULL,NULL,1,NULL,2,'2023-07-14 14:54:32',NULL,NULL),(295,'https://floristeriagheraldin.com/producto/arreglo-floral-de-rosas-y-girasoles/','78:d12c5a832bd3a84dfa987b49f1ebba92',16582,'post','product',1,0,NULL,NULL,'Arreglo floral de rosas y girasoles','publish',NULL,0,NULL,NULL,NULL,NULL,NULL,90,0,NULL,0,NULL,NULL,NULL,NULL,'https://floristeriagheraldin.com/wp-content/uploads/2023/07/Arreglo_floral_rosas_y_girasoles-3024x3024-1-scaled.jpg',NULL,'16706','featured-image',NULL,NULL,'https://floristeriagheraldin.com/wp-content/uploads/2023/07/Arreglo_floral_rosas_y_girasoles-3024x3024-1-scaled.jpg','16706','featured-image','{\"width\":2560,\"height\":2560,\"filesize\":441648,\"url\":\"https://floristeriagheraldin.com/wp-content/uploads/2023/07/Arreglo_floral_rosas_y_girasoles-3024x3024-1-scaled.jpg\",\"path\":\"/var/www/vhosts/floristeriagheraldin.com/public_html/wp-content/uploads/2023/07/Arreglo_floral_rosas_y_girasoles-3024x3024-1-scaled.jpg\",\"size\":\"full\",\"id\":16706,\"alt\":\"\",\"pixels\":6553600,\"type\":\"image/jpeg\"}',0,0,NULL,'2023-07-05 21:57:41','2023-07-14 19:22:09',1,NULL,NULL,NULL,NULL,0,1,2,'2023-07-14 14:55:57','2023-07-05 21:57:40',0),(296,'https://floristeriagheraldin.com/producto/arreglo-floral-de-2-tiempos-rosas-y-lirios/','85:81fad0dad60b4e72fd0e2c9545f7677c',16584,'post','product',1,0,NULL,NULL,'Arreglo floral de 2 tiempos rosas y lirios','publish',NULL,0,NULL,NULL,NULL,NULL,NULL,90,0,NULL,0,NULL,NULL,NULL,NULL,'https://floristeriagheraldin.com/wp-content/uploads/2023/07/Arreglo_flores_de_dos_tiempos_rosas_y_lirios-3024x3024-1-scaled.jpg',NULL,'16708','featured-image',NULL,NULL,'https://floristeriagheraldin.com/wp-content/uploads/2023/07/Arreglo_flores_de_dos_tiempos_rosas_y_lirios-3024x3024-1-scaled.jpg','16708','featured-image','{\"width\":2560,\"height\":2560,\"filesize\":506756,\"url\":\"https://floristeriagheraldin.com/wp-content/uploads/2023/07/Arreglo_flores_de_dos_tiempos_rosas_y_lirios-3024x3024-1-scaled.jpg\",\"path\":\"/var/www/vhosts/floristeriagheraldin.com/public_html/wp-content/uploads/2023/07/Arreglo_flores_de_dos_tiempos_rosas_y_lirios-3024x3024-1-scaled.jpg\",\"size\":\"full\",\"id\":16708,\"alt\":\"\",\"pixels\":6553600,\"type\":\"image/jpeg\"}',0,0,NULL,'2023-07-05 21:57:41','2023-08-18 19:27:53',1,NULL,NULL,NULL,NULL,0,1,2,'2023-07-14 14:58:09','2023-07-05 21:57:40',0),(297,'https://floristeriagheraldin.com/producto/arreglo-floral-de-rosas-y-globos/','75:f942f2381e93892a4f52986a6bac261d',16586,'post','product',1,0,NULL,NULL,'Arreglo floral de rosas y globos','publish',NULL,0,NULL,NULL,NULL,NULL,NULL,90,0,NULL,0,NULL,NULL,NULL,NULL,'https://floristeriagheraldin.com/wp-content/uploads/2023/07/Arreglo_floral_de_rosas_y_globo-3024x3024-1-scaled.jpg',NULL,'16707','featured-image',NULL,NULL,'https://floristeriagheraldin.com/wp-content/uploads/2023/07/Arreglo_floral_de_rosas_y_globo-3024x3024-1-scaled.jpg','16707','featured-image','{\"width\":2560,\"height\":2560,\"filesize\":344526,\"url\":\"https://floristeriagheraldin.com/wp-content/uploads/2023/07/Arreglo_floral_de_rosas_y_globo-3024x3024-1-scaled.jpg\",\"path\":\"/var/www/vhosts/floristeriagheraldin.com/public_html/wp-content/uploads/2023/07/Arreglo_floral_de_rosas_y_globo-3024x3024-1-scaled.jpg\",\"size\":\"full\",\"id\":16707,\"alt\":\"\",\"pixels\":6553600,\"type\":\"image/jpeg\"}',0,0,NULL,'2023-07-05 21:57:41','2023-08-18 20:22:49',1,NULL,NULL,NULL,NULL,0,1,2,'2023-07-14 14:56:57','2023-07-05 21:57:40',0),(298,'https://floristeriagheraldin.com/producto/arreglo-floral-jardin-de-rosas-rojas-y-salmon/','88:503bcb3288c216a535ac33a9bf877b0c',16588,'post','product',1,0,NULL,NULL,'Arreglo floral jardin de rosas rojas y salmon','publish',NULL,0,NULL,NULL,NULL,NULL,NULL,90,0,NULL,0,NULL,NULL,NULL,NULL,'https://floristeriagheraldin.com/wp-content/uploads/2023/07/Arreglo_floral_jardin_de_rosas-3024x3024-1-scaled.jpg',NULL,'16700','featured-image',NULL,NULL,'https://floristeriagheraldin.com/wp-content/uploads/2023/07/Arreglo_floral_jardin_de_rosas-3024x3024-1-scaled.jpg','16700','featured-image','{\"width\":2560,\"height\":2560,\"filesize\":630702,\"url\":\"https://floristeriagheraldin.com/wp-content/uploads/2023/07/Arreglo_floral_jardin_de_rosas-3024x3024-1-scaled.jpg\",\"path\":\"/var/www/vhosts/floristeriagheraldin.com/public_html/wp-content/uploads/2023/07/Arreglo_floral_jardin_de_rosas-3024x3024-1-scaled.jpg\",\"size\":\"full\",\"id\":16700,\"alt\":\"\",\"pixels\":6553600,\"type\":\"image/jpeg\"}',0,0,NULL,'2023-07-05 21:57:41','2023-07-14 19:19:16',1,NULL,NULL,NULL,NULL,0,1,2,'2023-07-14 14:52:17','2023-07-05 21:57:40',0),(299,'https://floristeriagheraldin.com/?post_type=product&p=16590','59:8b2669d279ba46692b62e11b57eda39c',16590,'post','product',1,0,NULL,NULL,'Sembrado 12 rosas en base cilindro de madera','draft',0,0,NULL,NULL,NULL,NULL,NULL,90,0,NULL,0,NULL,NULL,NULL,NULL,NULL,NULL,NULL,NULL,NULL,NULL,NULL,NULL,NULL,NULL,0,NULL,NULL,'2023-07-05 21:57:41','2023-07-06 02:16:51',1,NULL,NULL,NULL,NULL,0,1,2,'2023-07-05 22:16:51','2023-07-05 21:57:40',0),(300,'https://floristeriagheraldin.com/ramos-de-flores-para-cumpleanos/','65:cfd472851f7407e68331826899606054',16631,'post','post',1,0,NULL,NULL,'Ramos de flores para cumpleaños','publish',NULL,0,NULL,NULL,NULL,NULL,NULL,90,0,NULL,0,NULL,NULL,NULL,NULL,'https://floristeriagheraldin.com/wp-content/uploads/2023/07/image0-4-2740x1370-1-scaled.jpg',NULL,'16634','featured-image',NULL,NULL,'https://floristeriagheraldin.com/wp-content/uploads/2023/07/image0-4-2740x1370-1-scaled.jpg','16634','featured-image','{\"width\":2560,\"height\":1280,\"filesize\":1143326,\"url\":\"https://floristeriagheraldin.com/wp-content/uploads/2023/07/image0-4-2740x1370-1-scaled.jpg\",\"path\":\"/var/www/vhosts/floristeriagheraldin.com/public_html/wp-content/uploads/2023/07/image0-4-2740x1370-1-scaled.jpg\",\"size\":\"full\",\"id\":16634,\"alt\":\"\",\"pixels\":3276800,\"type\":\"image/jpeg\"}',0,4,NULL,'2023-07-12 19:55:38','2023-07-12 20:06:30',1,NULL,NULL,NULL,NULL,0,3,2,'2023-07-12 19:56:54','2023-07-12 19:56:52',0),(301,'https://floristeriagheraldin.com/flor-de-lis-cual-es-su-significado/','68:ad977e9a703e65ad523346195548eeba',16632,'post','post',1,0,NULL,NULL,'Flor de lis: ¿cuál es su significado?','publish',NULL,0,NULL,NULL,NULL,NULL,NULL,0,0,NULL,0,NULL,NULL,NULL,NULL,NULL,NULL,NULL,NULL,NULL,NULL,NULL,NULL,NULL,NULL,0,4,NULL,'2023-07-12 19:57:06','2023-07-12 20:06:30',1,NULL,NULL,NULL,NULL,0,NULL,2,'2023-07-12 19:58:45','2023-07-12 19:58:45',0),(302,'https://floristeriagheraldin.com/como-plantar-flores/','53:2cafbf6f9c5074f9d476b38c25569e31',16633,'post','post',1,0,NULL,NULL,'¿Cómo plantar flores en casa?','publish',NULL,0,NULL,NULL,NULL,NULL,NULL,90,0,NULL,0,NULL,NULL,NULL,NULL,'https://floristeriagheraldin.com/wp-content/uploads/2023/07/11-single-default.jpg',NULL,'16638','featured-image',NULL,NULL,'https://floristeriagheraldin.com/wp-content/uploads/2023/07/11-single-default.jpg','16638','featured-image','{\"width\":1400,\"height\":933,\"filesize\":155962,\"url\":\"https://floristeriagheraldin.com/wp-content/uploads/2023/07/11-single-default.jpg\",\"path\":\"/var/www/vhosts/floristeriagheraldin.com/public_html/wp-content/uploads/2023/07/11-single-default.jpg\",\"size\":\"full\",\"id\":16638,\"alt\":\"\",\"pixels\":1306200,\"type\":\"image/jpeg\"}',0,4,NULL,'2023-07-12 19:59:01','2023-08-19 01:17:08',1,NULL,NULL,NULL,NULL,0,3,2,'2023-08-18 20:17:07','2023-07-12 20:00:45',0),(303,'https://floristeriagheraldin.com/category/dias-especiales/','58:931d69a6cee8b189acfce48d45de4032',128,'term','category',NULL,NULL,NULL,NULL,'Dias Especiales',NULL,NULL,0,NULL,NULL,NULL,NULL,NULL,NULL,0,NULL,NULL,NULL,NULL,NULL,NULL,NULL,NULL,NULL,NULL,NULL,NULL,NULL,NULL,NULL,NULL,0,NULL,NULL,'2023-07-12 20:08:40','2023-07-13 00:08:40',1,NULL,NULL,NULL,NULL,0,NULL,2,'2023-07-12 20:08:40',NULL,NULL),(304,'https://floristeriagheraldin.com/category/decoracion-en-casa/','61:2f0c2d9ba1a3531d1e0c9c1a6324de15',129,'term','category',NULL,NULL,NULL,NULL,'Decoracion en Casa',NULL,NULL,0,NULL,NULL,NULL,NULL,NULL,NULL,0,NULL,NULL,NULL,NULL,NULL,NULL,NULL,NULL,NULL,NULL,NULL,NULL,NULL,NULL,NULL,NULL,0,1,NULL,'2023-07-12 20:08:49','2023-08-19 01:17:08',1,NULL,NULL,NULL,NULL,0,NULL,2,'2023-08-18 20:17:07',NULL,NULL),(305,'https://floristeriagheraldin.com/woodmart_slide/flowers-slide-1-2-3/','68:98cc8143eb812e832fc3e478a61cb111',16910,'post','woodmart_slide',1,0,NULL,NULL,'Flowers slide 1 movil','publish',NULL,0,NULL,NULL,NULL,NULL,NULL,90,0,NULL,0,NULL,NULL,NULL,NULL,'https://floristeriagheraldin.com/wp-content/uploads/2023/07/Banner-Movil-2-100.jpg',NULL,'16915','featured-image',NULL,NULL,'https://floristeriagheraldin.com/wp-content/uploads/2023/07/Banner-Movil-2-100.jpg','16915','featured-image','{\"width\":750,\"height\":1354,\"filesize\":1369402,\"url\":\"https://floristeriagheraldin.com/wp-content/uploads/2023/07/Banner-Movil-2-100.jpg\",\"path\":\"/var/www/vhosts/floristeriagheraldin.com/public_html/wp-content/uploads/2023/07/Banner-Movil-2-100.jpg\",\"size\":\"full\",\"id\":16915,\"alt\":\"\",\"pixels\":1015500,\"type\":\"image/jpeg\"}',1,NULL,NULL,'2023-07-14 19:47:40','2023-07-14 23:57:12',1,NULL,NULL,NULL,NULL,0,1,2,'2023-07-14 19:57:10','2023-07-14 19:47:40',0),(306,'https://floristeriagheraldin.com/woodmart_slide/flowers-slide-1-2-3-2/','70:3411f05f67254be92c7d62c8484fbd93',16912,'post','woodmart_slide',1,0,NULL,NULL,'Flowers slide 2 movil','publish',NULL,0,NULL,NULL,NULL,NULL,NULL,90,0,NULL,0,NULL,NULL,NULL,NULL,'https://floristeriagheraldin.com/wp-content/uploads/2023/07/Banner-Movil-1-100.jpg',NULL,'16913','featured-image',NULL,NULL,'https://floristeriagheraldin.com/wp-content/uploads/2023/07/Banner-Movil-1-100.jpg','16913','featured-image','{\"width\":750,\"height\":1354,\"filesize\":1310987,\"url\":\"https://floristeriagheraldin.com/wp-content/uploads/2023/07/Banner-Movil-1-100.jpg\",\"path\":\"/var/www/vhosts/floristeriagheraldin.com/public_html/wp-content/uploads/2023/07/Banner-Movil-1-100.jpg\",\"size\":\"full\",\"id\":16913,\"alt\":\"\",\"pixels\":1015500,\"type\":\"image/jpeg\"}',1,NULL,NULL,'2023-07-14 19:48:46','2023-07-14 23:57:20',1,NULL,NULL,NULL,NULL,0,1,2,'2023-07-14 19:57:17','2023-07-14 19:50:16',0),(307,'https://floristeriagheraldin.com/woodmart_slider/movil/','55:021594ed7b4552e3fd32fa0e5ec8844c',130,'term','woodmart_slider',NULL,NULL,NULL,NULL,'movil',NULL,NULL,0,NULL,NULL,NULL,'movil',36,0,0,NULL,NULL,NULL,NULL,NULL,NULL,NULL,NULL,NULL,NULL,NULL,NULL,NULL,NULL,NULL,NULL,0,NULL,NULL,'2023-07-14 19:56:59','2023-07-15 01:10:50',1,NULL,NULL,NULL,NULL,0,NULL,2,'2023-07-14 21:10:50','2023-07-14 19:47:40',NULL);

--
-- Table structure for table `MHC5Tl_yoast_indexable_hierarchy`
--

CREATE TABLE `MHC5Tl_yoast_indexable_hierarchy` (
  `indexable_id` int(11) unsigned NOT NULL,
  `ancestor_id` int(11) unsigned NOT NULL,
  `depth` int(11) unsigned DEFAULT NULL,
  `blog_id` bigint(20) NOT NULL DEFAULT 1,
  PRIMARY KEY (`indexable_id`,`ancestor_id`),
  KEY `indexable_id` (`indexable_id`),
  KEY `ancestor_id` (`ancestor_id`),
  KEY `depth` (`depth`)
) ENGINE=InnoDB DEFAULT CHARSET=utf8mb4 COLLATE=utf8mb4_unicode_520_ci;

--
-- Dumping data for table `MHC5Tl_yoast_indexable_hierarchy`
--

INSERT INTO `MHC5Tl_yoast_indexable_hierarchy` VALUES (1,0,0,1),(6,0,0,1),(7,0,0,1),(8,0,0,1),(9,0,0,1),(10,0,0,1),(11,0,0,1),(12,0,0,1),(13,0,0,1),(14,0,0,1),(15,0,0,1),(16,0,0,1),(17,0,0,1),(18,0,0,1),(19,0,0,1),(20,0,0,1),(21,0,0,1),(22,6,1,1),(23,6,1,1),(24,6,1,1),(25,6,1,1),(26,6,1,1),(27,6,1,1),(28,6,1,1),(29,0,0,1),(30,29,1,1),(31,29,1,1),(32,6,1,1),(33,6,1,1),(34,0,0,1),(35,34,1,1),(36,6,1,1),(37,34,1,1),(38,0,0,1),(39,38,1,1),(40,38,1,1),(41,34,1,1),(42,34,1,1),(43,0,0,1),(44,43,1,1),(45,43,1,1),(46,0,0,1),(47,0,0,1),(48,0,0,1),(49,0,0,1),(50,0,0,1),(51,0,0,1),(52,0,0,1),(53,0,0,1),(54,0,0,1),(55,0,0,1),(56,0,0,1),(57,0,0,1),(58,0,0,1),(59,0,0,1),(60,0,0,1),(61,0,0,1),(62,0,0,1),(63,0,0,1),(64,0,0,1),(65,0,0,1),(66,0,0,1),(67,0,0,1),(68,0,0,1),(69,0,0,1),(70,0,0,1),(71,0,0,1),(72,0,0,1),(73,0,0,1),(74,0,0,1),(75,0,0,1),(76,0,0,1),(77,0,0,1),(78,0,0,1),(79,0,0,1),(80,0,0,1),(81,0,0,1),(82,0,0,1),(83,0,0,1),(84,0,0,1),(85,0,0,1),(86,0,0,1),(87,0,0,1),(88,0,0,1),(89,0,0,1),(94,0,0,1),(95,0,0,1),(96,0,0,1),(97,0,0,1),(98,0,0,1),(99,0,0,1),(100,0,0,1),(101,0,0,1),(102,0,0,1),(127,0,0,1),(128,0,0,1),(129,0,0,1),(130,0,0,1),(131,0,0,1),(132,0,0,1),(133,0,0,1),(134,0,0,1),(135,0,0,1),(136,0,0,1),(137,0,0,1),(138,0,0,1),(139,0,0,1),(140,0,0,1),(141,0,0,1),(142,0,0,1),(143,0,0,1),(144,0,0,1),(145,0,0,1),(146,0,0,1),(147,0,0,1),(148,0,0,1),(149,0,0,1),(150,0,0,1),(151,0,0,1),(152,0,0,1),(153,0,0,1),(154,0,0,1),(155,0,0,1),(156,0,0,1),(157,0,0,1),(158,0,0,1),(159,0,0,1),(160,0,0,1),(173,0,0,1),(174,0,0,1),(175,0,0,1),(176,0,0,1),(177,0,0,1),(178,0,0,1),(179,0,0,1),(181,0,0,1),(184,0,0,1),(185,0,0,1),(186,0,0,1),(187,0,0,1),(188,0,0,1),(189,0,0,1),(190,0,0,1),(191,0,0,1),(192,0,0,1),(193,0,0,1),(194,0,0,1),(195,0,0,1),(196,0,0,1),(197,0,0,1),(198,0,0,1),(199,0,0,1),(200,0,0,1),(201,0,0,1),(202,0,0,1),(203,0,0,1),(204,0,0,1),(205,0,0,1),(206,0,0,1),(207,0,0,1),(208,0,0,1),(209,0,0,1),(210,0,0,1),(211,0,0,1),(212,0,0,1),(213,0,0,1),(214,0,0,1),(215,0,0,1),(216,0,0,1),(217,0,0,1),(218,0,0,1),(220,38,1,1),(224,29,1,1),(230,0,0,1),(231,0,0,1),(232,0,0,1),(233,0,0,1),(234,0,0,1),(235,0,0,1),(236,0,0,1),(237,0,0,1),(238,0,0,1),(239,0,0,1),(240,0,0,1),(241,0,0,1),(242,0,0,1),(243,0,0,1),(244,0,0,1),(245,0,0,1),(246,0,0,1),(247,0,0,1),(248,0,0,1),(249,0,0,1),(250,0,0,1),(251,0,0,1),(252,0,0,1),(253,0,0,1),(254,0,0,1),(255,6,1,1),(256,0,0,1),(257,0,0,1),(258,0,0,1),(259,0,0,1),(260,0,0,1),(261,0,0,1),(262,0,0,1),(263,0,0,1),(264,0,0,1),(265,0,0,1),(266,34,1,1),(267,0,0,1),(268,0,0,1),(269,0,0,1),(270,6,1,1),(271,0,0,1),(272,0,0,1),(273,217,1,1),(274,0,0,1),(275,0,0,1),(276,0,0,1),(277,0,0,1),(278,0,0,1),(279,34,1,1),(280,0,0,1),(281,0,0,1),(282,0,0,1),(283,0,0,1),(284,0,0,1),(285,0,0,1),(286,0,0,1),(287,0,0,1),(288,0,0,1),(289,0,0,1),(290,0,0,1),(291,0,0,1),(292,0,0,1),(293,0,0,1),(294,6,1,1),(295,0,0,1),(296,0,0,1),(297,0,0,1),(298,0,0,1),(299,0,0,1),(300,0,0,1),(301,0,0,1),(302,0,0,1),(303,0,0,1),(304,0,0,1),(305,0,0,1),(306,0,0,1),(307,0,0,1);

--
-- Table structure for table `MHC5Tl_yoast_migrations`
--

CREATE TABLE `MHC5Tl_yoast_migrations` (
  `id` int(11) unsigned NOT NULL AUTO_INCREMENT,
  `version` varchar(191) DEFAULT NULL,
  PRIMARY KEY (`id`),
  UNIQUE KEY `MHC5Tl_yoast_migrations_version` (`version`)
) ENGINE=InnoDB AUTO_INCREMENT=25 DEFAULT CHARSET=utf8mb4 COLLATE=utf8mb4_unicode_520_ci;

--
-- Dumping data for table `MHC5Tl_yoast_migrations`
--

INSERT INTO `MHC5Tl_yoast_migrations` VALUES (1,'20171228151840'),(2,'20171228151841'),(3,'20190529075038'),(4,'20191011111109'),(5,'20200408101900'),(6,'20200420073606'),(7,'20200428123747'),(8,'20200428194858'),(9,'20200429105310'),(10,'20200430075614'),(11,'20200430150130'),(12,'20200507054848'),(13,'20200513133401'),(14,'20200609154515'),(15,'20200616130143'),(16,'20200617122511'),(17,'20200702141921'),(18,'20200728095334'),(19,'20201202144329'),(20,'20201216124002'),(21,'20201216141134'),(22,'20210817092415'),(23,'20211020091404'),(24,'20230417083836');

--
-- Table structure for table `MHC5Tl_yoast_primary_term`
--

CREATE TABLE `MHC5Tl_yoast_primary_term` (
  `id` int(11) unsigned NOT NULL AUTO_INCREMENT,
  `post_id` bigint(20) DEFAULT NULL,
  `term_id` bigint(20) DEFAULT NULL,
  `taxonomy` varchar(32) NOT NULL,
  `created_at` datetime DEFAULT NULL,
  `updated_at` timestamp NOT NULL DEFAULT current_timestamp() ON UPDATE current_timestamp(),
  `blog_id` bigint(20) NOT NULL DEFAULT 1,
  PRIMARY KEY (`id`),
  KEY `post_taxonomy` (`post_id`,`taxonomy`),
  KEY `post_term` (`post_id`,`term_id`)
) ENGINE=InnoDB AUTO_INCREMENT=4 DEFAULT CHARSET=utf8mb4 COLLATE=utf8mb4_unicode_520_ci;

--
-- Dumping data for table `MHC5Tl_yoast_primary_term`
--

INSERT INTO `MHC5Tl_yoast_primary_term` VALUES (2,16570,20,'product_cat','2023-08-18 20:07:56','2023-08-19 01:07:56',1),(3,16633,129,'category','2023-08-18 20:17:08','2023-08-19 01:17:08',1);

--
-- Table structure for table `MHC5Tl_yoast_seo_links`
--

CREATE TABLE `MHC5Tl_yoast_seo_links` (
  `id` bigint(20) unsigned NOT NULL AUTO_INCREMENT,
  `url` varchar(255) DEFAULT NULL,
  `post_id` bigint(20) unsigned DEFAULT NULL,
  `target_post_id` bigint(20) unsigned DEFAULT NULL,
  `type` varchar(8) DEFAULT NULL,
  `indexable_id` int(11) unsigned DEFAULT NULL,
  `target_indexable_id` int(11) unsigned DEFAULT NULL,
  `height` int(11) unsigned DEFAULT NULL,
  `width` int(11) unsigned DEFAULT NULL,
  `size` int(11) unsigned DEFAULT NULL,
  `language` varchar(32) DEFAULT NULL,
  `region` varchar(32) DEFAULT NULL,
  PRIMARY KEY (`id`),
  KEY `link_direction` (`post_id`,`type`),
  KEY `indexable_link_direction` (`indexable_id`,`type`)
) ENGINE=InnoDB AUTO_INCREMENT=4020 DEFAULT CHARSET=utf8mb3 COLLATE=utf8mb3_general_ci;

--
-- Dumping data for table `MHC5Tl_yoast_seo_links`
--

INSERT INTO `MHC5Tl_yoast_seo_links` VALUES (1,'https://floristeriagheraldin.com/producto/arreglo-floal-18-rosas/',228,15727,'internal',46,135,NULL,NULL,NULL,NULL,NULL),(2,'https://floristeriagheraldin.com/categoria/arreglos-florales/',228,NULL,'internal',46,6,NULL,NULL,NULL,NULL,NULL),(3,'https://floristeriagheraldin.com/categoria/arreglos-florales/de-rosas/',228,NULL,'internal',46,22,NULL,NULL,NULL,NULL,NULL),(4,'https://floristeriagheraldin.com/producto/arreglo-floal-18-rosas/',228,15727,'internal',46,135,NULL,NULL,NULL,NULL,NULL),(5,'https://floristeriagheraldin.com/producto/arreglo-floral-de-2-tiempos/',228,15737,'internal',46,140,NULL,NULL,NULL,NULL,NULL),(6,'https://floristeriagheraldin.com/categoria/arreglos-florales/',228,NULL,'internal',46,6,NULL,NULL,NULL,NULL,NULL),(7,'https://floristeriagheraldin.com/categoria/arreglos-florales/de-dos-tiempos/',228,NULL,'internal',46,28,NULL,NULL,NULL,NULL,NULL),(8,'https://floristeriagheraldin.com/producto/arreglo-floral-de-2-tiempos/',228,15737,'internal',46,140,NULL,NULL,NULL,NULL,NULL),(9,'https://floristeriagheraldin.com/producto/arreglo-floral-de-rosas-con-peluche/',228,15761,'internal',46,152,NULL,NULL,NULL,NULL,NULL),(10,'https://floristeriagheraldin.com/categoria/arreglos-florales/',228,NULL,'internal',46,6,NULL,NULL,NULL,NULL,NULL),(11,'https://floristeriagheraldin.com/categoria/arreglos-florales/arreglos-florales-con-peluche/',228,NULL,'internal',46,33,NULL,NULL,NULL,NULL,NULL),(12,'https://floristeriagheraldin.com/producto/arreglo-floral-de-rosas-con-peluche/',228,15761,'internal',46,152,NULL,NULL,NULL,NULL,NULL),(13,'https://floristeriagheraldin.com/wp-content/uploads/elementor/thumbs/brand-klober-q733tpgzc2cxac591xnd225betuvp18s8fxybhrxpw.png',228,NULL,'image-in',46,NULL,NULL,NULL,NULL,NULL,NULL),(14,'https://floristeriagheraldin.com/wp-content/uploads/2023/05/ramo_18_rosas.jpg-800x800.jpeg',228,NULL,'image-in',46,NULL,NULL,NULL,NULL,NULL,NULL),(15,'https://floristeriagheraldin.com/wp-content/uploads/2023/05/Ramo_de_2_tiempos.jpg-800x800.jpeg',228,NULL,'image-in',46,NULL,NULL,NULL,NULL,NULL,NULL),(16,'https://floristeriagheraldin.com/wp-content/uploads/2023/05/Ramo_rosas_con_peluche.jpg-800x800.jpeg',228,NULL,'image-in',46,NULL,NULL,NULL,NULL,NULL,NULL),(17,'https://floristeriagheraldin.com/wp-content/uploads/2021/08/carry-gallery-1.jpg',408,NULL,'internal',48,NULL,NULL,NULL,NULL,NULL,NULL),(18,'https://floristeriagheraldin.com/wp-content/uploads/2021/08/carry-gallery-2.jpg',408,NULL,'internal',48,NULL,NULL,NULL,NULL,NULL,NULL),(19,'https://floristeriagheraldin.com/wp-content/uploads/2021/08/carry-gallery-3.jpg',408,NULL,'internal',48,NULL,NULL,NULL,NULL,NULL,NULL),(20,'https://floristeriagheraldin.com/wp-content/uploads/2021/08/carry-gallery-4.jpg',408,NULL,'internal',48,NULL,NULL,NULL,NULL,NULL,NULL),(21,'https://floristeriagheraldin.com/wp-content/uploads/2021/08/carry-image.png',408,679,'image-in',48,NULL,510,430,68894,NULL,NULL),(22,'https://floristeriagheraldin.com/wp-content/uploads/2021/08/carry-popup-image.png',408,680,'image-in',48,NULL,525,176,5021,NULL,NULL),(23,'https://floristeriagheraldin.com/wp-content/uploads/2021/08/carry-gallery-1.jpg',408,675,'image-in',48,NULL,400,400,13327,NULL,NULL),(24,'https://floristeriagheraldin.com/wp-content/uploads/2021/08/carry-gallery-2.jpg',408,676,'image-in',48,NULL,400,400,18293,NULL,NULL),(25,'https://floristeriagheraldin.com/wp-content/uploads/2021/08/carry-gallery-3.jpg',408,677,'image-in',48,NULL,400,400,21351,NULL,NULL),(26,'https://floristeriagheraldin.com/wp-content/uploads/2021/08/carry-gallery-4.jpg',408,678,'image-in',48,NULL,400,400,21505,NULL,NULL),(27,'https://floristeriagheraldin.com/wp-content/uploads/2021/08/lamp-extra.jpg',420,NULL,'internal',49,NULL,NULL,NULL,NULL,NULL,NULL),(28,'https://floristeriagheraldin.com/wp-content/uploads/2021/08/lamp-gall-1-sm-1.jpg',420,NULL,'internal',49,NULL,NULL,NULL,NULL,NULL,NULL),(29,'https://floristeriagheraldin.com/wp-content/uploads/2021/08/lamp-gall-2-sm.jpg',420,NULL,'internal',49,NULL,NULL,NULL,NULL,NULL,NULL),(30,'https://floristeriagheraldin.com/wp-content/uploads/2021/08/lamp-gall-3-sm.jpg',420,NULL,'internal',49,NULL,NULL,NULL,NULL,NULL,NULL),(31,'https://floristeriagheraldin.com/wp-content/uploads/2021/08/lamp-gall-4-sm.jpg',420,NULL,'internal',49,NULL,NULL,NULL,NULL,NULL,NULL),(32,'https://floristeriagheraldin.com/wp-content/uploads/2021/08/lamp-gall-5-sm.jpg',420,NULL,'internal',49,NULL,NULL,NULL,NULL,NULL,NULL),(33,'https://floristeriagheraldin.com/wp-content/uploads/2021/08/lamp-gall-6-sm.jpg',420,NULL,'internal',49,NULL,NULL,NULL,NULL,NULL,NULL),(34,'https://floristeriagheraldin.com/wp-content/uploads/2021/08/lamp-gall-7-sm.jpg',420,NULL,'internal',49,NULL,NULL,NULL,NULL,NULL,NULL),(35,'https://floristeriagheraldin.com/wp-content/uploads/2021/08/lamp-gall-8-sm.jpg',420,NULL,'internal',49,NULL,NULL,NULL,NULL,NULL,NULL),(36,'https://floristeriagheraldin.com/wp-content/uploads/2021/08/lamp-extra.jpg',420,696,'image-in',49,NULL,794,400,21526,NULL,NULL),(37,'https://floristeriagheraldin.com/wp-content/uploads/elementor/thumbs/lamp-gall-1-sm-1-q733wi1pgbmad2id5z2lis9q8bagz8a3g98bh5bhh4.jpg',420,NULL,'image-in',49,NULL,NULL,NULL,NULL,NULL,NULL),(38,'https://floristeriagheraldin.com/wp-content/uploads/elementor/thumbs/lamp-gall-2-sm-q733wizjn5nkooh00hh83a16tp5u6xdtsdvsyfa3aw.jpg',420,NULL,'image-in',49,NULL,NULL,NULL,NULL,NULL,NULL),(39,'https://floristeriagheraldin.com/wp-content/uploads/elementor/thumbs/lamp-gall-3-sm-q733wizjn5nkooh00hh83a16tp5u6xdtsdvsyfa3aw.jpg',420,NULL,'image-in',49,NULL,NULL,NULL,NULL,NULL,NULL),(40,'https://floristeriagheraldin.com/wp-content/uploads/elementor/thumbs/lamp-gall-4-sm-q733wjxdtzov0afmuzvunrsnf317emhk4ijafp8p4o.jpg',420,NULL,'image-in',49,NULL,NULL,NULL,NULL,NULL,NULL),(41,'https://floristeriagheraldin.com/wp-content/uploads/elementor/thumbs/lamp-gall-5-sm-q733wkv80tq5bwe9piah89k40gwkmblagn6rwz7ayg.jpg',420,NULL,'image-in',49,NULL,NULL,NULL,NULL,NULL,NULL),(42,'https://floristeriagheraldin.com/wp-content/uploads/elementor/thumbs/lamp-gall-6-sm-q733wkv80tq5bwe9piah89k40gwkmblagn6rwz7ayg.jpg',420,NULL,'image-in',49,NULL,NULL,NULL,NULL,NULL,NULL),(43,'https://floristeriagheraldin.com/wp-content/uploads/elementor/thumbs/lamp-gall-7-sm-q733wlt27nrfnicwk0p3srbklurxu0p0sru9e95ws8.jpg',420,NULL,'image-in',49,NULL,NULL,NULL,NULL,NULL,NULL),(44,'https://floristeriagheraldin.com/wp-content/uploads/elementor/thumbs/lamp-gall-8-sm-q733wh3v9hl01gjqbgnyyai9mxf3rj6d44ktzvcvnc.jpg',420,NULL,'image-in',49,NULL,NULL,NULL,NULL,NULL,NULL),(45,'https://floristeriagheraldin.com/shop/?filter_brand=vitra',671,47,'internal',50,76,NULL,NULL,NULL,NULL,NULL),(46,'https://floristeriagheraldin.com/shop/?filter_brand=magisso',671,47,'internal',50,76,NULL,NULL,NULL,NULL,NULL),(47,'https://floristeriagheraldin.com/shop/?filter_brand=louis-poulsen',671,47,'internal',50,76,NULL,NULL,NULL,NULL,NULL),(48,'https://floristeriagheraldin.com/shop/?filter_brand=klober',671,47,'internal',50,76,NULL,NULL,NULL,NULL,NULL),(49,'https://floristeriagheraldin.com/wp-content/uploads/elementor/thumbs/cat-menu-furniture-1-q733v0gw6z6zxe0l4ybunp388hrtt94lxr655cmgpo.jpg',671,NULL,'image-in',50,NULL,NULL,NULL,NULL,NULL,NULL),(50,'https://floristeriagheraldin.com/wp-content/uploads/elementor/thumbs/cat-menu-furniture-2-q733v63xbzepv1se80rm2nnzst013fqzyj3210e3oc.jpg',671,NULL,'image-in',50,NULL,NULL,NULL,NULL,NULL,NULL),(51,'https://floristeriagheraldin.com/wp-content/uploads/elementor/thumbs/cat-menu-furniture-3-q733v63xbzepv1se80rm2nnzst013fqzyj3210e3oc.jpg',671,NULL,'image-in',50,NULL,NULL,NULL,NULL,NULL,NULL),(52,'https://floristeriagheraldin.com/wp-content/uploads/elementor/thumbs/cat-menu-furniture-4-q733v71ritg06nr12j68n5fge6veb4uqanqjiacpi4.jpg',671,NULL,'image-in',50,NULL,NULL,NULL,NULL,NULL,NULL),(53,'https://floristeriagheraldin.com/wp-content/uploads/2021/10/brand-witra.png',671,5609,'image-in',50,NULL,100,180,1141,NULL,NULL),(54,'https://floristeriagheraldin.com/wp-content/uploads/2021/08/brand-Magisso.png',671,227,'image-in',50,NULL,100,180,4892,NULL,NULL),(55,'https://floristeriagheraldin.com/wp-content/uploads/2021/08/brand-Louis-Poulsen.png',671,226,'image-in',50,NULL,100,180,19376,NULL,NULL),(56,'https://floristeriagheraldin.com/wp-content/uploads/2021/08/brand-klober.png',671,225,'image-in',50,NULL,100,180,8340,NULL,NULL),(57,'https://floristeriagheraldin.com/producto/ramo-de-rosas-lirios-y-globos/',714,15711,'internal',52,127,NULL,NULL,NULL,NULL,NULL),(58,'https://floristeriagheraldin.com/producto/ramo-de-rosas-lirios-y-globos/',714,15711,'internal',52,127,NULL,NULL,NULL,NULL,NULL),(59,'https://floristeriagheraldin.com/producto/jardin-de-rosas-en-tres-colores/',714,15713,'internal',52,128,NULL,NULL,NULL,NULL,NULL),(60,'https://floristeriagheraldin.com/producto/jardin-de-rosas-en-tres-colores/',714,15713,'internal',52,128,NULL,NULL,NULL,NULL,NULL),(61,'https://floristeriagheraldin.com/producto/ramo-de-rosas-y-girasoles/',714,15715,'internal',52,129,NULL,NULL,NULL,NULL,NULL),(62,'https://floristeriagheraldin.com/producto/ramo-de-rosas-y-girasoles/',714,15715,'internal',52,129,NULL,NULL,NULL,NULL,NULL),(63,'https://floristeriagheraldin.com/producto/arreglo-floral-jardin-de-rosas-y-lirios/',714,15717,'internal',52,130,NULL,NULL,NULL,NULL,NULL),(64,'https://floristeriagheraldin.com/producto/arreglo-floral-jardin-de-rosas-y-lirios/',714,15717,'internal',52,130,NULL,NULL,NULL,NULL,NULL),(65,'https://floristeriagheraldin.com/wp-content/uploads/2023/05/Ramo_de_rosas_lirios_y_globos.jpg.jpeg',714,15696,'image-in',52,NULL,1512,1512,149269,NULL,NULL),(66,'https://floristeriagheraldin.com/wp-content/uploads/2023/05/jardin_de_rosas_3_colores.jpg.jpeg',714,15688,'image-in',52,NULL,1512,1512,141788,NULL,NULL),(67,'https://floristeriagheraldin.com/wp-content/uploads/2023/05/Ramo_de_rosas_y_girasoles.jpg.jpeg',714,15697,'image-in',52,NULL,1512,1512,181868,NULL,NULL),(68,'https://floristeriagheraldin.com/wp-content/uploads/2023/05/Jardin_de_rosas_y_lirios.jpg.jpeg',714,15689,'image-in',52,NULL,1512,1512,130993,NULL,NULL),(69,'https://floristeriagheraldin.com/wp-content/uploads/2021/08/cat-menu-fashion-1.svg',716,689,'image-in',53,NULL,512,512,4549,NULL,NULL),(70,'https://floristeriagheraldin.com/wp-content/uploads/2021/08/cat-menu-fashion-2.svg',716,690,'image-in',53,NULL,512,512,5329,NULL,NULL),(71,'https://floristeriagheraldin.com/wp-content/uploads/2021/08/cat-menu-fashion-3.svg',716,691,'image-in',53,NULL,512,512,3629,NULL,NULL),(72,'https://floristeriagheraldin.com/wp-content/uploads/2021/08/cat-menu-fashion-4.svg',716,692,'image-in',53,NULL,512,512,4537,NULL,NULL),(73,'https://floristeriagheraldin.com/wp-content/uploads/2021/08/cat-menu-fashion-5.svg',716,693,'image-in',53,NULL,512,512,3999,NULL,NULL),(74,'https://floristeriagheraldin.com/wp-content/uploads/2021/08/cat-menu-fashion-6.svg',716,694,'image-in',53,NULL,512,512,3907,NULL,NULL),(75,'https://floristeriagheraldin.com/wp-content/uploads/2021/08/cat-menu-fashion.png',716,687,'image-in',53,NULL,496,318,65986,NULL,NULL),(76,'https://floristeriagheraldin.com/shop/?filter_brand=alessi',718,47,'internal',54,76,NULL,NULL,NULL,NULL,NULL),(77,'https://floristeriagheraldin.com/shop/?filter_brand=eva-solo',718,47,'internal',54,76,NULL,NULL,NULL,NULL,NULL),(78,'https://floristeriagheraldin.com/shop/?filter_brand=flos',718,47,'internal',54,76,NULL,NULL,NULL,NULL,NULL),(79,'https://floristeriagheraldin.com/shop/?filter_brand=hay',718,47,'internal',54,76,NULL,NULL,NULL,NULL,NULL),(80,'https://floristeriagheraldin.com/wp-content/uploads/2021/08/brand-alessi.png',718,220,'image-in',54,NULL,100,180,3414,NULL,NULL),(81,'https://floristeriagheraldin.com/wp-content/uploads/2021/08/brand-Eva-Solo.png',718,221,'image-in',54,NULL,100,180,3752,NULL,NULL),(82,'https://floristeriagheraldin.com/wp-content/uploads/2021/08/brand-flos.png',718,222,'image-in',54,NULL,100,180,4817,NULL,NULL),(83,'https://floristeriagheraldin.com/wp-content/uploads/2021/08/brand-hay.png',718,223,'image-in',54,NULL,100,180,7834,NULL,NULL),(84,'https://floristeriagheraldin.com/producto/arreglo-floal-18-rosas/',722,15727,'internal',56,135,NULL,NULL,NULL,NULL,NULL),(85,'https://floristeriagheraldin.com/producto/arreglo-floal-18-rosas/',722,15727,'internal',56,135,NULL,NULL,NULL,NULL,NULL),(86,'https://floristeriagheraldin.com/categoria/arreglos-florales/',722,NULL,'internal',56,6,NULL,NULL,NULL,NULL,NULL),(87,'https://floristeriagheraldin.com/categoria/arreglos-florales/de-rosas/',722,NULL,'internal',56,22,NULL,NULL,NULL,NULL,NULL),(88,'https://floristeriagheraldin.com/producto/arreglo-floral-de-2-tiempos/',722,15737,'internal',56,140,NULL,NULL,NULL,NULL,NULL),(89,'https://floristeriagheraldin.com/producto/arreglo-floral-de-2-tiempos/',722,15737,'internal',56,140,NULL,NULL,NULL,NULL,NULL),(90,'https://floristeriagheraldin.com/categoria/arreglos-florales/',722,NULL,'internal',56,6,NULL,NULL,NULL,NULL,NULL),(91,'https://floristeriagheraldin.com/categoria/arreglos-florales/de-dos-tiempos/',722,NULL,'internal',56,28,NULL,NULL,NULL,NULL,NULL),(92,'https://floristeriagheraldin.com/wp-content/uploads/elementor/thumbs/ramo_18_rosas.jpg-q738xfza4smna44ooujezo1833akdi3ybluqnn8wn8.jpeg',722,NULL,'image-in',56,NULL,NULL,NULL,NULL,NULL,NULL),(93,'https://floristeriagheraldin.com/wp-content/uploads/elementor/thumbs/Ramo_de_2_tiempos.jpg-q738xjqmw4rskjz82w5x9n32gms18aivo4gokr3byc.jpeg',722,NULL,'image-in',56,NULL,NULL,NULL,NULL,NULL,NULL),(94,'https://floristeriagheraldin.com/wp-content/uploads/elementor/thumbs/wd-ship-1-q733vl5f72sef693k5k0m5tkw8rhhcucsn9geg7j84.jpg',726,NULL,'image-in',58,NULL,NULL,NULL,NULL,NULL,NULL),(95,'https://floristeriagheraldin.com/wp-content/uploads/elementor/thumbs/wd-ship-2-q733vm39dwtoqs7qenyn6nl1hmmup1y34rwxvq651w.jpg',726,NULL,'image-in',58,NULL,NULL,NULL,NULL,NULL,NULL),(96,'https://floristeriagheraldin.com/shop/?filter_brand=vitra',728,47,'internal',59,76,NULL,NULL,NULL,NULL,NULL),(97,'https://floristeriagheraldin.com/shop/?filter_brand=magisso',728,47,'internal',59,76,NULL,NULL,NULL,NULL,NULL),(98,'https://floristeriagheraldin.com/shop/?filter_brand=louis-poulsen',728,47,'internal',59,76,NULL,NULL,NULL,NULL,NULL),(99,'https://floristeriagheraldin.com/shop/?filter_brand=klober',728,47,'internal',59,76,NULL,NULL,NULL,NULL,NULL),(100,'https://floristeriagheraldin.com/shop/?filter_brand=joseph-joseph',728,47,'internal',59,76,NULL,NULL,NULL,NULL,NULL),(101,'https://floristeriagheraldin.com/shop/?filter_brand=hay',728,47,'internal',59,76,NULL,NULL,NULL,NULL,NULL),(102,'https://floristeriagheraldin.com/shop/?filter_brand=flos',728,47,'internal',59,76,NULL,NULL,NULL,NULL,NULL),(103,'https://floristeriagheraldin.com/shop/?filter_brand=eva-solo',728,47,'internal',59,76,NULL,NULL,NULL,NULL,NULL),(104,'https://floristeriagheraldin.com/shop/?filter_brand=alessi',728,47,'internal',59,76,NULL,NULL,NULL,NULL,NULL),(105,'https://floristeriagheraldin.com/wp-content/uploads/2021/10/brand-witra.png',728,5609,'image-in',59,NULL,100,180,1141,NULL,NULL),(106,'https://floristeriagheraldin.com/wp-content/uploads/2021/08/brand-Magisso.png',728,227,'image-in',59,NULL,100,180,4892,NULL,NULL),(107,'https://floristeriagheraldin.com/wp-content/uploads/2021/08/brand-Louis-Poulsen.png',728,226,'image-in',59,NULL,100,180,19376,NULL,NULL),(108,'https://floristeriagheraldin.com/wp-content/uploads/2021/08/brand-klober.png',728,225,'image-in',59,NULL,100,180,8340,NULL,NULL),(109,'https://floristeriagheraldin.com/wp-content/uploads/2021/08/brand-Joseph-Joseph.png',728,224,'image-in',59,NULL,100,180,24733,NULL,NULL),(110,'https://floristeriagheraldin.com/wp-content/uploads/2021/08/brand-hay.png',728,223,'image-in',59,NULL,100,180,7834,NULL,NULL),(111,'https://floristeriagheraldin.com/wp-content/uploads/2021/08/brand-flos.png',728,222,'image-in',59,NULL,100,180,4817,NULL,NULL),(112,'https://floristeriagheraldin.com/wp-content/uploads/2021/08/brand-Eva-Solo.png',728,221,'image-in',59,NULL,100,180,3752,NULL,NULL),(113,'https://floristeriagheraldin.com/wp-content/uploads/2021/08/brand-alessi.png',728,220,'image-in',59,NULL,100,180,3414,NULL,NULL),(114,'https://floristeriagheraldin.com/wp-content/uploads/2021/08/wd-cat-banner-furniture.jpg',730,681,'image-in',60,NULL,575,1600,71381,NULL,NULL),(115,'https://floristeriagheraldin.com/wp-content/uploads/2021/08/default-1.jpg',732,738,'image-in',61,NULL,250,300,37787,NULL,NULL),(116,'https://floristeriagheraldin.com/wp-content/uploads/2021/08/preview-real-estate-1.jpg',732,740,'image-in',61,NULL,250,300,24747,NULL,NULL),(117,'https://floristeriagheraldin.com/wp-content/uploads/2021/08/preview-decor-1.jpg',732,739,'image-in',61,NULL,250,300,14511,NULL,NULL),(118,'https://floristeriagheraldin.com/wp-content/uploads/2021/08/preview-retail-1.jpg',732,741,'image-in',61,NULL,250,300,20274,NULL,NULL),(119,'https://floristeriagheraldin.com/wp-content/uploads/2021/08/carry-popup-image.png',808,680,'image-in',62,NULL,525,176,5021,NULL,NULL),(120,'tel:%20(064)%20332-1233',818,NULL,'external',63,NULL,NULL,NULL,NULL,NULL,NULL),(121,'https://floristeriagheraldin.com/wp-content/uploads/2021/08/wood-logo-dark.svg',818,113,'image-in',63,NULL,53,369,3059,NULL,NULL),(122,'https://floristeriagheraldin.com/wp-content/uploads/2021/08/wd-cursor-dark.svg',818,824,'image-in',63,NULL,477,477,1457,NULL,NULL),(123,'https://floristeriagheraldin.com/wp-content/uploads/2021/08/wd-phone-dark.svg',818,823,'image-in',63,NULL,27,27,1714,NULL,NULL),(124,'https://floristeriagheraldin.com/wp-content/uploads/2021/08/wd-envelope-dark.svg',818,825,'image-in',63,NULL,479,479,934,NULL,NULL),(125,'https://floristeriagheraldin.com/wp-content/uploads/2021/08/furniture-sizes.jpg',827,829,'image-in',64,NULL,342,600,25826,NULL,NULL),(126,'http://track.clientify.it/f/a/MNxJUF_MX5TCH5DxQererg~~/AAArHAA~/RgRmIAHCP0Q3aHR0cHM6Ly93d3cuZmFjZWJvb2suY29tL3Byb2ZpbGUucGhwP2lkPTEwMDA2ODQyNDA5MTM0MFcFc3BjZXVCCmQtwnw9ZJkOeBxSEW5zaWVycmFAeGVudGVyLmNvWAQAAAAA',6046,NULL,'external',66,NULL,NULL,NULL,NULL,NULL,NULL),(128,'https://floristeriagheraldin.com/aviso-de-privacidad/',6046,15619,'internal',66,84,NULL,NULL,NULL,NULL,NULL),(129,'https://floristeriagheraldin.com/preguntas-frecuentes/',6046,15618,'internal',66,89,NULL,NULL,NULL,NULL,NULL),(130,'https://floristeriagheraldin.com/politica-de-cambios-y-devoluciones/',6046,15615,'internal',66,86,NULL,NULL,NULL,NULL,NULL),(131,'https://floristeriagheraldin.com/politicas-de-privacidad/',6046,15614,'internal',66,85,NULL,NULL,NULL,NULL,NULL),(132,'https://floristeriagheraldin.com/peticiones-quejas-y-reclamos/',6046,15616,'internal',66,87,NULL,NULL,NULL,NULL,NULL),(133,'https://floristeriagheraldin.com/terminos-y-condiciones/',6046,15617,'internal',66,88,NULL,NULL,NULL,NULL,NULL),(134,'https://floristeriagheraldin.com/wp-content/uploads/2023/05/logo.png',6046,15590,'image-in',66,NULL,541,1145,53976,NULL,NULL),(135,'https://floristeriagheraldin.com/shop/',8364,47,'internal',67,76,NULL,NULL,NULL,NULL,NULL),(136,'https://floristeriagheraldin.com/shop/?opts=filters_area',8364,47,'internal',67,76,NULL,NULL,NULL,NULL,NULL),(137,'https://floristeriagheraldin.com/shop/?opts=hidden_sidebar',8364,47,'internal',67,76,NULL,NULL,NULL,NULL,NULL),(138,'https://floristeriagheraldin.com/shop/?opts=no_page_heading',8364,47,'internal',67,76,NULL,NULL,NULL,NULL,NULL),(139,'https://floristeriagheraldin.com/shop/?opts=small_categories',8364,47,'internal',67,76,NULL,NULL,NULL,NULL,NULL),(140,'https://floristeriagheraldin.com/shop/?opts=bordered_grid',8364,47,'internal',67,76,NULL,NULL,NULL,NULL,NULL),(141,'https://floristeriagheraldin.com/shop/?opts=list_view',8364,47,'internal',67,76,NULL,NULL,NULL,NULL,NULL),(142,'https://floristeriagheraldin.com/shop/?opts=with_background',8364,47,'internal',67,76,NULL,NULL,NULL,NULL,NULL),(143,'https://floristeriagheraldin.com/product-category/furniture/',8364,NULL,'internal',67,NULL,NULL,NULL,NULL,NULL,NULL),(144,'https://floristeriagheraldin.com/shop/?opts=header_overlap',8364,47,'internal',67,76,NULL,NULL,NULL,NULL,NULL),(145,'https://floristeriagheraldin.com/shop',8364,NULL,'internal',67,NULL,NULL,NULL,NULL,NULL,NULL),(146,'https://floristeriagheraldin.com/shop/',8364,47,'internal',67,76,NULL,NULL,NULL,NULL,NULL),(147,'https://floristeriagheraldin.com/shop',8364,NULL,'internal',67,NULL,NULL,NULL,NULL,NULL,NULL),(148,'https://floristeriagheraldin.com/shop/?opts=hover_icons',8364,47,'internal',67,76,NULL,NULL,NULL,NULL,NULL),(149,'https://floristeriagheraldin.com/shop/?opts=hover_icons_cart',8364,47,'internal',67,76,NULL,NULL,NULL,NULL,NULL),(150,'https://floristeriagheraldin.com/shop/?opts=image_info',8364,47,'internal',67,76,NULL,NULL,NULL,NULL,NULL),(151,'https://floristeriagheraldin.com/shop/?opts=hover_info',8364,47,'internal',67,76,NULL,NULL,NULL,NULL,NULL),(152,'https://floristeriagheraldin.com/shop/?opts=image_button',8364,47,'internal',67,76,NULL,NULL,NULL,NULL,NULL),(153,'https://floristeriagheraldin.com/shop/?opts=button_standard',8364,47,'internal',67,76,NULL,NULL,NULL,NULL,NULL),(154,'https://floristeriagheraldin.com/shop/?opts=quick_shop',8364,47,'internal',67,76,NULL,NULL,NULL,NULL,NULL),(155,'https://floristeriagheraldin.com/shop/?opts=tiled_hover',8364,47,'internal',67,76,NULL,NULL,NULL,NULL,NULL),(156,'https://floristeriagheraldin.com/shop/',8364,47,'internal',67,76,NULL,NULL,NULL,NULL,NULL),(157,'https://floristeriagheraldin.com/product/eames-plastic-side-chair/',8364,NULL,'internal',67,NULL,NULL,NULL,NULL,NULL,NULL),(158,'https://floristeriagheraldin.com/product/panton-tunior-chair/?opts=product_center',8364,NULL,'internal',67,NULL,NULL,NULL,NULL,NULL,NULL),(159,'https://floristeriagheraldin.com/product/smart-watches-wood-edition/?opts=product_sticky',8364,NULL,'internal',67,NULL,NULL,NULL,NULL,NULL,NULL),(160,'https://floristeriagheraldin.com/product/augue-adipiscing-euismod/?opts=product_shadow',8364,NULL,'internal',67,NULL,NULL,NULL,NULL,NULL,NULL),(161,'https://floristeriagheraldin.com/product/eames-plastic-side-chair/?opts=product_bg',8364,NULL,'internal',67,NULL,NULL,NULL,NULL,NULL,NULL),(162,'https://floristeriagheraldin.com/product/decoration-wooden-present/?opts=product_accordion',8364,NULL,'internal',67,NULL,NULL,NULL,NULL,NULL,NULL),(163,'https://floristeriagheraldin.com/product/wine-bottle-lantern/?opts=accordion_content',8364,NULL,'internal',67,NULL,NULL,NULL,NULL,NULL,NULL),(164,'https://floristeriagheraldin.com/product/wooden-single-drawer/?opts=sticky_add_to_cart',8364,NULL,'internal',67,NULL,NULL,NULL,NULL,NULL,NULL),(165,'https://floristeriagheraldin.com/product/iphone-dock/?opts=product_sidebar',8364,NULL,'internal',67,NULL,NULL,NULL,NULL,NULL,NULL),(166,'https://floristeriagheraldin.com/product/eames-lounge-chair/',8364,NULL,'internal',67,NULL,NULL,NULL,NULL,NULL,NULL),(167,'https://floristeriagheraldin.com/product/ornare-auctor/',8364,NULL,'internal',67,NULL,NULL,NULL,NULL,NULL,NULL),(168,'https://floristeriagheraldin.com/shop/',8364,47,'internal',67,76,NULL,NULL,NULL,NULL,NULL),(169,'https://floristeriagheraldin.com/product/classic-wooden-chair/',8364,NULL,'internal',67,NULL,NULL,NULL,NULL,NULL,NULL),(170,'https://floristeriagheraldin.com/product/augue-adipiscing-euismod/?opts=images_bottom',8364,NULL,'internal',67,NULL,NULL,NULL,NULL,NULL,NULL),(171,'https://floristeriagheraldin.com/product/eames-plastic-side-chair/?opts=images_sticky',8364,NULL,'internal',67,NULL,NULL,NULL,NULL,NULL,NULL),(172,'https://floristeriagheraldin.com/product/panton-tunior-chair/?opts=images_col1',8364,NULL,'internal',67,NULL,NULL,NULL,NULL,NULL,NULL),(173,'https://floristeriagheraldin.com/product/wine-bottle-lantern/?opts=images_col2',8364,NULL,'internal',67,NULL,NULL,NULL,NULL,NULL,NULL),(174,'https://floristeriagheraldin.com/product/decoration-wooden-present/?opts=images_combined',8364,NULL,'internal',67,NULL,NULL,NULL,NULL,NULL,NULL),(175,'https://floristeriagheraldin.com/product/iphone-dock/?opts=product_img_fullwidth',8364,NULL,'internal',67,NULL,NULL,NULL,NULL,NULL,NULL),(176,'https://floristeriagheraldin.com/product/smart-watches-wood-edition/',8364,NULL,'internal',67,NULL,NULL,NULL,NULL,NULL,NULL),(177,'https://floristeriagheraldin.com/product/panton-tunior-chair/?opts=images_small',8364,NULL,'internal',67,NULL,NULL,NULL,NULL,NULL,NULL),(178,'https://floristeriagheraldin.com/product/eames-lounge-chair/?opts=images_large',8364,NULL,'internal',67,NULL,NULL,NULL,NULL,NULL,NULL),(179,'https://floristeriagheraldin.com/product/ornare-auctor/?opts=without_thumb',8364,NULL,'internal',67,NULL,NULL,NULL,NULL,NULL,NULL),(180,'https://floristeriagheraldin.com/shop/',8364,47,'internal',67,76,NULL,NULL,NULL,NULL,NULL),(181,'https://floristeriagheraldin.com/product/augue-adipiscing-euismod/',8364,NULL,'internal',67,NULL,NULL,NULL,NULL,NULL,NULL),(182,'https://floristeriagheraldin.com/product/wooden-single-drawer/',8364,NULL,'internal',67,NULL,NULL,NULL,NULL,NULL,NULL),(183,'https://floristeriagheraldin.com/my-account/',8364,NULL,'internal',67,NULL,NULL,NULL,NULL,NULL,NULL),(184,'https://floristeriagheraldin.com/shop/',8364,47,'internal',67,76,NULL,NULL,NULL,NULL,NULL),(185,'https://floristeriagheraldin.com/product/eames-lounge-chair/',8364,NULL,'internal',67,NULL,NULL,NULL,NULL,NULL,NULL),(186,'https://floristeriagheraldin.com/product/panton-tunior-chair/',8364,NULL,'internal',67,NULL,NULL,NULL,NULL,NULL,NULL),(187,'https://floristeriagheraldin.com/product/henectus-tincidunt/',8364,NULL,'internal',67,NULL,NULL,NULL,NULL,NULL,NULL),(188,'https://floristeriagheraldin.com/product/smart-watches-wood-edition/',8364,NULL,'internal',67,NULL,NULL,NULL,NULL,NULL,NULL),(189,'https://floristeriagheraldin.com/shop/?opts=infinit_scrolling',8364,47,'internal',67,76,NULL,NULL,NULL,NULL,NULL),(190,'https://floristeriagheraldin.com/shop/?opts=load_more',8364,47,'internal',67,76,NULL,NULL,NULL,NULL,NULL),(191,'https://floristeriagheraldin.com/shop/?opts=catalog_mode',8364,47,'internal',67,76,NULL,NULL,NULL,NULL,NULL),(192,'https://floristeriagheraldin.com/shop/?opts=cookies_law',8364,47,'internal',67,76,NULL,NULL,NULL,NULL,NULL),(193,'https://floristeriagheraldin.com/blog/',8371,38,'internal',68,74,NULL,NULL,NULL,NULL,NULL),(194,'https://floristeriagheraldin.com/blog/?opts=blog_alt',8371,38,'internal',68,74,NULL,NULL,NULL,NULL,NULL),(195,'https://floristeriagheraldin.com/blog/?opts=blog_small',8371,38,'internal',68,74,NULL,NULL,NULL,NULL,NULL),(196,'https://floristeriagheraldin.com/blog/?opts=blog_chess',8371,38,'internal',68,74,NULL,NULL,NULL,NULL,NULL),(197,'https://floristeriagheraldin.com/blog',8371,NULL,'internal',68,NULL,NULL,NULL,NULL,NULL,NULL),(198,'https://floristeriagheraldin.com/blog/?opts=blog_meta_on_image',8371,38,'internal',68,74,NULL,NULL,NULL,NULL,NULL),(199,'https://floristeriagheraldin.com/blog/?opts=blog_infinit',8371,38,'internal',68,74,NULL,NULL,NULL,NULL,NULL),(200,'https://floristeriagheraldin.com/blog/?opts=blog_flat',8371,38,'internal',68,74,NULL,NULL,NULL,NULL,NULL),(201,'https://floristeriagheraldin.com/blog/?opts=blog_default_flat',8371,38,'internal',68,74,NULL,NULL,NULL,NULL,NULL),(202,'https://floristeriagheraldin.com/blog/?opts=blog_mask',8371,38,'internal',68,74,NULL,NULL,NULL,NULL,NULL),(203,'https://floristeriagheraldin.com/2021/08/27/collar-brings-back-coffee-brewing-ritual/',8371,NULL,'internal',68,NULL,NULL,NULL,NULL,NULL,NULL),(204,'https://floristeriagheraldin.com/2021/08/27/exploring-atlantas-modern-homes/',8371,NULL,'internal',68,NULL,NULL,NULL,NULL,NULL,NULL),(205,'https://floristeriagheraldin.com/2021/08/26/minimalist-japanese-inspired-furniture/',8371,NULL,'internal',68,NULL,NULL,NULL,NULL,NULL,NULL),(206,'https://floristeriagheraldin.com/2021/07/14/sweet-seat-functional-seat-for-it-folks/',8371,NULL,'internal',68,NULL,NULL,NULL,NULL,NULL,NULL),(207,'https://floristeriagheraldin.com/2021/08/27/reinterprets-the-classic-bookshelf/',8371,NULL,'internal',68,NULL,NULL,NULL,NULL,NULL,NULL),(208,'https://floristeriagheraldin.com/2021/08/27/collar-brings-back-coffee-brewing-ritual/',8371,NULL,'internal',68,NULL,NULL,NULL,NULL,NULL,NULL),(209,'https://floristeriagheraldin.com/2021/08/27/creative-water-features-and-exterior/',8371,NULL,'internal',68,NULL,NULL,NULL,NULL,NULL,NULL),(210,'https://floristeriagheraldin.com/2021/08/26/the-big-design-wall-likes-pictures/',8371,NULL,'internal',68,NULL,NULL,NULL,NULL,NULL,NULL),(211,'https://floristeriagheraldin.com/2021/08/26/new-home-decor-from-john-doerson/',8371,NULL,'internal',68,NULL,NULL,NULL,NULL,NULL,NULL),(212,'https://floristeriagheraldin.com/categoria/arreglos-florales/arreglos-florales-con-peluche/',15484,NULL,'internal',69,33,NULL,NULL,NULL,NULL,NULL),(213,'https://floristeriagheraldin.com/categoria/arreglos-florales/arreglos-florales-tipo-jardin/',15484,NULL,'internal',69,23,NULL,NULL,NULL,NULL,NULL),(214,'https://floristeriagheraldin.com/categoria/arreglos-florales/de-dos-tiempos/',15484,NULL,'internal',69,28,NULL,NULL,NULL,NULL,NULL),(215,'https://floristeriagheraldin.com/categoria/arreglos-florales/de-rosas/',15484,NULL,'internal',69,22,NULL,NULL,NULL,NULL,NULL),(216,'https://floristeriagheraldin.com/categoria/arreglos-florales/girasoles-y-rosas/',15484,NULL,'internal',69,24,NULL,NULL,NULL,NULL,NULL),(217,'https://floristeriagheraldin.com/categoria/arreglos-florales/grado/',15484,NULL,'internal',69,25,NULL,NULL,NULL,NULL,NULL),(218,'https://floristeriagheraldin.com/categoria/arreglos-florales/nacimientos/',15484,NULL,'internal',69,36,NULL,NULL,NULL,NULL,NULL),(219,'https://floristeriagheraldin.com/categoria/arreglos-florales/pequenos/',15484,NULL,'internal',69,32,NULL,NULL,NULL,NULL,NULL),(220,'https://floristeriagheraldin.com/categoria/arreglos-florales/sembrados/',15484,NULL,'internal',69,27,NULL,NULL,NULL,NULL,NULL),(221,'https://floristeriagheraldin.com/categoria/arreglos-florales/solo-rosas/',15484,NULL,'internal',69,26,NULL,NULL,NULL,NULL,NULL),(222,'https://floristeriagheraldin.com/producto/arreglo-floal-18-rosas/',15484,15727,'internal',69,135,NULL,NULL,NULL,NULL,NULL),(223,'https://floristeriagheraldin.com/producto/arreglo-floal-18-rosas/',15484,15727,'internal',69,135,NULL,NULL,NULL,NULL,NULL),(224,'https://floristeriagheraldin.com/categoria/arreglos-florales/',15484,NULL,'internal',69,6,NULL,NULL,NULL,NULL,NULL),(225,'https://floristeriagheraldin.com/categoria/arreglos-florales/de-rosas/',15484,NULL,'internal',69,22,NULL,NULL,NULL,NULL,NULL),(226,'https://floristeriagheraldin.com/producto/arreglo-floral-de-2-tiempos/',15484,15737,'internal',69,140,NULL,NULL,NULL,NULL,NULL),(227,'https://floristeriagheraldin.com/producto/arreglo-floral-de-2-tiempos/',15484,15737,'internal',69,140,NULL,NULL,NULL,NULL,NULL),(228,'https://floristeriagheraldin.com/categoria/arreglos-florales/',15484,NULL,'internal',69,6,NULL,NULL,NULL,NULL,NULL),(229,'https://floristeriagheraldin.com/categoria/arreglos-florales/de-dos-tiempos/',15484,NULL,'internal',69,28,NULL,NULL,NULL,NULL,NULL),(230,'https://floristeriagheraldin.com/producto/arreglo-floral-de-rosas-con-peluche/',15484,15761,'internal',69,152,NULL,NULL,NULL,NULL,NULL),(231,'https://floristeriagheraldin.com/producto/arreglo-floral-de-rosas-con-peluche/',15484,15761,'internal',69,152,NULL,NULL,NULL,NULL,NULL),(232,'https://floristeriagheraldin.com/categoria/arreglos-florales/',15484,NULL,'internal',69,6,NULL,NULL,NULL,NULL,NULL),(233,'https://floristeriagheraldin.com/categoria/arreglos-florales/arreglos-florales-con-peluche/',15484,NULL,'internal',69,33,NULL,NULL,NULL,NULL,NULL),(234,'https://floristeriagheraldin.com/producto/arreglo-floral-de-solo-rosas-rojas/',15484,15735,'internal',69,139,NULL,NULL,NULL,NULL,NULL),(235,'https://floristeriagheraldin.com/producto/arreglo-floral-de-solo-rosas-rojas/',15484,15735,'internal',69,139,NULL,NULL,NULL,NULL,NULL),(236,'https://floristeriagheraldin.com/categoria/arreglos-florales/',15484,NULL,'internal',69,6,NULL,NULL,NULL,NULL,NULL),(237,'https://floristeriagheraldin.com/categoria/arreglos-florales/de-rosas/',15484,NULL,'internal',69,22,NULL,NULL,NULL,NULL,NULL),(238,'https://floristeriagheraldin.com/producto/arreglo-floral-jardin-con-chocolates/',15484,15733,'internal',69,138,NULL,NULL,NULL,NULL,NULL),(239,'https://floristeriagheraldin.com/producto/arreglo-floral-jardin-con-chocolates/',15484,15733,'internal',69,138,NULL,NULL,NULL,NULL,NULL),(240,'https://floristeriagheraldin.com/categoria/arreglos-florales/',15484,NULL,'internal',69,6,NULL,NULL,NULL,NULL,NULL),(241,'https://floristeriagheraldin.com/categoria/arreglos-florales/arreglos-florales-tipo-jardin/',15484,NULL,'internal',69,23,NULL,NULL,NULL,NULL,NULL),(242,'https://floristeriagheraldin.com/producto/arreglo-floral-jardin-de-rosas-y-girasoles/',15484,15731,'internal',69,137,NULL,NULL,NULL,NULL,NULL),(243,'https://floristeriagheraldin.com/producto/arreglo-floral-jardin-de-rosas-y-girasoles/',15484,15731,'internal',69,137,NULL,NULL,NULL,NULL,NULL),(244,'https://floristeriagheraldin.com/categoria/arreglos-florales/',15484,NULL,'internal',69,6,NULL,NULL,NULL,NULL,NULL),(245,'https://floristeriagheraldin.com/categoria/arreglos-florales/arreglos-florales-tipo-jardin/',15484,NULL,'internal',69,23,NULL,NULL,NULL,NULL,NULL),(246,'https://floristeriagheraldin.com/producto/arreglo-floral-jardin-de-rosas-y-lirios/',15484,15717,'internal',69,130,NULL,NULL,NULL,NULL,NULL),(247,'https://floristeriagheraldin.com/producto/arreglo-floral-jardin-de-rosas-y-lirios/',15484,15717,'internal',69,130,NULL,NULL,NULL,NULL,NULL),(248,'https://floristeriagheraldin.com/categoria/arreglos-florales/',15484,NULL,'internal',69,6,NULL,NULL,NULL,NULL,NULL),(249,'https://floristeriagheraldin.com/categoria/arreglos-florales/arreglos-florales-tipo-jardin/',15484,NULL,'internal',69,23,NULL,NULL,NULL,NULL,NULL),(250,'https://floristeriagheraldin.com/producto/arreglo-floral-jardin-surtido/',15484,15729,'internal',69,136,NULL,NULL,NULL,NULL,NULL),(251,'https://floristeriagheraldin.com/producto/arreglo-floral-jardin-surtido/',15484,15729,'internal',69,136,NULL,NULL,NULL,NULL,NULL),(252,'https://floristeriagheraldin.com/categoria/arreglos-florales/',15484,NULL,'internal',69,6,NULL,NULL,NULL,NULL,NULL),(253,'https://floristeriagheraldin.com/categoria/arreglos-florales/arreglos-florales-tipo-jardin/',15484,NULL,'internal',69,23,NULL,NULL,NULL,NULL,NULL),(254,'https://floristeriagheraldin.com/wp-content/uploads/2023/05/ramo_18_rosas.jpg-800x800.jpeg',15484,NULL,'image-in',69,NULL,NULL,NULL,NULL,NULL,NULL),(255,'https://floristeriagheraldin.com/wp-content/uploads/2023/05/Ramo_de_2_tiempos.jpg-800x800.jpeg',15484,NULL,'image-in',69,NULL,NULL,NULL,NULL,NULL,NULL),(256,'https://floristeriagheraldin.com/wp-content/uploads/2023/05/Ramo_rosas_con_peluche.jpg-800x800.jpeg',15484,NULL,'image-in',69,NULL,NULL,NULL,NULL,NULL,NULL),(257,'https://floristeriagheraldin.com/wp-content/uploads/2023/05/Ramo_grande_solo_rosas.jpg-800x800.jpeg',15484,NULL,'image-in',69,NULL,NULL,NULL,NULL,NULL,NULL),(258,'https://floristeriagheraldin.com/wp-content/uploads/2023/05/Jardin_rosas_globos_y_chocolates.jpg-800x800.jpeg',15484,NULL,'image-in',69,NULL,NULL,NULL,NULL,NULL,NULL),(259,'https://floristeriagheraldin.com/wp-content/uploads/2023/05/Jardin_rosas_y_girasoles.jpg-800x800.jpeg',15484,NULL,'image-in',69,NULL,NULL,NULL,NULL,NULL,NULL),(260,'https://floristeriagheraldin.com/wp-content/uploads/2023/05/Jardin_de_rosas_y_lirios.jpg-800x800.jpeg',15484,NULL,'image-in',69,NULL,NULL,NULL,NULL,NULL,NULL),(261,'https://floristeriagheraldin.com/wp-content/uploads/2023/05/Jardin_rosas_y-lirios.jpg-800x800.jpeg',15484,NULL,'image-in',69,NULL,NULL,NULL,NULL,NULL,NULL),(262,'https://floristeriagheraldin.com/categoria/bouquet/bouquet-de-rosas/',15491,NULL,'internal',70,35,NULL,NULL,NULL,NULL,NULL),(263,'https://floristeriagheraldin.com/categoria/bouquet/de-rosas-bouquet/',15491,NULL,'internal',70,37,NULL,NULL,NULL,NULL,NULL),(264,'https://floristeriagheraldin.com/categoria/bouquet/girasoles/',15491,NULL,'internal',70,41,NULL,NULL,NULL,NULL,NULL),(265,'https://floristeriagheraldin.com/categoria/bouquet/girasoles-y-rosas-bouquet/',15491,NULL,'internal',70,42,NULL,NULL,NULL,NULL,NULL),(266,'https://floristeriagheraldin.com/producto/bouquet-60-rosas/',15491,15767,'internal',70,155,NULL,NULL,NULL,NULL,NULL),(267,'https://floristeriagheraldin.com/producto/bouquet-60-rosas/',15491,15767,'internal',70,155,NULL,NULL,NULL,NULL,NULL),(268,'https://floristeriagheraldin.com/categoria/bouquet/',15491,NULL,'internal',70,34,NULL,NULL,NULL,NULL,NULL),(269,'https://floristeriagheraldin.com/categoria/bouquet/bouquet-de-rosas/',15491,NULL,'internal',70,35,NULL,NULL,NULL,NULL,NULL),(270,'https://floristeriagheraldin.com/wp-content/uploads/2023/05/Bouquet_-60_rosas.jpg-800x800.jpeg',15491,NULL,'image-in',70,NULL,NULL,NULL,NULL,NULL,NULL),(271,'https://floristeriagheraldin.com/categoria/funebres/funebres-pedestal/',15500,NULL,'internal',71,30,NULL,NULL,NULL,NULL,NULL),(272,'https://floristeriagheraldin.com/categoria/funebres/funebres-pequenos/',15500,NULL,'internal',71,31,NULL,NULL,NULL,NULL,NULL),(273,'https://floristeriagheraldin.com/producto/funebre-de-rosas-blancas-y-margaritas/',15500,15763,'internal',71,153,NULL,NULL,NULL,NULL,NULL),(274,'https://floristeriagheraldin.com/producto/funebre-de-rosas-blancas-y-margaritas/',15500,15763,'internal',71,153,NULL,NULL,NULL,NULL,NULL),(275,'https://floristeriagheraldin.com/categoria/funebres/',15500,NULL,'internal',71,29,NULL,NULL,NULL,NULL,NULL),(276,'https://floristeriagheraldin.com/categoria/funebres/funebres-pedestal/',15500,NULL,'internal',71,30,NULL,NULL,NULL,NULL,NULL),(277,'https://floristeriagheraldin.com/producto/funebre-en-rosas-blancas/',15500,15777,'internal',71,160,NULL,NULL,NULL,NULL,NULL),(278,'https://floristeriagheraldin.com/producto/funebre-en-rosas-blancas/',15500,15777,'internal',71,160,NULL,NULL,NULL,NULL,NULL),(279,'https://floristeriagheraldin.com/categoria/funebres/',15500,NULL,'internal',71,29,NULL,NULL,NULL,NULL,NULL),(280,'https://floristeriagheraldin.com/categoria/funebres/funebres-pedestal/',15500,NULL,'internal',71,30,NULL,NULL,NULL,NULL,NULL),(281,'https://floristeriagheraldin.com/producto/funebre-pedestal/',15500,15741,'internal',71,142,NULL,NULL,NULL,NULL,NULL),(282,'https://floristeriagheraldin.com/producto/funebre-pedestal/',15500,15741,'internal',71,142,NULL,NULL,NULL,NULL,NULL),(283,'https://floristeriagheraldin.com/categoria/funebres/',15500,NULL,'internal',71,29,NULL,NULL,NULL,NULL,NULL),(284,'https://floristeriagheraldin.com/categoria/funebres/funebres-pedestal/',15500,NULL,'internal',71,30,NULL,NULL,NULL,NULL,NULL),(285,'https://floristeriagheraldin.com/producto/funebre-pedestal-amarillo/',15500,15745,'internal',71,144,NULL,NULL,NULL,NULL,NULL),(286,'https://floristeriagheraldin.com/producto/funebre-pedestal-amarillo/',15500,15745,'internal',71,144,NULL,NULL,NULL,NULL,NULL),(287,'https://floristeriagheraldin.com/categoria/funebres/',15500,NULL,'internal',71,29,NULL,NULL,NULL,NULL,NULL),(288,'https://floristeriagheraldin.com/categoria/funebres/funebres-pedestal/',15500,NULL,'internal',71,30,NULL,NULL,NULL,NULL,NULL),(289,'https://floristeriagheraldin.com/producto/funebre-pedestal-blanco/',15500,15759,'internal',71,151,NULL,NULL,NULL,NULL,NULL),(290,'https://floristeriagheraldin.com/producto/funebre-pedestal-blanco/',15500,15759,'internal',71,151,NULL,NULL,NULL,NULL,NULL),(291,'https://floristeriagheraldin.com/categoria/funebres/',15500,NULL,'internal',71,29,NULL,NULL,NULL,NULL,NULL),(292,'https://floristeriagheraldin.com/categoria/funebres/funebres-pedestal/',15500,NULL,'internal',71,30,NULL,NULL,NULL,NULL,NULL),(293,'https://floristeriagheraldin.com/producto/funebre-pedestal-blanco-y-blanco/',15500,15755,'internal',71,149,NULL,NULL,NULL,NULL,NULL),(294,'https://floristeriagheraldin.com/producto/funebre-pedestal-blanco-y-blanco/',15500,15755,'internal',71,149,NULL,NULL,NULL,NULL,NULL),(295,'https://floristeriagheraldin.com/categoria/funebres/',15500,NULL,'internal',71,29,NULL,NULL,NULL,NULL,NULL),(296,'https://floristeriagheraldin.com/categoria/funebres/funebres-pedestal/',15500,NULL,'internal',71,30,NULL,NULL,NULL,NULL,NULL),(297,'https://floristeriagheraldin.com/producto/funebre-pedestal-en-rosas/',15500,15743,'internal',71,143,NULL,NULL,NULL,NULL,NULL),(298,'https://floristeriagheraldin.com/producto/funebre-pedestal-en-rosas/',15500,15743,'internal',71,143,NULL,NULL,NULL,NULL,NULL),(299,'https://floristeriagheraldin.com/categoria/funebres/',15500,NULL,'internal',71,29,NULL,NULL,NULL,NULL,NULL),(300,'https://floristeriagheraldin.com/categoria/funebres/funebres-pedestal/',15500,NULL,'internal',71,30,NULL,NULL,NULL,NULL,NULL),(301,'https://floristeriagheraldin.com/producto/funebre-pedestal-rojo-y-blanco/',15500,15747,'internal',71,145,NULL,NULL,NULL,NULL,NULL),(302,'https://floristeriagheraldin.com/producto/funebre-pedestal-rojo-y-blanco/',15500,15747,'internal',71,145,NULL,NULL,NULL,NULL,NULL),(303,'https://floristeriagheraldin.com/categoria/funebres/',15500,NULL,'internal',71,29,NULL,NULL,NULL,NULL,NULL),(304,'https://floristeriagheraldin.com/categoria/funebres/funebres-pedestal/',15500,NULL,'internal',71,30,NULL,NULL,NULL,NULL,NULL),(305,'https://floristeriagheraldin.com/wp-content/uploads/2023/05/Funebre_rosas_y_margaritas_003.jpg-800x800.jpeg',15500,NULL,'image-in',71,NULL,NULL,NULL,NULL,NULL,NULL),(306,'https://floristeriagheraldin.com/wp-content/uploads/2023/05/Funebre_pedestal_rosas_blancas.jpg-800x800.jpeg',15500,NULL,'image-in',71,NULL,NULL,NULL,NULL,NULL,NULL),(307,'https://floristeriagheraldin.com/wp-content/uploads/2023/05/Funebre_pedestal_rosas_y_margaritas.jpg-800x800.jpeg',15500,NULL,'image-in',71,NULL,NULL,NULL,NULL,NULL,NULL),(308,'https://floristeriagheraldin.com/wp-content/uploads/2023/05/Funebre_pedestal_amarillo.jpg-800x800.jpeg',15500,NULL,'image-in',71,NULL,NULL,NULL,NULL,NULL,NULL),(309,'https://floristeriagheraldin.com/wp-content/uploads/2023/05/Funebre_pedestal_blanco_002.jpg-800x800.jpeg',15500,NULL,'image-in',71,NULL,NULL,NULL,NULL,NULL,NULL),(310,'https://floristeriagheraldin.com/wp-content/uploads/2023/05/Funebre_pedestal_con_rosado.jpg-800x800.jpeg',15500,NULL,'image-in',71,NULL,NULL,NULL,NULL,NULL,NULL),(311,'https://floristeriagheraldin.com/wp-content/uploads/2023/05/Funebre_pedestal_de_rosas.jpg-800x800.jpeg',15500,NULL,'image-in',71,NULL,NULL,NULL,NULL,NULL,NULL),(312,'https://floristeriagheraldin.com/wp-content/uploads/2023/05/Funebre_pedestal_rojo.jpg-800x800.jpeg',15500,NULL,'image-in',71,NULL,NULL,NULL,NULL,NULL,NULL),(313,'https://floristeriagheraldin.com/categoria/cajas-decoradas/de-girasoles/',15508,NULL,'internal',72,44,NULL,NULL,NULL,NULL,NULL),(314,'https://floristeriagheraldin.com/categoria/cajas-decoradas/de-rosas-cajas-decoradas/',15508,NULL,'internal',72,45,NULL,NULL,NULL,NULL,NULL),(315,'https://floristeriagheraldin.com/categoria/sembrados-2/de-chocolates-y-rosas/',15911,NULL,'internal',73,39,NULL,NULL,NULL,NULL,NULL),(316,'https://floristeriagheraldin.com/categoria/sembrados-2/de-rosas-sembrados-2/',15911,NULL,'internal',73,40,NULL,NULL,NULL,NULL,NULL),(317,'https://floristeriagheraldin.com/producto/sembrado-12-rosas-y-astromelia/',15911,15725,'internal',73,134,NULL,NULL,NULL,NULL,NULL),(318,'https://floristeriagheraldin.com/producto/sembrado-12-rosas-y-astromelia/',15911,15725,'internal',73,134,NULL,NULL,NULL,NULL,NULL),(319,'https://floristeriagheraldin.com/categoria/arreglos-florales/',15911,NULL,'internal',73,6,NULL,NULL,NULL,NULL,NULL),(320,'https://floristeriagheraldin.com/categoria/arreglos-florales/sembrados/',15911,NULL,'internal',73,27,NULL,NULL,NULL,NULL,NULL),(321,'https://floristeriagheraldin.com/producto/sembrado-de-rosas-y-gerveras/',15911,15723,'internal',73,133,NULL,NULL,NULL,NULL,NULL),(322,'https://floristeriagheraldin.com/producto/sembrado-de-rosas-y-gerveras/',15911,15723,'internal',73,133,NULL,NULL,NULL,NULL,NULL),(323,'https://floristeriagheraldin.com/categoria/arreglos-florales/',15911,NULL,'internal',73,6,NULL,NULL,NULL,NULL,NULL),(324,'https://floristeriagheraldin.com/categoria/arreglos-florales/sembrados/',15911,NULL,'internal',73,27,NULL,NULL,NULL,NULL,NULL),(325,'https://floristeriagheraldin.com/wp-content/uploads/2023/05/Sembrado_12_rosas_y_globo.jpg-800x800.jpeg',15911,NULL,'image-in',73,NULL,NULL,NULL,NULL,NULL,NULL),(326,'https://floristeriagheraldin.com/wp-content/uploads/2023/05/Sembrado_rosas_y_gerveras.jpg-800x800.jpeg',15911,NULL,'image-in',73,NULL,NULL,NULL,NULL,NULL,NULL),(395,'https://floristeriagheraldin.com/author/soporte/',6014,NULL,'internal',80,47,NULL,NULL,NULL,NULL,NULL),(406,'https://floristeriagheraldin.com/author/soporte/',6014,NULL,'internal',80,47,NULL,NULL,NULL,NULL,NULL),(417,'https://floristeriagheraldin.com/author/soporte/',6014,NULL,'internal',80,47,NULL,NULL,NULL,NULL,NULL),(428,'https://floristeriagheraldin.com/author/soporte/',6014,NULL,'internal',80,47,NULL,NULL,NULL,NULL,NULL),(439,'https://floristeriagheraldin.com/author/soporte/',6014,NULL,'internal',80,47,NULL,NULL,NULL,NULL,NULL),(450,'https://floristeriagheraldin.com/author/soporte/',6014,NULL,'internal',80,47,NULL,NULL,NULL,NULL,NULL),(461,'https://floristeriagheraldin.com/author/soporte/',6014,NULL,'internal',80,47,NULL,NULL,NULL,NULL,NULL),(472,'https://floristeriagheraldin.com/author/soporte/',6014,NULL,'internal',80,47,NULL,NULL,NULL,NULL,NULL),(531,'https://floristeriagheraldin.com/wp-content/uploads/2021/09/fashion-testimon-3.jpg',6014,1019,'image-in',80,NULL,150,150,8933,NULL,NULL),(532,'https://floristeriagheraldin.com/wp-content/uploads/2021/09/toys-testimonials-1.jpg',6014,3376,'image-in',80,NULL,340,340,30402,NULL,NULL),(533,'https://floristeriagheraldin.com/wp-content/uploads/2021/09/fashion-testimon-2.jpg',6014,1018,'image-in',80,NULL,150,150,8711,NULL,NULL),(540,'https://www.sic.gov.co/recursos_user/documentos/normatividad/Leyes/2011/Ley_1480_Estatuto_Consumidor.pdf',15616,NULL,'external',87,NULL,NULL,NULL,NULL,NULL,NULL),(548,'https://floristeriagheraldin.com/wp-content/uploads/2021/08/portfolio-9.jpg',471,NULL,'internal',94,NULL,NULL,NULL,NULL,NULL,NULL),(549,'https://floristeriagheraldin.com/wp-content/uploads/2021/08/portfolio-5.jpg',471,NULL,'internal',94,NULL,NULL,NULL,NULL,NULL,NULL),(550,'https://floristeriagheraldin.com/wp-content/uploads/2021/08/portfolio-6.jpg',471,NULL,'internal',94,NULL,NULL,NULL,NULL,NULL,NULL),(551,'https://floristeriagheraldin.com/wp-content/uploads/2021/08/portfolio-7.jpg',471,NULL,'internal',94,NULL,NULL,NULL,NULL,NULL,NULL),(552,'https://www.facebook.com/sharer/sharer.php?u=https://floristeriagheraldin.com/portfolio/potenti-parturient-parturie/',471,NULL,'external',94,NULL,NULL,NULL,NULL,NULL,NULL),(553,'https://twitter.com/share?url=https://floristeriagheraldin.com/portfolio/potenti-parturient-parturie/',471,NULL,'external',94,NULL,NULL,NULL,NULL,NULL,NULL),(554,'https://pinterest.com/pin/create/button/?url=https://floristeriagheraldin.com/portfolio/potenti-parturient-parturie/&media=https://floristeriagheraldin.com/wp-content/uploads/2021/08/portfolio-9.jpg&description=Potenti+parturient+parturie',471,NULL,'external',94,NULL,NULL,NULL,NULL,NULL,NULL),(555,'https://www.linkedin.com/shareArticle?mini=true&url=https://floristeriagheraldin.com/portfolio/potenti-parturient-parturie/',471,NULL,'external',94,NULL,NULL,NULL,NULL,NULL,NULL),(556,'https://telegram.me/share/url?url=https://floristeriagheraldin.com/portfolio/potenti-parturient-parturie/',471,NULL,'external',94,NULL,NULL,NULL,NULL,NULL,NULL),(557,'https://floristeriagheraldin.com/wp-content/uploads/2021/08/portfolio-9.jpg',471,480,'image-in',94,NULL,800,800,52505,NULL,NULL),(558,'https://floristeriagheraldin.com/wp-content/uploads/2021/08/portfolio-5.jpg',471,476,'image-in',94,NULL,800,800,26575,NULL,NULL),(559,'https://floristeriagheraldin.com/wp-content/uploads/2021/08/portfolio-6.jpg',471,477,'image-in',94,NULL,800,800,22454,NULL,NULL),(560,'https://floristeriagheraldin.com/wp-content/uploads/2021/08/portfolio-7.jpg',471,478,'image-in',94,NULL,800,800,17855,NULL,NULL),(561,'https://floristeriagheraldin.com/wp-content/uploads/2021/08/portfolio-7.jpg',490,NULL,'internal',95,NULL,NULL,NULL,NULL,NULL,NULL),(562,'https://floristeriagheraldin.com/wp-content/uploads/2021/08/portfolio-9.jpg',490,NULL,'internal',95,NULL,NULL,NULL,NULL,NULL,NULL),(563,'https://www.facebook.com/sharer/sharer.php?u=https://floristeriagheraldin.com/portfolio/rhoncus-quisque-sollicitudin/',490,NULL,'external',95,NULL,NULL,NULL,NULL,NULL,NULL),(564,'https://twitter.com/share?url=https://floristeriagheraldin.com/portfolio/rhoncus-quisque-sollicitudin/',490,NULL,'external',95,NULL,NULL,NULL,NULL,NULL,NULL),(565,'https://pinterest.com/pin/create/button/?url=https://floristeriagheraldin.com/portfolio/rhoncus-quisque-sollicitudin/&media=https://floristeriagheraldin.com/wp-content/uploads/2021/08/portfolio-8.jpg&description=Rhoncus+quisque+sollicitudin',490,NULL,'external',95,NULL,NULL,NULL,NULL,NULL,NULL),(566,'https://www.linkedin.com/shareArticle?mini=true&url=https://floristeriagheraldin.com/portfolio/rhoncus-quisque-sollicitudin/',490,NULL,'external',95,NULL,NULL,NULL,NULL,NULL,NULL),(567,'https://telegram.me/share/url?url=https://floristeriagheraldin.com/portfolio/rhoncus-quisque-sollicitudin/',490,NULL,'external',95,NULL,NULL,NULL,NULL,NULL,NULL),(568,'https://floristeriagheraldin.com/wp-content/uploads/2021/08/portfolio-7.jpg',490,478,'image-in',95,NULL,800,800,17855,NULL,NULL),(569,'https://floristeriagheraldin.com/wp-content/uploads/2021/08/portfolio-9.jpg',490,480,'image-in',95,NULL,800,800,52505,NULL,NULL),(570,'https://floristeriagheraldin.com/wp-content/uploads/elementor/thumbs/portfolio-3-q733ucz3bi3kr3rw3haxo9wtybsicuzg9jke8wr2gw.jpg',490,NULL,'image-in',95,NULL,NULL,NULL,NULL,NULL,NULL),(571,'https://floristeriagheraldin.com/wp-content/uploads/elementor/thumbs/portfolio-1-q733uzj7viw4lprjnugwczaumt239gd5pcoxgf288s.jpg',490,NULL,'image-in',95,NULL,NULL,NULL,NULL,NULL,NULL),(572,'https://floristeriagheraldin.com/wp-content/uploads/elementor/thumbs/portfolio-2-q733uzj7viw4lprjnugwczaumt239gd5pcoxgf288s.jpg',490,NULL,'image-in',95,NULL,NULL,NULL,NULL,NULL,NULL),(573,'https://floristeriagheraldin.com/wp-content/uploads/2021/08/portfolio-9.jpg',503,NULL,'internal',96,NULL,NULL,NULL,NULL,NULL,NULL),(574,'https://floristeriagheraldin.com/wp-content/uploads/2021/08/portfolio-8.jpg',503,NULL,'internal',96,NULL,NULL,NULL,NULL,NULL,NULL),(575,'https://floristeriagheraldin.com/wp-content/uploads/2021/08/portfolio-6.jpg',503,NULL,'internal',96,NULL,NULL,NULL,NULL,NULL,NULL),(576,'https://floristeriagheraldin.com/wp-content/uploads/2021/08/portfolio-5.jpg',503,NULL,'internal',96,NULL,NULL,NULL,NULL,NULL,NULL),(577,'https://floristeriagheraldin.com/wp-content/uploads/2021/08/portfolio-4.jpg',503,NULL,'internal',96,NULL,NULL,NULL,NULL,NULL,NULL),(578,'https://floristeriagheraldin.com/wp-content/uploads/2021/08/portfolio-3.jpg',503,NULL,'internal',96,NULL,NULL,NULL,NULL,NULL,NULL),(579,'https://floristeriagheraldin.com/wp-content/uploads/2021/08/portfolio-1.jpg',503,NULL,'internal',96,NULL,NULL,NULL,NULL,NULL,NULL),(580,'https://floristeriagheraldin.com/wp-content/uploads/2021/08/portfolio-7.jpg',503,NULL,'internal',96,NULL,NULL,NULL,NULL,NULL,NULL),(581,'https://floristeriagheraldin.com/wp-content/uploads/2021/08/portfolio-5.jpg',503,NULL,'internal',96,NULL,NULL,NULL,NULL,NULL,NULL),(582,'https://floristeriagheraldin.com/wp-content/uploads/2021/08/portfolio-6.jpg',503,NULL,'internal',96,NULL,NULL,NULL,NULL,NULL,NULL),(583,'https://floristeriagheraldin.com/wp-content/uploads/2021/08/portfolio-8.jpg',503,NULL,'internal',96,NULL,NULL,NULL,NULL,NULL,NULL),(584,'https://floristeriagheraldin.com/wp-content/uploads/2021/08/portfolio-1.jpg',503,NULL,'internal',96,NULL,NULL,NULL,NULL,NULL,NULL),(585,'https://floristeriagheraldin.com/wp-content/uploads/2021/08/portfolio-2.jpg',503,NULL,'internal',96,NULL,NULL,NULL,NULL,NULL,NULL),(586,'https://floristeriagheraldin.com/wp-content/uploads/2021/08/portfolio-3.jpg',503,NULL,'internal',96,NULL,NULL,NULL,NULL,NULL,NULL),(587,'https://floristeriagheraldin.com/wp-content/uploads/2021/08/portfolio-9.jpg',503,480,'image-in',96,NULL,800,800,52505,NULL,NULL),(588,'https://floristeriagheraldin.com/wp-content/uploads/2021/08/portfolio-8.jpg',503,479,'image-in',96,NULL,800,800,80173,NULL,NULL),(589,'https://floristeriagheraldin.com/wp-content/uploads/2021/08/portfolio-6.jpg',503,477,'image-in',96,NULL,800,800,22454,NULL,NULL),(590,'https://floristeriagheraldin.com/wp-content/uploads/2021/08/portfolio-5.jpg',503,476,'image-in',96,NULL,800,800,26575,NULL,NULL),(591,'https://floristeriagheraldin.com/wp-content/uploads/2021/08/portfolio-4.jpg',503,475,'image-in',96,NULL,800,800,80516,NULL,NULL),(592,'https://floristeriagheraldin.com/wp-content/uploads/2021/08/portfolio-3.jpg',503,474,'image-in',96,NULL,800,800,34720,NULL,NULL),(593,'https://floristeriagheraldin.com/wp-content/uploads/2021/08/portfolio-1.jpg',503,472,'image-in',96,NULL,800,800,16050,NULL,NULL),(594,'https://floristeriagheraldin.com/wp-content/uploads/2021/08/portfolio-7.jpg',503,478,'image-in',96,NULL,800,800,17855,NULL,NULL),(595,'https://floristeriagheraldin.com/wp-content/uploads/2021/08/portfolio-5.jpg',503,476,'image-in',96,NULL,800,800,26575,NULL,NULL),(596,'https://floristeriagheraldin.com/wp-content/uploads/2021/08/portfolio-6.jpg',503,477,'image-in',96,NULL,800,800,22454,NULL,NULL),(597,'https://floristeriagheraldin.com/wp-content/uploads/2021/08/portfolio-8.jpg',503,479,'image-in',96,NULL,800,800,80173,NULL,NULL),(598,'https://floristeriagheraldin.com/wp-content/uploads/2021/08/portfolio-1.jpg',503,472,'image-in',96,NULL,800,800,16050,NULL,NULL),(599,'https://floristeriagheraldin.com/wp-content/uploads/2021/08/portfolio-2.jpg',503,473,'image-in',96,NULL,800,800,23833,NULL,NULL),(600,'https://floristeriagheraldin.com/wp-content/uploads/2021/08/portfolio-3.jpg',503,474,'image-in',96,NULL,800,800,34720,NULL,NULL),(601,'https://floristeriagheraldin.com/wp-content/uploads/2021/08/post-3-gallery-3-min.jpg',520,NULL,'internal',97,NULL,NULL,NULL,NULL,NULL,NULL),(602,'https://floristeriagheraldin.com/wp-content/uploads/2021/08/post-3-gallery-2-min.jpg',520,NULL,'internal',97,NULL,NULL,NULL,NULL,NULL,NULL),(603,'https://floristeriagheraldin.com/wp-content/uploads/elementor/thumbs/post-3-gallery-3-min-q733vtly4yh06uvl4spx9l6k68ew76ve0n0urjecae.jpg',520,NULL,'image-in',97,NULL,NULL,NULL,NULL,NULL,NULL),(604,'https://floristeriagheraldin.com/wp-content/uploads/elementor/thumbs/post-3-gallery-2-min-q733vowr6sakkt2ew8osf4d97b224pcqbzrfd5lb5i.jpg',520,NULL,'image-in',97,NULL,NULL,NULL,NULL,NULL,NULL),(605,'https://floristeriagheraldin.com/wp-content/uploads/2021/08/portfolio-9.jpg',538,NULL,'internal',98,NULL,NULL,NULL,NULL,NULL,NULL),(606,'https://floristeriagheraldin.com/wp-content/uploads/2021/08/portfolio-5.jpg',538,NULL,'internal',98,NULL,NULL,NULL,NULL,NULL,NULL),(607,'https://floristeriagheraldin.com/wp-content/uploads/2021/08/portfolio-6.jpg',538,NULL,'internal',98,NULL,NULL,NULL,NULL,NULL,NULL),(608,'https://floristeriagheraldin.com/wp-content/uploads/2021/08/portfolio-7.jpg',538,NULL,'internal',98,NULL,NULL,NULL,NULL,NULL,NULL),(609,'https://www.facebook.com/sharer/sharer.php?u=https://floristeriagheraldin.com/portfolio/venenatis-nam-phasellus/',538,NULL,'external',98,NULL,NULL,NULL,NULL,NULL,NULL),(610,'https://twitter.com/share?url=https://floristeriagheraldin.com/portfolio/venenatis-nam-phasellus/',538,NULL,'external',98,NULL,NULL,NULL,NULL,NULL,NULL),(611,'https://pinterest.com/pin/create/button/?url=https://floristeriagheraldin.com/portfolio/venenatis-nam-phasellus/&media=https://floristeriagheraldin.com/wp-content/uploads/2021/08/portfolio-5.jpg&description=Venenatis+nam+phasellus',538,NULL,'external',98,NULL,NULL,NULL,NULL,NULL,NULL),(612,'https://www.linkedin.com/shareArticle?mini=true&url=https://floristeriagheraldin.com/portfolio/venenatis-nam-phasellus/',538,NULL,'external',98,NULL,NULL,NULL,NULL,NULL,NULL),(613,'https://telegram.me/share/url?url=https://floristeriagheraldin.com/portfolio/venenatis-nam-phasellus/',538,NULL,'external',98,NULL,NULL,NULL,NULL,NULL,NULL),(614,'https://floristeriagheraldin.com/wp-content/uploads/2021/08/portfolio-9.jpg',538,480,'image-in',98,NULL,800,800,52505,NULL,NULL),(615,'https://floristeriagheraldin.com/wp-content/uploads/2021/08/portfolio-5.jpg',538,476,'image-in',98,NULL,800,800,26575,NULL,NULL),(616,'https://floristeriagheraldin.com/wp-content/uploads/2021/08/portfolio-6.jpg',538,477,'image-in',98,NULL,800,800,22454,NULL,NULL),(617,'https://floristeriagheraldin.com/wp-content/uploads/2021/08/portfolio-7.jpg',538,478,'image-in',98,NULL,800,800,17855,NULL,NULL),(618,'https://floristeriagheraldin.com/wp-content/uploads/2021/08/portfolio-7.jpg',544,NULL,'internal',99,NULL,NULL,NULL,NULL,NULL,NULL),(619,'https://floristeriagheraldin.com/wp-content/uploads/2021/08/portfolio-9.jpg',544,NULL,'internal',99,NULL,NULL,NULL,NULL,NULL,NULL),(620,'https://www.facebook.com/sharer/sharer.php?u=https://floristeriagheraldin.com/portfolio/imperdiet-mauris-a-nontin/',544,NULL,'external',99,NULL,NULL,NULL,NULL,NULL,NULL),(621,'https://twitter.com/share?url=https://floristeriagheraldin.com/portfolio/imperdiet-mauris-a-nontin/',544,NULL,'external',99,NULL,NULL,NULL,NULL,NULL,NULL),(622,'https://pinterest.com/pin/create/button/?url=https://floristeriagheraldin.com/portfolio/imperdiet-mauris-a-nontin/&media=https://floristeriagheraldin.com/wp-content/uploads/2021/08/portfolio-4.jpg&description=Imperdiet+mauris+a+nontin',544,NULL,'external',99,NULL,NULL,NULL,NULL,NULL,NULL),(623,'https://www.linkedin.com/shareArticle?mini=true&url=https://floristeriagheraldin.com/portfolio/imperdiet-mauris-a-nontin/',544,NULL,'external',99,NULL,NULL,NULL,NULL,NULL,NULL),(624,'https://telegram.me/share/url?url=https://floristeriagheraldin.com/portfolio/imperdiet-mauris-a-nontin/',544,NULL,'external',99,NULL,NULL,NULL,NULL,NULL,NULL),(625,'https://floristeriagheraldin.com/wp-content/uploads/2021/08/portfolio-7.jpg',544,478,'image-in',99,NULL,800,800,17855,NULL,NULL),(626,'https://floristeriagheraldin.com/wp-content/uploads/2021/08/portfolio-9.jpg',544,480,'image-in',99,NULL,800,800,52505,NULL,NULL),(627,'https://floristeriagheraldin.com/wp-content/uploads/elementor/thumbs/portfolio-3-q733ucz3bi3kr3rw3haxo9wtybsicuzg9jke8wr2gw.jpg',544,NULL,'image-in',99,NULL,NULL,NULL,NULL,NULL,NULL),(628,'https://floristeriagheraldin.com/wp-content/uploads/elementor/thumbs/portfolio-1-q733uzj7viw4lprjnugwczaumt239gd5pcoxgf288s.jpg',544,NULL,'image-in',99,NULL,NULL,NULL,NULL,NULL,NULL),(629,'https://floristeriagheraldin.com/wp-content/uploads/elementor/thumbs/portfolio-2-q733uzj7viw4lprjnugwczaumt239gd5pcoxgf288s.jpg',544,NULL,'image-in',99,NULL,NULL,NULL,NULL,NULL,NULL),(630,'https://floristeriagheraldin.com/wp-content/uploads/2021/08/portfolio-9.jpg',550,NULL,'internal',100,NULL,NULL,NULL,NULL,NULL,NULL),(631,'https://floristeriagheraldin.com/wp-content/uploads/2021/08/portfolio-8.jpg',550,NULL,'internal',100,NULL,NULL,NULL,NULL,NULL,NULL),(632,'https://floristeriagheraldin.com/wp-content/uploads/2021/08/portfolio-6.jpg',550,NULL,'internal',100,NULL,NULL,NULL,NULL,NULL,NULL),(633,'https://floristeriagheraldin.com/wp-content/uploads/2021/08/portfolio-5.jpg',550,NULL,'internal',100,NULL,NULL,NULL,NULL,NULL,NULL),(634,'https://floristeriagheraldin.com/wp-content/uploads/2021/08/portfolio-4.jpg',550,NULL,'internal',100,NULL,NULL,NULL,NULL,NULL,NULL),(635,'https://floristeriagheraldin.com/wp-content/uploads/2021/08/portfolio-3.jpg',550,NULL,'internal',100,NULL,NULL,NULL,NULL,NULL,NULL),(636,'https://floristeriagheraldin.com/wp-content/uploads/2021/08/portfolio-1.jpg',550,NULL,'internal',100,NULL,NULL,NULL,NULL,NULL,NULL),(637,'https://floristeriagheraldin.com/wp-content/uploads/2021/08/portfolio-7.jpg',550,NULL,'internal',100,NULL,NULL,NULL,NULL,NULL,NULL),(638,'https://floristeriagheraldin.com/wp-content/uploads/2021/08/portfolio-5.jpg',550,NULL,'internal',100,NULL,NULL,NULL,NULL,NULL,NULL),(639,'https://floristeriagheraldin.com/wp-content/uploads/2021/08/portfolio-6.jpg',550,NULL,'internal',100,NULL,NULL,NULL,NULL,NULL,NULL),(640,'https://floristeriagheraldin.com/wp-content/uploads/2021/08/portfolio-8.jpg',550,NULL,'internal',100,NULL,NULL,NULL,NULL,NULL,NULL),(641,'https://floristeriagheraldin.com/wp-content/uploads/2021/08/portfolio-1.jpg',550,NULL,'internal',100,NULL,NULL,NULL,NULL,NULL,NULL),(642,'https://floristeriagheraldin.com/wp-content/uploads/2021/08/portfolio-2.jpg',550,NULL,'internal',100,NULL,NULL,NULL,NULL,NULL,NULL),(643,'https://floristeriagheraldin.com/wp-content/uploads/2021/08/portfolio-3.jpg',550,NULL,'internal',100,NULL,NULL,NULL,NULL,NULL,NULL),(644,'https://floristeriagheraldin.com/wp-content/uploads/2021/08/portfolio-9.jpg',550,480,'image-in',100,NULL,800,800,52505,NULL,NULL),(645,'https://floristeriagheraldin.com/wp-content/uploads/2021/08/portfolio-8.jpg',550,479,'image-in',100,NULL,800,800,80173,NULL,NULL),(646,'https://floristeriagheraldin.com/wp-content/uploads/2021/08/portfolio-6.jpg',550,477,'image-in',100,NULL,800,800,22454,NULL,NULL),(647,'https://floristeriagheraldin.com/wp-content/uploads/2021/08/portfolio-5.jpg',550,476,'image-in',100,NULL,800,800,26575,NULL,NULL),(648,'https://floristeriagheraldin.com/wp-content/uploads/2021/08/portfolio-4.jpg',550,475,'image-in',100,NULL,800,800,80516,NULL,NULL),(649,'https://floristeriagheraldin.com/wp-content/uploads/2021/08/portfolio-3.jpg',550,474,'image-in',100,NULL,800,800,34720,NULL,NULL),(650,'https://floristeriagheraldin.com/wp-content/uploads/2021/08/portfolio-1.jpg',550,472,'image-in',100,NULL,800,800,16050,NULL,NULL),(651,'https://floristeriagheraldin.com/wp-content/uploads/2021/08/portfolio-7.jpg',550,478,'image-in',100,NULL,800,800,17855,NULL,NULL),(652,'https://floristeriagheraldin.com/wp-content/uploads/2021/08/portfolio-5.jpg',550,476,'image-in',100,NULL,800,800,26575,NULL,NULL),(653,'https://floristeriagheraldin.com/wp-content/uploads/2021/08/portfolio-6.jpg',550,477,'image-in',100,NULL,800,800,22454,NULL,NULL),(654,'https://floristeriagheraldin.com/wp-content/uploads/2021/08/portfolio-8.jpg',550,479,'image-in',100,NULL,800,800,80173,NULL,NULL),(655,'https://floristeriagheraldin.com/wp-content/uploads/2021/08/portfolio-1.jpg',550,472,'image-in',100,NULL,800,800,16050,NULL,NULL),(656,'https://floristeriagheraldin.com/wp-content/uploads/2021/08/portfolio-2.jpg',550,473,'image-in',100,NULL,800,800,23833,NULL,NULL),(657,'https://floristeriagheraldin.com/wp-content/uploads/2021/08/portfolio-3.jpg',550,474,'image-in',100,NULL,800,800,34720,NULL,NULL),(658,'',556,NULL,'internal',101,183,NULL,NULL,NULL,NULL,NULL),(659,'',556,NULL,'internal',101,183,NULL,NULL,NULL,NULL,NULL),(660,'',556,NULL,'internal',101,183,NULL,NULL,NULL,NULL,NULL),(661,'',556,NULL,'internal',101,183,NULL,NULL,NULL,NULL,NULL),(662,'https://floristeriagheraldin.com/wp-content/uploads/2021/08/post-3-gallery-3-min.jpg',556,NULL,'internal',101,NULL,NULL,NULL,NULL,NULL,NULL),(663,'https://floristeriagheraldin.com/wp-content/uploads/2021/08/post-3-gallery-2-min.jpg',556,NULL,'internal',101,NULL,NULL,NULL,NULL,NULL,NULL),(664,'https://floristeriagheraldin.com/wp-content/uploads/elementor/thumbs/post-3-gallery-3-min-q733vtly4yh06uvl4spx9l6k68ew76ve0n0urjecae.jpg',556,NULL,'image-in',101,NULL,NULL,NULL,NULL,NULL,NULL),(665,'https://floristeriagheraldin.com/wp-content/uploads/elementor/thumbs/post-3-gallery-2-min-q733vowr6sakkt2ew8osf4d97b224pcqbzrfd5lb5i.jpg',556,NULL,'image-in',101,NULL,NULL,NULL,NULL,NULL,NULL),(666,'https://floristeriagheraldin.com/wp-content/uploads/2021/08/portfolio-9.jpg',562,NULL,'internal',102,NULL,NULL,NULL,NULL,NULL,NULL),(667,'https://floristeriagheraldin.com/wp-content/uploads/2021/08/portfolio-5.jpg',562,NULL,'internal',102,NULL,NULL,NULL,NULL,NULL,NULL),(668,'https://floristeriagheraldin.com/wp-content/uploads/2021/08/portfolio-6.jpg',562,NULL,'internal',102,NULL,NULL,NULL,NULL,NULL,NULL),(669,'https://floristeriagheraldin.com/wp-content/uploads/2021/08/portfolio-7.jpg',562,NULL,'internal',102,NULL,NULL,NULL,NULL,NULL,NULL),(670,'https://www.facebook.com/sharer/sharer.php?u=https://floristeriagheraldin.com/portfolio/suspendisse-quam-at-vestibulum/',562,NULL,'external',102,NULL,NULL,NULL,NULL,NULL,NULL),(671,'https://twitter.com/share?url=https://floristeriagheraldin.com/portfolio/suspendisse-quam-at-vestibulum/',562,NULL,'external',102,NULL,NULL,NULL,NULL,NULL,NULL),(672,'https://pinterest.com/pin/create/button/?url=https://floristeriagheraldin.com/portfolio/suspendisse-quam-at-vestibulum/&media=https://floristeriagheraldin.com/wp-content/uploads/2021/08/portfolio-1.jpg&description=Suspendisse+quam+at+vestibulum',562,NULL,'external',102,NULL,NULL,NULL,NULL,NULL,NULL),(673,'https://www.linkedin.com/shareArticle?mini=true&url=https://floristeriagheraldin.com/portfolio/suspendisse-quam-at-vestibulum/',562,NULL,'external',102,NULL,NULL,NULL,NULL,NULL,NULL),(674,'https://telegram.me/share/url?url=https://floristeriagheraldin.com/portfolio/suspendisse-quam-at-vestibulum/',562,NULL,'external',102,NULL,NULL,NULL,NULL,NULL,NULL),(675,'https://floristeriagheraldin.com/wp-content/uploads/2021/08/portfolio-9.jpg',562,480,'image-in',102,NULL,800,800,52505,NULL,NULL),(676,'https://floristeriagheraldin.com/wp-content/uploads/2021/08/portfolio-5.jpg',562,476,'image-in',102,NULL,800,800,26575,NULL,NULL),(677,'https://floristeriagheraldin.com/wp-content/uploads/2021/08/portfolio-6.jpg',562,477,'image-in',102,NULL,800,800,22454,NULL,NULL),(678,'https://floristeriagheraldin.com/wp-content/uploads/2021/08/portfolio-7.jpg',562,478,'image-in',102,NULL,800,800,17855,NULL,NULL),(1056,'https://floristeriagheraldin.com/wp-content/uploads/2021/08/furniture-sizes.jpg',838,829,'image-in',174,NULL,342,600,25826,NULL,NULL),(1058,'https://floristeriagheraldin.com/wp-content/uploads/2021/10/flowers-slider-2-img.png',6021,6024,'image-in',175,NULL,692,604,157946,NULL,NULL),(1060,'https://floristeriagheraldin.com/wp-content/uploads/2021/10/flowers-slider-1-img.png',6029,6032,'image-in',176,NULL,692,604,187068,NULL,NULL),(1061,'https://floristeriagheraldin.com/wp-content/uploads/2021/10/flowers-slider-txt-element.jpg.png',6039,6025,'image-in',177,NULL,61,121,4906,NULL,NULL),(1062,'https://floristeriagheraldin.com/wp-content/uploads/2021/10/flowers-slider-3-img.png',6039,6042,'image-in',177,NULL,692,604,155421,NULL,NULL),(1093,'https://floristeriagheraldin.com/shop/',6021,47,'internal',175,76,NULL,NULL,NULL,NULL,NULL),(1095,'https://floristeriagheraldin.com/categoria/ramo/',6039,NULL,'internal',177,204,NULL,NULL,NULL,NULL,NULL),(1114,'https://secure.gravatar.com/avatar/0e70951eb1cb34c26e2d667b44459d46?s=32&#038;d=mm&#038;r=g',6014,NULL,'image-ex',80,NULL,NULL,NULL,NULL,NULL,NULL),(1115,'https://secure.gravatar.com/avatar/0e70951eb1cb34c26e2d667b44459d46?s=32&#038;d=mm&#038;r=g',6014,NULL,'image-ex',80,NULL,NULL,NULL,NULL,NULL,NULL),(1116,'https://secure.gravatar.com/avatar/0e70951eb1cb34c26e2d667b44459d46?s=32&#038;d=mm&#038;r=g',6014,NULL,'image-ex',80,NULL,NULL,NULL,NULL,NULL,NULL),(1117,'https://secure.gravatar.com/avatar/0e70951eb1cb34c26e2d667b44459d46?s=32&#038;d=mm&#038;r=g',6014,NULL,'image-ex',80,NULL,NULL,NULL,NULL,NULL,NULL),(1118,'https://secure.gravatar.com/avatar/0e70951eb1cb34c26e2d667b44459d46?s=32&#038;d=mm&#038;r=g',6014,NULL,'image-ex',80,NULL,NULL,NULL,NULL,NULL,NULL),(1119,'https://secure.gravatar.com/avatar/0e70951eb1cb34c26e2d667b44459d46?s=32&#038;d=mm&#038;r=g',6014,NULL,'image-ex',80,NULL,NULL,NULL,NULL,NULL,NULL),(1120,'https://secure.gravatar.com/avatar/0e70951eb1cb34c26e2d667b44459d46?s=32&#038;d=mm&#038;r=g',6014,NULL,'image-ex',80,NULL,NULL,NULL,NULL,NULL,NULL),(1121,'https://secure.gravatar.com/avatar/0e70951eb1cb34c26e2d667b44459d46?s=32&#038;d=mm&#038;r=g',6014,NULL,'image-ex',80,NULL,NULL,NULL,NULL,NULL,NULL),(1986,'https://www.mardeflores.com/blog/2023/03/16/',16633,NULL,'external',302,NULL,NULL,NULL,NULL,NULL,NULL),(2008,'https://floristeriagheraldin.com/como-plantar-flores/',6014,16633,'internal',80,302,NULL,NULL,NULL,NULL,NULL),(2009,'https://www.facebook.com/sharer/sharer.php?u=https://floristeriagheraldin.com/como-plantar-flores/',6014,NULL,'external',80,NULL,NULL,NULL,NULL,NULL,NULL),(2010,'https://twitter.com/share?url=https://floristeriagheraldin.com/como-plantar-flores/',6014,NULL,'external',80,NULL,NULL,NULL,NULL,NULL,NULL),(2012,'https://www.linkedin.com/shareArticle?mini=true&url=https://floristeriagheraldin.com/como-plantar-flores/',6014,NULL,'external',80,NULL,NULL,NULL,NULL,NULL,NULL),(2013,'https://telegram.me/share/url?url=https://floristeriagheraldin.com/como-plantar-flores/',6014,NULL,'external',80,NULL,NULL,NULL,NULL,NULL,NULL),(2014,'https://floristeriagheraldin.com/como-plantar-flores/#respond',6014,16633,'internal',80,302,NULL,NULL,NULL,NULL,NULL),(2015,'https://floristeriagheraldin.com/category/flores/',6014,NULL,'internal',80,1,NULL,NULL,NULL,NULL,NULL),(2016,'https://floristeriagheraldin.com/como-plantar-flores/',6014,16633,'internal',80,302,NULL,NULL,NULL,NULL,NULL),(2017,'https://floristeriagheraldin.com/como-plantar-flores/',6014,16633,'internal',80,302,NULL,NULL,NULL,NULL,NULL),(2018,'https://floristeriagheraldin.com/flor-de-lis-cual-es-su-significado/',6014,16632,'internal',80,301,NULL,NULL,NULL,NULL,NULL),(2019,'https://www.facebook.com/sharer/sharer.php?u=https://floristeriagheraldin.com/flor-de-lis-cual-es-su-significado/',6014,NULL,'external',80,NULL,NULL,NULL,NULL,NULL,NULL),(2020,'https://twitter.com/share?url=https://floristeriagheraldin.com/flor-de-lis-cual-es-su-significado/',6014,NULL,'external',80,NULL,NULL,NULL,NULL,NULL,NULL),(2022,'https://www.linkedin.com/shareArticle?mini=true&url=https://floristeriagheraldin.com/flor-de-lis-cual-es-su-significado/',6014,NULL,'external',80,NULL,NULL,NULL,NULL,NULL,NULL),(2023,'https://telegram.me/share/url?url=https://floristeriagheraldin.com/flor-de-lis-cual-es-su-significado/',6014,NULL,'external',80,NULL,NULL,NULL,NULL,NULL,NULL),(2024,'https://floristeriagheraldin.com/flor-de-lis-cual-es-su-significado/#respond',6014,16632,'internal',80,301,NULL,NULL,NULL,NULL,NULL),(2025,'https://floristeriagheraldin.com/category/flores/',6014,NULL,'internal',80,1,NULL,NULL,NULL,NULL,NULL),(2026,'https://floristeriagheraldin.com/flor-de-lis-cual-es-su-significado/',6014,16632,'internal',80,301,NULL,NULL,NULL,NULL,NULL),(2027,'https://floristeriagheraldin.com/flor-de-lis-cual-es-su-significado/',6014,16632,'internal',80,301,NULL,NULL,NULL,NULL,NULL),(2028,'https://floristeriagheraldin.com/ramos-de-flores-para-cumpleanos/',6014,16631,'internal',80,300,NULL,NULL,NULL,NULL,NULL),(2029,'https://www.facebook.com/sharer/sharer.php?u=https://floristeriagheraldin.com/ramos-de-flores-para-cumpleanos/',6014,NULL,'external',80,NULL,NULL,NULL,NULL,NULL,NULL),(2030,'https://twitter.com/share?url=https://floristeriagheraldin.com/ramos-de-flores-para-cumpleanos/',6014,NULL,'external',80,NULL,NULL,NULL,NULL,NULL,NULL),(2032,'https://www.linkedin.com/shareArticle?mini=true&url=https://floristeriagheraldin.com/ramos-de-flores-para-cumpleanos/',6014,NULL,'external',80,NULL,NULL,NULL,NULL,NULL,NULL),(2033,'https://telegram.me/share/url?url=https://floristeriagheraldin.com/ramos-de-flores-para-cumpleanos/',6014,NULL,'external',80,NULL,NULL,NULL,NULL,NULL,NULL),(2034,'https://floristeriagheraldin.com/ramos-de-flores-para-cumpleanos/#respond',6014,16631,'internal',80,300,NULL,NULL,NULL,NULL,NULL),(2035,'https://floristeriagheraldin.com/category/flores/',6014,NULL,'internal',80,1,NULL,NULL,NULL,NULL,NULL),(2036,'https://floristeriagheraldin.com/ramos-de-flores-para-cumpleanos/',6014,16631,'internal',80,300,NULL,NULL,NULL,NULL,NULL),(2037,'https://floristeriagheraldin.com/ramos-de-flores-para-cumpleanos/',6014,16631,'internal',80,300,NULL,NULL,NULL,NULL,NULL),(2044,'https://floristeriagheraldin.com/wp-content/uploads/2023/07/11-single-default.jpg',6014,16638,'image-in',80,NULL,933,1400,155962,NULL,NULL),(2045,'https://floristeriagheraldin.com/wp-content/uploads/2023/07/flor-lis-600x300-1.jpg',6014,16636,'image-in',80,NULL,300,600,46757,NULL,NULL),(2046,'https://floristeriagheraldin.com/wp-content/uploads/2023/07/image0-4-2740x1370-1-scaled.jpg',6014,16634,'image-in',80,NULL,1280,2560,1143326,NULL,NULL),(2095,'https://floristeriagheraldin.com/wp-content/uploads/2023/07/305310401_5452525524815466_5828408282089011588_n.jpg',6014,16640,'image-in',80,NULL,1350,1080,260656,NULL,NULL),(2096,'https://floristeriagheraldin.com/wp-content/uploads/2023/07/305749656_5470453213022697_8711416533450657511_n.jpg',6014,16641,'image-in',80,NULL,1350,1080,162486,NULL,NULL),(2097,'https://floristeriagheraldin.com/wp-content/uploads/2023/07/305832946_407829444841189_8141160826959921373_n.jpg',6014,16642,'image-in',80,NULL,1440,1080,235208,NULL,NULL),(2098,'https://floristeriagheraldin.com/wp-content/uploads/2023/07/299352409_5396090260458993_338239977904044016_n.jpg',6014,16643,'image-in',80,NULL,1350,1080,304396,NULL,NULL),(2099,'https://floristeriagheraldin.com/wp-content/uploads/2023/07/301132178_5433470246720994_1004362450155925978_n.jpg',6014,16644,'image-in',80,NULL,1125,900,209553,NULL,NULL),(2100,'https://floristeriagheraldin.com/wp-content/uploads/2023/07/304279988_5449918951742790_7797899782273631455_n.jpg',6014,16645,'image-in',80,NULL,1350,1080,199826,NULL,NULL),(2101,'https://floristeriagheraldin.com/wp-content/uploads/2023/07/305275967_5453388288062523_2994085391579234717_n.jpg',6014,16646,'image-in',80,NULL,1080,1080,149106,NULL,NULL),(2104,'https://www.instagram.com/floristeriagheraldin/',4439,NULL,'external',79,NULL,NULL,NULL,NULL,NULL,NULL),(2183,'https://floristeriagheraldin.com/category/decoracion-en-casa/',6014,NULL,'internal',80,304,NULL,NULL,NULL,NULL,NULL),(2517,'',11,NULL,'internal',82,183,NULL,NULL,NULL,NULL,NULL),(2518,'https://floristeriagheraldin.com/terminos-y-condiciones/',11,15617,'internal',82,88,NULL,NULL,NULL,NULL,NULL),(2519,'https://floristeriagheraldin.com/wp-content/plugins/Wompi_WooCommerce_Plugin_0.1.2/assets/img/wompi-logo.png',11,NULL,'image-in',82,NULL,NULL,NULL,NULL,NULL,NULL),(2520,'https://floristeriagheraldin.com/wp-content/uploads/2023/07/descarga.png',11,16684,'image-in',82,NULL,105,480,7217,NULL,NULL),(2521,'https://floristeriagheraldin.com/producto/ramo-de-rosas-y-girasoles/',10,15715,'internal',81,129,NULL,NULL,NULL,NULL,NULL),(2522,'https://floristeriagheraldin.com/producto/ramo-de-rosas-y-girasoles/',10,15715,'internal',81,129,NULL,NULL,NULL,NULL,NULL),(2523,'https://floristeriagheraldin.com/producto/arreglo-floral-18-rosas/?attribute_pa_color=marron',10,15727,'internal',81,135,NULL,NULL,NULL,NULL,NULL),(2524,'https://floristeriagheraldin.com/producto/arreglo-floral-18-rosas/?attribute_pa_color=marron',10,15727,'internal',81,135,NULL,NULL,NULL,NULL,NULL),(2525,'https://floristeriagheraldin.com/finalizar-compra/',10,11,'internal',81,82,NULL,NULL,NULL,NULL,NULL),(2526,'https://floristeriagheraldin.com/finalizar-compra/',10,11,'internal',81,82,NULL,NULL,NULL,NULL,NULL),(2527,'https://floristeriagheraldin.com/wp-content/uploads/2023/05/Ramo_de_rosas_y_girasoles.jpg-430x430.jpeg',10,NULL,'image-in',81,NULL,NULL,NULL,NULL,NULL,NULL),(2528,'https://floristeriagheraldin.com/wp-content/uploads/2023/05/ramo_18_rosas.jpg-430x430.jpeg',10,NULL,'image-in',81,NULL,NULL,NULL,NULL,NULL,NULL),(2529,'https://floristeriagheraldin.com/wp-content/uploads/2023/07/descarga.png',10,16684,'image-in',81,NULL,105,480,7217,NULL,NULL),(2530,'https://www.facebook.com/profile.php?id=100068424091340',4439,NULL,'external',79,NULL,NULL,NULL,NULL,NULL,NULL),(2531,'https://www.instagram.com/floristeriagheraldin/',6046,NULL,'external',66,NULL,NULL,NULL,NULL,NULL,NULL),(2953,'https://www.facebook.com/profile.php?id=100068424091340',15618,NULL,'external',89,NULL,NULL,NULL,NULL,NULL,NULL),(2954,'https://www.instagram.com/floristeriagheraldin/',15618,NULL,'external',89,NULL,NULL,NULL,NULL,NULL,NULL),(3052,'https://floristeriagheraldin.com/shop/',6029,47,'internal',176,76,NULL,NULL,NULL,NULL,NULL),(3053,'https://floristeriagheraldin.com/shop/',16912,47,'internal',306,76,NULL,NULL,NULL,NULL,NULL),(3054,'https://floristeriagheraldin.com/wp-content/uploads/2021/10/flowers-slider-1-img.png',16912,6032,'image-in',306,NULL,692,604,187068,NULL,NULL),(3055,'https://floristeriagheraldin.com/shop/',16910,47,'internal',305,76,NULL,NULL,NULL,NULL,NULL),(3056,'https://floristeriagheraldin.com/wp-content/uploads/2021/10/flowers-slider-1-img.png',16910,6032,'image-in',305,NULL,692,604,187068,NULL,NULL),(3450,'https://floristeriagheraldin.com/wp-content/uploads/2023/07/IMG-20230624-WA0003.jpg',4400,NULL,'internal',78,NULL,NULL,NULL,NULL,NULL,NULL),(3451,'https://floristeriagheraldin.com/wp-content/uploads/2023/07/IMG-20230624-WA0004.jpg',4400,NULL,'internal',78,NULL,NULL,NULL,NULL,NULL,NULL),(3452,'https://floristeriagheraldin.com/wp-content/uploads/2023/07/IMG-20230624-WA0005.jpg',4400,NULL,'internal',78,NULL,NULL,NULL,NULL,NULL,NULL),(3453,'https://floristeriagheraldin.com/wp-content/uploads/2023/07/IMG-20230714-WA0043.jpg',4400,NULL,'internal',78,NULL,NULL,NULL,NULL,NULL,NULL),(3454,'https://floristeriagheraldin.com/wp-content/uploads/2023/07/IMG-20230714-WA0045.jpg',4400,NULL,'internal',78,NULL,NULL,NULL,NULL,NULL,NULL),(3455,'https://floristeriagheraldin.com/wp-content/uploads/2023/07/IMG-20230714-WA0046.jpg',4400,NULL,'internal',78,NULL,NULL,NULL,NULL,NULL,NULL),(3456,'https://floristeriagheraldin.com/wp-content/uploads/2023/07/IMG-20230714-WA0047.jpg',4400,NULL,'internal',78,NULL,NULL,NULL,NULL,NULL,NULL),(3457,'https://floristeriagheraldin.com/wp-content/uploads/2023/07/IMG-20230714-WA0051.jpg',4400,NULL,'internal',78,NULL,NULL,NULL,NULL,NULL,NULL),(3458,'https://floristeriagheraldin.com/wp-content/uploads/2023/07/IMG-20230714-WA0052.jpg',4400,NULL,'internal',78,NULL,NULL,NULL,NULL,NULL,NULL),(3459,'https://floristeriagheraldin.com/wp-content/uploads/2023/07/IMG-20230714-WA0056.jpg',4400,NULL,'internal',78,NULL,NULL,NULL,NULL,NULL,NULL),(3460,'https://floristeriagheraldin.com/wp-content/uploads/2023/07/IMG-20230714-WA0044.jpg',4400,16948,'image-in',78,NULL,1200,1600,300163,NULL,NULL),(3461,'https://floristeriagheraldin.com/wp-content/uploads/2023/07/IMG-20230624-WA0003.jpg',4400,16950,'image-in',78,NULL,1200,1600,308190,NULL,NULL),(3462,'https://floristeriagheraldin.com/wp-content/uploads/2023/07/IMG-20230624-WA0004.jpg',4400,16951,'image-in',78,NULL,1200,1600,321601,NULL,NULL),(3463,'https://floristeriagheraldin.com/wp-content/uploads/2023/07/IMG-20230624-WA0005.jpg',4400,16952,'image-in',78,NULL,1200,1600,332225,NULL,NULL),(3464,'https://floristeriagheraldin.com/wp-content/uploads/2023/07/IMG-20230714-WA0043.jpg',4400,16953,'image-in',78,NULL,1200,1600,291859,NULL,NULL),(3465,'https://floristeriagheraldin.com/wp-content/uploads/2023/07/IMG-20230714-WA0045.jpg',4400,16955,'image-in',78,NULL,1200,1600,306681,NULL,NULL),(3466,'https://floristeriagheraldin.com/wp-content/uploads/2023/07/IMG-20230714-WA0046.jpg',4400,16956,'image-in',78,NULL,1200,1600,295955,NULL,NULL),(3467,'https://floristeriagheraldin.com/wp-content/uploads/2023/07/IMG-20230714-WA0047.jpg',4400,16957,'image-in',78,NULL,1200,1600,302715,NULL,NULL),(3468,'https://floristeriagheraldin.com/wp-content/uploads/2023/07/IMG-20230714-WA0051.jpg',4400,16958,'image-in',78,NULL,1600,1200,354530,NULL,NULL),(3469,'https://floristeriagheraldin.com/wp-content/uploads/2023/07/IMG-20230714-WA0052.jpg',4400,16959,'image-in',78,NULL,1600,1200,337685,NULL,NULL),(3470,'https://floristeriagheraldin.com/wp-content/uploads/2023/07/IMG-20230714-WA0056.jpg',4400,16960,'image-in',78,NULL,1200,1600,381196,NULL,NULL),(3552,'https://www.instagram.com/floristeriagheraldin/',6014,NULL,'external',80,NULL,NULL,NULL,NULL,NULL,NULL),(3553,'https://www.instagram.com/floristeriagheraldin/',6014,NULL,'external',80,NULL,NULL,NULL,NULL,NULL,NULL),(3554,'https://www.instagram.com/floristeriagheraldin/',6014,NULL,'external',80,NULL,NULL,NULL,NULL,NULL,NULL),(3555,'https://www.instagram.com/floristeriagheraldin/',6014,NULL,'external',80,NULL,NULL,NULL,NULL,NULL,NULL),(3556,'https://www.instagram.com/floristeriagheraldin/',6014,NULL,'external',80,NULL,NULL,NULL,NULL,NULL,NULL),(3557,'https://www.instagram.com/floristeriagheraldin/',6014,NULL,'external',80,NULL,NULL,NULL,NULL,NULL,NULL),(3558,'https://www.instagram.com/floristeriagheraldin/',6014,NULL,'external',80,NULL,NULL,NULL,NULL,NULL,NULL),(3568,'https://www.tiktok.com/@floristeria.ghera',4439,NULL,'external',79,NULL,NULL,NULL,NULL,NULL,NULL),(3569,'https://www.tiktok.com/@floristeria.ghera',6046,NULL,'external',66,NULL,NULL,NULL,NULL,NULL,NULL),(3743,'https://www.facebook.com/gheraldine.floristeria',4439,NULL,'external',79,NULL,NULL,NULL,NULL,NULL,NULL),(3778,'https://pinterest.com/pin/create/button/?url=https://floristeriagheraldin.com/como-plantar-flores/&media=https://floristeriagheraldin.com/wp-content/uploads/2023/07/11-single-default.jpg&description=%C2%BFC%C3%B3mo+plantar+flores+en+casa%3F',6014,NULL,'external',80,NULL,NULL,NULL,NULL,NULL,NULL),(3850,'https://floristeriagheraldin.com/shop/',6014,47,'internal',80,76,NULL,NULL,NULL,NULL,NULL),(3851,'https://floristeriagheraldin.com/shop/',6014,47,'internal',80,76,NULL,NULL,NULL,NULL,NULL),(3852,'https://floristeriagheraldin.com/shop/',6014,47,'internal',80,76,NULL,NULL,NULL,NULL,NULL),(3853,'https://floristeriagheraldin.com/shop/',6014,47,'internal',80,76,NULL,NULL,NULL,NULL,NULL),(3854,'https://floristeriagheraldin.com/producto/jardin-de-rosas-en-tres-colores/',6014,15713,'internal',80,128,NULL,NULL,NULL,NULL,NULL),(3855,'https://floristeriagheraldin.com/producto/jardin-de-rosas-en-tres-colores/',6014,15713,'internal',80,128,NULL,NULL,NULL,NULL,NULL),(3856,'https://floristeriagheraldin.com/producto/jardin-de-rosas-en-tres-colores/',6014,15713,'internal',80,128,NULL,NULL,NULL,NULL,NULL),(3857,'https://floristeriagheraldin.com/producto/jardin-de-rosas-en-tres-colores/',6014,15713,'internal',80,128,NULL,NULL,NULL,NULL,NULL),(3858,'https://floristeriagheraldin.com/categoria/arreglos-florales/',6014,NULL,'internal',80,6,NULL,NULL,NULL,NULL,NULL),(3859,'https://floristeriagheraldin.com/categoria/arreglos-florales/arreglos-florales-tipo-jardin/',6014,NULL,'internal',80,23,NULL,NULL,NULL,NULL,NULL),(3860,'https://floristeriagheraldin.com/producto/sembrado-para-grado/',6014,15719,'internal',80,131,NULL,NULL,NULL,NULL,NULL),(3861,'https://floristeriagheraldin.com/producto/sembrado-para-grado/',6014,15719,'internal',80,131,NULL,NULL,NULL,NULL,NULL),(3862,'https://floristeriagheraldin.com/producto/sembrado-para-grado/',6014,15719,'internal',80,131,NULL,NULL,NULL,NULL,NULL),(3863,'https://floristeriagheraldin.com/producto/sembrado-para-grado/',6014,15719,'internal',80,131,NULL,NULL,NULL,NULL,NULL),(3864,'https://floristeriagheraldin.com/categoria/arreglos-florales/',6014,NULL,'internal',80,6,NULL,NULL,NULL,NULL,NULL),(3865,'https://floristeriagheraldin.com/categoria/arreglos-florales/grado/',6014,NULL,'internal',80,25,NULL,NULL,NULL,NULL,NULL),(3866,'https://floristeriagheraldin.com/producto/arreglo-floral-redondo-de-rosas/',6014,15721,'internal',80,132,NULL,NULL,NULL,NULL,NULL),(3867,'https://floristeriagheraldin.com/producto/arreglo-floral-redondo-de-rosas/',6014,15721,'internal',80,132,NULL,NULL,NULL,NULL,NULL),(3868,'https://floristeriagheraldin.com/producto/arreglo-floral-redondo-de-rosas/',6014,15721,'internal',80,132,NULL,NULL,NULL,NULL,NULL),(3869,'https://floristeriagheraldin.com/producto/arreglo-floral-redondo-de-rosas/',6014,15721,'internal',80,132,NULL,NULL,NULL,NULL,NULL),(3870,'https://floristeriagheraldin.com/categoria/arreglos-florales/',6014,NULL,'internal',80,6,NULL,NULL,NULL,NULL,NULL),(3871,'https://floristeriagheraldin.com/categoria/arreglos-florales/solo-rosas/',6014,NULL,'internal',80,26,NULL,NULL,NULL,NULL,NULL),(3872,'https://floristeriagheraldin.com/producto/sembrado-de-rosas-y-gerveras/',6014,15723,'internal',80,133,NULL,NULL,NULL,NULL,NULL),(3873,'https://floristeriagheraldin.com/producto/sembrado-de-rosas-y-gerveras/',6014,15723,'internal',80,133,NULL,NULL,NULL,NULL,NULL),(3874,'https://floristeriagheraldin.com/producto/sembrado-de-rosas-y-gerveras/',6014,15723,'internal',80,133,NULL,NULL,NULL,NULL,NULL),(3875,'https://floristeriagheraldin.com/producto/sembrado-de-rosas-y-gerveras/',6014,15723,'internal',80,133,NULL,NULL,NULL,NULL,NULL),(3876,'https://floristeriagheraldin.com/categoria/arreglos-florales/',6014,NULL,'internal',80,6,NULL,NULL,NULL,NULL,NULL),(3877,'https://floristeriagheraldin.com/categoria/arreglos-florales/sembrados/',6014,NULL,'internal',80,27,NULL,NULL,NULL,NULL,NULL),(3878,'https://floristeriagheraldin.com/producto/arreglo-floral-18-rosas/',6014,15727,'internal',80,135,NULL,NULL,NULL,NULL,NULL),(3879,'https://floristeriagheraldin.com/producto/arreglo-floral-18-rosas/',6014,15727,'internal',80,135,NULL,NULL,NULL,NULL,NULL),(3880,'https://floristeriagheraldin.com/producto/arreglo-floral-18-rosas/',6014,15727,'internal',80,135,NULL,NULL,NULL,NULL,NULL),(3881,'https://floristeriagheraldin.com/producto/arreglo-floral-18-rosas/',6014,15727,'internal',80,135,NULL,NULL,NULL,NULL,NULL),(3882,'https://floristeriagheraldin.com/categoria/arreglos-florales/',6014,NULL,'internal',80,6,NULL,NULL,NULL,NULL,NULL),(3883,'https://floristeriagheraldin.com/categoria/arreglos-florales/de-rosas/',6014,NULL,'internal',80,22,NULL,NULL,NULL,NULL,NULL),(3884,'https://floristeriagheraldin.com/producto/ramo-de-rosas-lirios-y-globos/',6014,15711,'internal',80,127,NULL,NULL,NULL,NULL,NULL),(3885,'https://floristeriagheraldin.com/producto/ramo-de-rosas-lirios-y-globos/',6014,15711,'internal',80,127,NULL,NULL,NULL,NULL,NULL),(3886,'https://floristeriagheraldin.com/producto/ramo-de-rosas-lirios-y-globos/',6014,15711,'internal',80,127,NULL,NULL,NULL,NULL,NULL),(3887,'https://floristeriagheraldin.com/producto/ramo-de-rosas-lirios-y-globos/',6014,15711,'internal',80,127,NULL,NULL,NULL,NULL,NULL),(3888,'https://floristeriagheraldin.com/categoria/arreglos-florales/',6014,NULL,'internal',80,6,NULL,NULL,NULL,NULL,NULL),(3889,'https://floristeriagheraldin.com/categoria/arreglos-florales/de-rosas/',6014,NULL,'internal',80,22,NULL,NULL,NULL,NULL,NULL),(3890,'https://floristeriagheraldin.com/producto/ramo-pequeno-surtido/',6014,15753,'internal',80,148,NULL,NULL,NULL,NULL,NULL),(3891,'https://floristeriagheraldin.com/producto/ramo-pequeno-surtido/',6014,15753,'internal',80,148,NULL,NULL,NULL,NULL,NULL),(3892,'https://floristeriagheraldin.com/producto/ramo-pequeno-surtido/',6014,15753,'internal',80,148,NULL,NULL,NULL,NULL,NULL),(3893,'https://floristeriagheraldin.com/producto/ramo-pequeno-surtido/',6014,15753,'internal',80,148,NULL,NULL,NULL,NULL,NULL),(3894,'https://floristeriagheraldin.com/categoria/arreglos-florales/',6014,NULL,'internal',80,6,NULL,NULL,NULL,NULL,NULL),(3895,'https://floristeriagheraldin.com/categoria/arreglos-florales/pequenos/',6014,NULL,'internal',80,32,NULL,NULL,NULL,NULL,NULL),(3896,'https://floristeriagheraldin.com/producto/funebre-pedestal-blanco/',6014,15759,'internal',80,151,NULL,NULL,NULL,NULL,NULL),(3897,'https://floristeriagheraldin.com/producto/funebre-pedestal-blanco/',6014,15759,'internal',80,151,NULL,NULL,NULL,NULL,NULL),(3898,'https://floristeriagheraldin.com/producto/funebre-pedestal-blanco/',6014,15759,'internal',80,151,NULL,NULL,NULL,NULL,NULL),(3899,'https://floristeriagheraldin.com/producto/funebre-pedestal-blanco/',6014,15759,'internal',80,151,NULL,NULL,NULL,NULL,NULL),(3900,'https://floristeriagheraldin.com/categoria/funebres/',6014,NULL,'internal',80,29,NULL,NULL,NULL,NULL,NULL),(3901,'https://floristeriagheraldin.com/categoria/funebres/funebres-pedestal/',6014,NULL,'internal',80,30,NULL,NULL,NULL,NULL,NULL),(3905,'https://floristeriagheraldin.com/categoria/funebres/',6014,NULL,'internal',80,29,NULL,NULL,NULL,NULL,NULL),(3911,'https://floristeriagheraldin.com/categoria/arreglos-florales/',6014,NULL,'internal',80,6,NULL,NULL,NULL,NULL,NULL),(3912,'https://floristeriagheraldin.com/categoria/arreglos-florales/de-rosas/',6014,NULL,'internal',80,22,NULL,NULL,NULL,NULL,NULL),(3917,'https://floristeriagheraldin.com/categoria/arreglos-florales/',6014,NULL,'internal',80,6,NULL,NULL,NULL,NULL,NULL),(3923,'https://floristeriagheraldin.com/categoria/arreglos-florales/',6014,NULL,'internal',80,6,NULL,NULL,NULL,NULL,NULL),(3924,'https://floristeriagheraldin.com/categoria/arreglos-florales/de-rosas/',6014,NULL,'internal',80,22,NULL,NULL,NULL,NULL,NULL),(3929,'https://floristeriagheraldin.com/categoria/bouquet/',6014,NULL,'internal',80,34,NULL,NULL,NULL,NULL,NULL),(3930,'https://floristeriagheraldin.com/categoria/bouquet/bouquet-de-rosas/',6014,NULL,'internal',80,35,NULL,NULL,NULL,NULL,NULL),(3932,'https://floristeriagheraldin.com/producto/ramo-pequeno-surtido/',6014,15753,'internal',80,148,NULL,NULL,NULL,NULL,NULL),(3933,'https://floristeriagheraldin.com/producto/ramo-pequeno-surtido/',6014,15753,'internal',80,148,NULL,NULL,NULL,NULL,NULL),(3934,'https://floristeriagheraldin.com/producto/ramo-pequeno-surtido/',6014,15753,'internal',80,148,NULL,NULL,NULL,NULL,NULL),(3935,'https://floristeriagheraldin.com/categoria/arreglos-florales/',6014,NULL,'internal',80,6,NULL,NULL,NULL,NULL,NULL),(3936,'https://floristeriagheraldin.com/categoria/arreglos-florales/pequenos/',6014,NULL,'internal',80,32,NULL,NULL,NULL,NULL,NULL),(3937,'https://floristeriagheraldin.com/producto/ramo-pequeno-surtido/',6014,15753,'internal',80,148,NULL,NULL,NULL,NULL,NULL),(3940,'https://floristeriagheraldin.com/wp-content/uploads/2021/10/flowers-slider-2-img.png',6014,6024,'image-in',80,NULL,692,604,157946,NULL,NULL),(3941,'https://floristeriagheraldin.com/wp-content/uploads/2021/10/flowers-slider-1-img.png',6014,6032,'image-in',80,NULL,692,604,187068,NULL,NULL),(3942,'https://floristeriagheraldin.com/wp-content/uploads/2021/10/flowers-slider-1-img.png',6014,6032,'image-in',80,NULL,692,604,187068,NULL,NULL),(3943,'https://floristeriagheraldin.com/wp-content/uploads/2021/10/flowers-slider-1-img.png',6014,6032,'image-in',80,NULL,692,604,187068,NULL,NULL),(3944,'https://floristeriagheraldin.com/wp-content/uploads/2023/07/Recurso-1-100.jpg',6014,16935,'image-in',80,NULL,481,487,1016476,NULL,NULL),(3945,'https://floristeriagheraldin.com/wp-content/uploads/2023/07/Mesa-de-trabajo-9-FG-2.jpg',6014,16940,'image-in',80,NULL,230,384,677834,NULL,NULL),(3946,'https://floristeriagheraldin.com/wp-content/uploads/elementor/thumbs/Mesa-de-trabajo-8-FG-q9f5v0nrs5xgxjse8smal7985v9clc80yq1yk2x340.jpg',6014,NULL,'image-in',80,NULL,NULL,NULL,NULL,NULL,NULL),(3947,'https://floristeriagheraldin.com/wp-content/uploads/2023/07/Recurso-2-100.jpg',6014,16937,'image-in',80,NULL,482,284,868344,NULL,NULL),(3948,'https://floristeriagheraldin.com/wp-content/uploads/2023/05/jardin_de_rosas_3_colores.jpg-1956x1956-1-800x800.jpg',6014,16843,'image-in',80,NULL,1956,1956,774503,NULL,NULL),(3949,'https://floristeriagheraldin.com/wp-content/uploads/2023/05/Sembrado_de_rosas_Grado.jpg-800x800.jpeg',6014,NULL,'image-in',80,NULL,NULL,NULL,NULL,NULL,NULL),(3950,'https://floristeriagheraldin.com/wp-content/uploads/2023/05/Ramo_grande_redondo_de_rosas.jpg-2436x2436-1-800x800.jpg',6014,16848,'image-in',80,NULL,2436,2436,880912,NULL,NULL),(3951,'https://floristeriagheraldin.com/wp-content/uploads/2023/05/Sembrado_rosas_y_gerveras.jpg-2916x2916-1-800x800.jpg',6014,16852,'image-in',80,NULL,2560,2560,349638,NULL,NULL),(3952,'https://floristeriagheraldin.com/wp-content/uploads/2023/05/ramo_18_rosas.jpg-3024x3024-1-800x800.jpg',6014,16853,'image-in',80,NULL,2560,2560,369746,NULL,NULL),(3953,'https://floristeriagheraldin.com/wp-content/uploads/2023/05/Ramo_de_rosas_lirios_y_globos-1.jpg-2340x2340-1-1-800x800.jpg',6014,16842,'image-in',80,NULL,2340,2340,847866,NULL,NULL),(3954,'https://floristeriagheraldin.com/wp-content/uploads/2023/05/Ramo_pequeno_surtido.jpg-800x800.jpeg',6014,NULL,'image-in',80,NULL,NULL,NULL,NULL,NULL,NULL),(3955,'https://floristeriagheraldin.com/wp-content/uploads/2023/05/Funebre_pedestal_blanco_002.jpg-2400x2400-1-800x800.jpg',6014,16834,'image-in',80,NULL,2400,2400,827463,NULL,NULL),(3961,'https://floristeriagheraldin.com/wp-content/uploads/2023/05/Ramo_pequeno_surtido.jpg-800x800.jpeg',6014,NULL,'image-in',80,NULL,NULL,NULL,NULL,NULL,NULL),(3970,'https://floristeriagheraldin.com/categoria/sembrados-2/',6014,NULL,'internal',80,38,NULL,NULL,NULL,NULL,NULL),(3972,'https://floristeriagheraldin.com/producto/bouquet-72-rosas-en-yute/',6014,16036,'internal',80,206,NULL,NULL,NULL,NULL,NULL),(3973,'https://floristeriagheraldin.com/producto/bouquet-72-rosas-en-yute/',6014,16036,'internal',80,206,NULL,NULL,NULL,NULL,NULL),(3974,'https://floristeriagheraldin.com/producto/bouquet-72-rosas-en-yute/',6014,16036,'internal',80,206,NULL,NULL,NULL,NULL,NULL),(3975,'https://floristeriagheraldin.com/producto/bouquet-72-rosas-en-yute/',6014,16036,'internal',80,206,NULL,NULL,NULL,NULL,NULL),(3976,'https://floristeriagheraldin.com/producto/bouquet-72-rosas-en-yute/',6014,16036,'internal',80,206,NULL,NULL,NULL,NULL,NULL),(3990,'https://floristeriagheraldin.com/wp-content/uploads/2023/05/Bouquet_72_rosas_en_yute-2454x2454-1-800x800.jpg',6014,16819,'image-in',80,NULL,2454,2454,808542,NULL,NULL),(3991,'https://floristeriagheraldin.com/wp-content/uploads/2023/05/Bouquet_72_rosas_en_yute_2-800x800.jpg',6014,15982,'image-in',80,NULL,1512,1512,172960,NULL,NULL),(3995,'https://floristeriagheraldin.com/producto/sembrado-de-rosas-y-girasoles-en-agrupacion/',6014,16048,'internal',80,212,NULL,NULL,NULL,NULL,NULL),(3996,'https://floristeriagheraldin.com/producto/sembrado-de-rosas-y-girasoles-en-agrupacion/',6014,16048,'internal',80,212,NULL,NULL,NULL,NULL,NULL),(3997,'https://floristeriagheraldin.com/producto/sembrado-de-rosas-y-girasoles-en-agrupacion/',6014,16048,'internal',80,212,NULL,NULL,NULL,NULL,NULL),(3998,'https://floristeriagheraldin.com/producto/sembrado-de-rosas-y-girasoles-en-agrupacion/',6014,16048,'internal',80,212,NULL,NULL,NULL,NULL,NULL),(3999,'https://floristeriagheraldin.com/producto/bouquet-24-rosas-2-globos/',6014,16558,'internal',80,282,NULL,NULL,NULL,NULL,NULL),(4000,'https://floristeriagheraldin.com/producto/bouquet-24-rosas-2-globos/',6014,16558,'internal',80,282,NULL,NULL,NULL,NULL,NULL),(4001,'https://floristeriagheraldin.com/producto/bouquet-24-rosas-2-globos/',6014,16558,'internal',80,282,NULL,NULL,NULL,NULL,NULL),(4002,'https://floristeriagheraldin.com/producto/bouquet-24-rosas-2-globos/',6014,16558,'internal',80,282,NULL,NULL,NULL,NULL,NULL),(4003,'https://floristeriagheraldin.com/categoria/bouquet/de-rosas-bouquet/',6014,NULL,'internal',80,37,NULL,NULL,NULL,NULL,NULL),(4004,'https://floristeriagheraldin.com/producto/bouquet-24-rosas-2-globos/',6014,16558,'internal',80,282,NULL,NULL,NULL,NULL,NULL),(4005,'https://floristeriagheraldin.com/producto/bouquet-36-rosas/',6014,16412,'internal',80,243,NULL,NULL,NULL,NULL,NULL),(4006,'https://floristeriagheraldin.com/producto/bouquet-36-rosas/',6014,16412,'internal',80,243,NULL,NULL,NULL,NULL,NULL),(4007,'https://floristeriagheraldin.com/producto/bouquet-36-rosas/',6014,16412,'internal',80,243,NULL,NULL,NULL,NULL,NULL),(4008,'https://floristeriagheraldin.com/producto/bouquet-36-rosas/',6014,16412,'internal',80,243,NULL,NULL,NULL,NULL,NULL),(4009,'https://floristeriagheraldin.com/producto/funebre-pedestal-amarillo/',6014,15745,'internal',80,144,NULL,NULL,NULL,NULL,NULL),(4010,'https://floristeriagheraldin.com/producto/funebre-pedestal-amarillo/',6014,15745,'internal',80,144,NULL,NULL,NULL,NULL,NULL),(4011,'https://floristeriagheraldin.com/producto/funebre-pedestal-amarillo/',6014,15745,'internal',80,144,NULL,NULL,NULL,NULL,NULL),(4012,'https://floristeriagheraldin.com/producto/funebre-pedestal-amarillo/',6014,15745,'internal',80,144,NULL,NULL,NULL,NULL,NULL),(4013,'https://pinterest.com/pin/create/button/?url=https://floristeriagheraldin.com/flor-de-lis-cual-es-su-significado/&media=https://floristeriagheraldin.com/wp-content/uploads/2023/07/flor-lis-600x300-1.jpg&description=Flor+de+lis%3A+%C2%BFcu%C3%A1l+es+su+sig',6014,NULL,'external',80,NULL,NULL,NULL,NULL,NULL,NULL),(4014,'https://pinterest.com/pin/create/button/?url=https://floristeriagheraldin.com/ramos-de-flores-para-cumpleanos/&media=https://floristeriagheraldin.com/wp-content/uploads/2023/07/image0-4-2740x1370-1-scaled.jpg&description=Ramos+de+flores+para+cumplea%C3%B1',6014,NULL,'external',80,NULL,NULL,NULL,NULL,NULL,NULL),(4015,'https://floristeriagheraldin.com/wp-content/uploads/2023/05/Sembrado_12_rosas_3_girasoles-2644x2644-1-800x800.jpg',6014,16807,'image-in',80,NULL,2560,2560,528558,NULL,NULL),(4016,'https://floristeriagheraldin.com/wp-content/uploads/2023/07/Bouquet_24_rosas_2_globos-800x800.jpg',6014,16517,'image-in',80,NULL,1512,1512,608791,NULL,NULL),(4017,'https://floristeriagheraldin.com/wp-content/uploads/2023/07/Bouquet_24_rosas_2_globos_2-800x800.jpg',6014,16518,'image-in',80,NULL,1512,1512,558749,NULL,NULL),(4018,'https://floristeriagheraldin.com/wp-content/uploads/2023/06/Bouquet_36_rosas-800x800.jpeg',6014,NULL,'image-in',80,NULL,NULL,NULL,NULL,NULL,NULL),(4019,'https://floristeriagheraldin.com/wp-content/uploads/2023/05/Funebre_pedestal_amarillo.jpg-3024x3024-1-800x800.jpg',6014,16858,'image-in',80,NULL,2560,2560,430733,NULL,NULL);

--
-- Dumping events for database 'wp_mphjn'
--

--
-- Dumping routines for database 'wp_mphjn'
--


